{"id":1340,"date":"2015-06-20T15:31:18","date_gmt":"2015-06-20T13:31:18","guid":{"rendered":"http:\/\/kruste.selfhost.me\/wordpress\/?page_id=1340"},"modified":"2016-06-13T08:09:08","modified_gmt":"2016-06-13T06:09:08","slug":"the-sunset-region-christmas-island","status":"publish","type":"page","link":"http:\/\/kruste.selfhost.me\/wordpress\/?page_id=1340","title":{"rendered":"The Sunset ( Region Christmas Island )"},"content":{"rendered":"<div id=\"pl-1340\"  class=\"panel-layout\" ><div id=\"pg-1340-0\"  class=\"panel-grid panel-no-style\" ><div id=\"pgc-1340-0-0\"  class=\"panel-grid-cell\" ><div id=\"panel-1340-0-0-0\" class=\"so-panel widget widget_black-studio-tinymce widget_black_studio_tinymce panel-first-child panel-last-child\" data-index=\"0\" ><div class=\"textwidget\"><div class=\"style_SkipStroke_2 shape-with-text flowDefining\">\n<div class=\"text-content style_External_485_494\">\n<div class=\"style\">\u00a0<\/div>\n<div class=\"style\">\n<div class=\"style\">Das \"The Sunset\" lieg im einzigen Ort von Christmas Island dem\u00a0Flying Fish Cove. Zu unserer Zeit gab es auf Christmas Island auch nicht wirklich eine Alternative, da das Hotel \" Casino \"\u00a0nicht gebucht werden konnte. Es war aber auch nicht notwendig eine andere Bleibe zu suchen, da es uns hier sehr gut gefallen hat.<\/div>\n<\/div>\n<div class=\"style\">\u00a0<\/div>\n<div class=\"style\">Der morgendliche Blick vom Fr\u00fchst\u00fcckstisch auf den Ozean hat schon was gehabt und mit Gl\u00fcck gab es auch eine Schule vorbeiziehender Delfine zu bewundern. Wir haben uns recht oft auf der kleinen Terrasse aufgehalten und so\u00a0die Stimmung beim Sonnenuntergang genossen.<\/div>\n<div class=\"style\">\u00a0<\/div>\n<div class=\"style\">Die Lage des Hotels ist f\u00fcr Christmas Island sehr zentral. Ein kleiner Shop ist in der N\u00e4he und wenn man keine Lust zum Kochen hat, bringt der China Lieferservice auch mal etwas vor die T\u00fcr. Weiter befindet sich die Tauchschule in Sichtweite und der Hafen ( wo das Boot t\u00e4glich zu Wasser gelassen werden muss ) ist um die Ecke. Alles sehr praktisch, sauber und auch recht bequem.<\/div>\n<div class=\"style\">\u00a0<\/div>\n<div class=\"style\">Sollten wir wieder nach Christmas Island reisen, w\u00fcrde ich diese Unterkunft erneut buchen. Mit Blick auf die gro\u00dfe Krabbenwanderung und die damit verbundene Anwesenheit der Walhaie nicht sehr unwahrscheinlich.<\/div>\n<\/div>\n<\/div>\n<\/div><\/div><\/div><div id=\"pgc-1340-0-1\"  class=\"panel-grid-cell\" ><div id=\"panel-1340-0-1-0\" class=\"so-panel widget widget_black-studio-tinymce widget_black_studio_tinymce panel-first-child panel-last-child\" data-index=\"1\" ><div class=\"textwidget\"><p><a href=\"http:\/\/kruste.selfhost.me\/wordpress\/wp-content\/uploads\/2015\/06\/christmas_01_009-e1434802497748.jpg\"><img loading=\"lazy\" decoding=\"async\" class=\"alignnone size-large wp-image-1341\" src=\"http:\/\/kruste.selfhost.me\/wordpress\/wp-content\/uploads\/2015\/06\/christmas_01_009-e1434802497748-1024x648.jpg\" alt=\"christmas_01_009\" width=\"660\" height=\"418\" \/><\/a><\/p>\n<\/div><\/div><\/div><\/div><div id=\"pg-1340-1\"  class=\"panel-grid panel-no-style\" ><div id=\"pgc-1340-1-0\"  class=\"panel-grid-cell\" ><div id=\"panel-1340-1-0-0\" class=\"so-panel widget widget_black-studio-tinymce widget_black_studio_tinymce panel-first-child\" data-index=\"2\" ><h3 class=\"widget-title\">Preise:<\/h3><div class=\"textwidget\"><hr \/>\n<ul>\n<li>Das Zimmer liegt bei 160 australischen Dollar. Es gibt drei unterschiedliche Kategorien, die sich aber kaum im Preis unterscheiden.<br \/> Standard, Ocean View und Superior.<\/li>\n<\/ul>\n<\/div><\/div><div id=\"panel-1340-1-0-1\" class=\"so-panel widget widget_black-studio-tinymce widget_black_studio_tinymce\" data-index=\"3\" ><div class=\"textwidget\"><p><a href=\"http:\/\/kruste.selfhost.me\/wordpress\/wp-content\/uploads\/2015\/06\/christmas_01_008-e1434803457780.jpg\"><img loading=\"lazy\" decoding=\"async\" class=\"  wp-image-1342 aligncenter\" src=\"http:\/\/kruste.selfhost.me\/wordpress\/wp-content\/uploads\/2015\/06\/christmas_01_008-e1434803457780-844x1024.jpg\" alt=\"christmas_01_008\" width=\"447\" height=\"541\" \/><\/a><\/p>\n<\/div><\/div><div id=\"panel-1340-1-0-2\" class=\"so-panel widget widget_black-studio-tinymce widget_black_studio_tinymce\" data-index=\"4\" ><h3 class=\"widget-title\">Anreise:<\/h3><div class=\"textwidget\"><hr \/>\n<p>Dank Rail &amp; Fly von Emirates mit dem Zug von Hannover nach Frankfurt. Weiter mit dem Flugzeug von Frankfurt \u00fcber Dubai und Perth nach Christmas Island.<\/p>\n<p>Was f\u00fcr eine lange Anreise. Zum Gl\u00fcck machten wir einen Stopp mit \u00dcbernachtung in Perth.<\/p>\n<p>\u00a0<\/p>\n<\/div><\/div><div id=\"panel-1340-1-0-3\" class=\"so-panel widget widget_black-studio-tinymce widget_black_studio_tinymce\" data-index=\"5\" ><h3 class=\"widget-title\">Meine Reisezeiten:<\/h3><div class=\"textwidget\"><hr \/>\n<ul>\n<li>Oktober 2003<\/li>\n<\/ul>\n<p class=\"paragraph_style\">\u00a0<\/p>\n<\/div><\/div><div id=\"panel-1340-1-0-4\" class=\"so-panel widget widget_black-studio-tinymce widget_black_studio_tinymce\" data-index=\"6\" ><h3 class=\"widget-title\">Das Wetter:<\/h3><div class=\"textwidget\"><hr \/>\n<p class=\"paragraph_style\">Oktober 2003<\/p>\n<ul>\n<li>Sonnenschein und leichter Wind. Von Zeit zu Zeit auch mal ein kleiner Schauer.<\/li>\n<\/ul>\n<\/div><\/div><div id=\"panel-1340-1-0-5\" class=\"so-panel widget widget_black-studio-tinymce widget_black_studio_tinymce\" data-index=\"7\" ><h3 class=\"widget-title\">Zimmer:<\/h3><div class=\"textwidget\"><hr \/>\n<p>Das Ocean View Zimmer war komfortabel, sauber und mit allem ausgestattet, was man so ben\u00f6tigt. Es gab eine Klimaanlage, K\u00fchlschrank und einen Wasserkocher. Auf jeden Fall w\u00fcrde ich wieder ein Zimmer mit Blick auf die Steilklippe und das Meer buchen auch wenn die gro\u00dfen Maschinen des Phopshatabbau\u00a0den Blick etwas st\u00f6ren.<\/p>\n<p style=\"color: #919191;\">\u00a0<\/p>\n<\/div><\/div><div id=\"panel-1340-1-0-6\" class=\"so-panel widget widget_black-studio-tinymce widget_black_studio_tinymce\" data-index=\"8\" ><div class=\"textwidget\"><p><a href=\"http:\/\/kruste.selfhost.me\/wordpress\/wp-content\/uploads\/2015\/06\/christmas_01_004-e1434805306234.jpg\"><img loading=\"lazy\" decoding=\"async\" class=\" size-large wp-image-1343 aligncenter\" src=\"http:\/\/kruste.selfhost.me\/wordpress\/wp-content\/uploads\/2015\/06\/christmas_01_004-e1434805306234-1024x627.jpg\" alt=\"christmas_01_004\" width=\"660\" height=\"404\" \/><\/a><\/p>\n<\/div><\/div><div id=\"panel-1340-1-0-7\" class=\"so-panel widget widget_black-studio-tinymce widget_black_studio_tinymce\" data-index=\"9\" ><h3 class=\"widget-title\">K\u00fcche \/ Restaurant:<\/h3><div class=\"textwidget\"><hr \/>\n<p>Leider gibt es das Sunset nur als \"Selbstverpflegung\" zu buchen. Die Auswahl an Restaurants ist sehr \u00fcberschaubar ( ich glaube es gab doch 2 Kneipen\u00a0) und den China Lieferservice m\u00f6chte man auch nicht t\u00e4glich nutzen. Ein kleiner Grill schaffte Abhilfe und frischer Fisch geht immer.\u00a0<\/p>\n<p>\u00a0<\/p>\n<p>Wichtig. Die \u00d6ffnungszeiten der \"Restaurants\" sind sehr gew\u00f6hnungsbed\u00fcrftig.<\/p>\n<\/div><\/div><div id=\"panel-1340-1-0-8\" class=\"so-panel widget widget_black-studio-tinymce widget_black_studio_tinymce\" data-index=\"10\" ><h3 class=\"widget-title\">Personal:<\/h3><div class=\"textwidget\"><hr \/><p>Man hilft, wo man kann. Alle sind sehr freundlich und bei der Buchung eines Mietwagen wird genauso geholfen, wie bei der Planung von Ausfl\u00fcgen.\u00a0<\/p><\/div><\/div><div id=\"panel-1340-1-0-9\" class=\"so-panel widget widget_black-studio-tinymce widget_black_studio_tinymce\" data-index=\"11\" ><h3 class=\"widget-title\">Aktivit\u00e4ten:<\/h3><div class=\"textwidget\"><hr \/>\n<p>Unser Hautaugenmerk lag beim Tauchen und viele weitere M\u00f6glichkeiten gab es auch nicht. ( Von ein paar Ausfl\u00fcge\u00a0mit dem Mietwagen einmal abgesehen ). Sicher h\u00e4tte man noch weitere Touren\u00a0wie Angeltouren oder Delfinbeobachtungen unternehmen k\u00f6nnen, aber dies hatten wir durch die sehr gute Betreuung von Marcus bereits beim Tauchen inklusive.<\/p>\n<p>\u00a0<\/p>\n<\/div><\/div><div id=\"panel-1340-1-0-10\" class=\"so-panel widget widget_black-studio-tinymce widget_black_studio_tinymce panel-last-child\" data-index=\"12\" ><h3 class=\"widget-title\">Tipps:<\/h3><div class=\"textwidget\"><hr \/>\n<ul>\n<li>Tauchen im 23\u00b0C - 25\u00b0C kaltem Wasser ( Marcus ist leider nicht mehr vor Ort )<\/li>\n<li>Ausfl\u00fcge mit dem Mietwagen<\/li>\n<li>Freiluftkino im Ort<\/li>\n<\/ul>\n<\/div><\/div><\/div><\/div><div id=\"pg-1340-2\"  class=\"panel-grid panel-no-style\" ><div id=\"pgc-1340-2-0\"  class=\"panel-grid-cell\" ><div id=\"panel-1340-2-0-0\" class=\"so-panel widget widget_black-studio-tinymce widget_black_studio_tinymce panel-first-child\" data-index=\"13\" ><h3 class=\"widget-title\">Sicherheit:<\/h3><div class=\"textwidget\"><hr \/>\n<p class=\"paragraph_style\">Kriminalit\u00e4t\u00a0spielt hier keine Rolle. Wir f\u00fchlten uns sehr sicher. Wo sollte ein Dieb auch mit den Sachen hin ? Es gibt nur zwei Fl\u00fcge die Woche, die die Insel verlassen.\u00a0<\/p>\n<\/div><\/div><div id=\"panel-1340-2-0-1\" class=\"so-panel widget widget_black-studio-tinymce widget_black_studio_tinymce\" data-index=\"14\" ><h3 class=\"widget-title\">Klartext:<\/h3><div class=\"textwidget\"><hr \/>\n<p>Christmas Island ist kein Urlaubsparadies im eigentlichen Sinn. Die Insel ist gepr\u00e4gt durch den Abbau von Phosphat. Es\u00a0ist staubig und die gro\u00dfen Maschinen, die beim Abbau ben\u00f6tigt werden, pr\u00e4gen das Inselbild sehr stark. Das ist aber nur der erste Blick und man sollte sich etwas mehr Zeit nehmen. Der Tauchgang im Hafenbecken oder die schroffe Steilk\u00fcste bieten auf den zweiten Blick doch einiges. Die Infrastruktur der Insel ist ausreichend aber wer ein Nachtleben , gute Restaurants oder sogar einen Platz zum Shopping sucht, ist hier v\u00f6llig am falschen Ort. Unser Aufenthalt wurde durch Marcus ( den Besitzer der Tauchschule ) zu einem wirklichen Highlight.<\/p>\n<p>Exclusive Tauchg\u00e4nge, Schnorchelg\u00e4nge mit Delfinen oder einfach nur die Naturverbundenheit \u00a0waren unsere Erlebnisse mit Marcus. Wie das Resultat\u00a0ohne diese pers\u00f6nlichen Erfahrungen ausfallen w\u00fcrde kann ich nur vermuten.<\/p>\n<p>Hier noch das Bild eines Marineschiff, welches vor der K\u00fcste nach Fl\u00fcchtlingen Ausschau h\u00e4lt.<br \/>Ein anderes Kapitel der Christmas und Cocos Inseln.<\/p>\n<\/div><\/div><div id=\"panel-1340-2-0-2\" class=\"so-panel widget widget_black-studio-tinymce widget_black_studio_tinymce panel-last-child\" data-index=\"15\" ><div class=\"textwidget\"><p style=\"text-align: center;\"><a href=\"http:\/\/kruste.selfhost.me\/wordpress\/wp-content\/uploads\/2015\/06\/christmas_01_003-e1434806920131.jpg\"><img loading=\"lazy\" decoding=\"async\" class=\"aligncenter wp-image-1347 size-large\" src=\"http:\/\/kruste.selfhost.me\/wordpress\/wp-content\/uploads\/2015\/06\/christmas_01_003-e1434806920131-1024x548.jpg\" alt=\"christmas_01_003\" width=\"660\" height=\"353\" \/><\/a><\/p>\n<\/div><\/div><\/div><\/div><\/div>","protected":false},"excerpt":{"rendered":"<p>\u00a0Das &#8222;The Sunset&#8220; lieg im einzigen Ort von Christmas Island dem\u00a0Flying Fish Cove. Zu unserer Zeit gab es auf Christmas Island auch nicht wirklich eine<\/p>\n","protected":false},"author":1,"featured_media":0,"parent":1325,"menu_order":0,"comment_status":"closed","ping_status":"closed","template":"","meta":{"footnotes":""},"class_list":["post-1340","page","type-page","status-publish","hentry"],"_links":{"self":[{"href":"http:\/\/kruste.selfhost.me\/wordpress\/index.php?rest_route=\/wp\/v2\/pages\/1340","targetHints":{"allow":["GET"]}}],"collection":[{"href":"http:\/\/kruste.selfhost.me\/wordpress\/index.php?rest_route=\/wp\/v2\/pages"}],"about":[{"href":"http:\/\/kruste.selfhost.me\/wordpress\/index.php?rest_route=\/wp\/v2\/types\/page"}],"author":[{"embeddable":true,"href":"http:\/\/kruste.selfhost.me\/wordpress\/index.php?rest_route=\/wp\/v2\/users\/1"}],"replies":[{"embeddable":true,"href":"http:\/\/kruste.selfhost.me\/wordpress\/index.php?rest_route=%2Fwp%2Fv2%2Fcomments&post=1340"}],"version-history":[{"count":2,"href":"http:\/\/kruste.selfhost.me\/wordpress\/index.php?rest_route=\/wp\/v2\/pages\/1340\/revisions"}],"predecessor-version":[{"id":2284,"href":"http:\/\/kruste.selfhost.me\/wordpress\/index.php?rest_route=\/wp\/v2\/pages\/1340\/revisions\/2284"}],"up":[{"embeddable":true,"href":"http:\/\/kruste.selfhost.me\/wordpress\/index.php?rest_route=\/wp\/v2\/pages\/1325"}],"wp:attachment":[{"href":"http:\/\/kruste.selfhost.me\/wordpress\/index.php?rest_route=%2Fwp%2Fv2%2Fmedia&parent=1340"}],"curies":[{"name":"wp","href":"https:\/\/api.w.org\/{rel}","templated":true}]}}