{"id":1577,"date":"2015-09-06T11:11:26","date_gmt":"2015-09-06T09:11:26","guid":{"rendered":"http:\/\/kruste.selfhost.me\/wordpress\/?page_id=1577"},"modified":"2016-08-02T10:56:27","modified_gmt":"2016-08-02T08:56:27","slug":"villa-manare-region-sulawesi","status":"publish","type":"page","link":"http:\/\/kruste.selfhost.me\/wordpress\/?page_id=1577","title":{"rendered":"Villa Manare  (Region Sulawesi)"},"content":{"rendered":"<div id=\"pl-1577\"  class=\"panel-layout\" ><div id=\"pg-1577-0\"  class=\"panel-grid panel-no-style\" ><div id=\"pgc-1577-0-0\"  class=\"panel-grid-cell\" ><div id=\"panel-1577-0-0-0\" class=\"so-panel widget widget_black-studio-tinymce widget_black_studio_tinymce panel-first-child panel-last-child\" data-index=\"0\" ><div class=\"textwidget\"><div class=\"style_SkipStroke_2 shape-with-text flowDefining\">\n<div class=\"text-content style_External_485_494\">\n<div class=\"style\">\n<p>Eine \"kleine\" exklusive Villa stand uns hier zur Verf\u00fcgung und die Bilder, die wir vorab im Internet gesehen hatten, waren nicht gesch\u00f6nt. 3 Zimmer, 2 B\u00e4der, ein gro\u00dfer Wohnbereich mit offener K\u00fcchen, eine sch\u00f6ne Terrasse und im Zentrum der gro\u00dfe Pool mit dem phantastischen Blick auf das Meer konnten wir eine Woche lang ausgiebig nutzen. Wir hatten uns bei der Buchung viel von der Villa Manare versprochen und wurden nicht entt\u00e4uscht, nein eigentlich war es sogar noch sch\u00f6ner als gedacht.<\/p>\n<p>Das Prinzip der Eigent\u00fcmer ist Exklusivit\u00e4t ( die Villa wird nicht an mehrere Personen gleichzeitig vermietet ) und Service ( es stehen 2 K\u00fcchenhilfen, 1 Koch, 1 G\u00e4rtner zur Verf\u00fcgung ). Nach unserem Aufenthalt im Pulisan Jungle Beach Resort ein krasser Unterschied aber wir haben uns \u00fcber die hei\u00dfe Dusche und den frischen Bohnenkaffee sehr gefreut \ud83d\ude42<\/p>\n<p>Die kleine Villa Manare liegt circa eine Fahrstunde von Manado entfernt und bis zur n\u00e4chsten kleineren Stadt Tanahwangko sind es doch fast 5 Kilometer.\u00a0Wir waren \u00fcber die Lage sehr erfreut, denn was wir bei der Anfahrt von Manado aus gesehen hatte entsprach nicht unserer Vorstellung. Die meisten Unterk\u00fcnfte lagen an der viel befahrenen Hauptstrasse und wer schon einmal in dieser Region war, kann sich vorstellen wie laut das werden kann. Auch die Villa Manare liegt direkt an einer\u00a0Stra\u00dfe und nach der himmlischen Ruhe unserer letzten Unterkunft st\u00f6rte mich das Gehupe schon ein wenig, aber ich gew\u00f6hnte mich daran und der Blick aus dem Pool auf das Meer entsch\u00e4digt f\u00fcr alles.<\/p>\n<p>An diesem sch\u00f6nen Platz kann man sich einfach sehr gut erholen !<\/p>\n<p>Gebucht hatten wir die Villa mit Fr\u00fchst\u00fcck und Abendessen, welches durch Opa ( der die Funktion des Koch, Verwalter und Fahrer\u00a0einnahm ) und den\u00a0beiden \"K\u00fcchenhilfe\" t\u00e4glich frisch zubereitet wurde. Leider\u00a0war das Essen so lecker, dass wir auch das Angebot des t\u00e4glichen Lunch nutzen, was sicher noch f\u00fcr ein paar Pfunde zus\u00e4tzlich auf den H\u00fcften brachte\u00a0aber das war es Wert. Es passte alles und wir konnten hier richtig die Seele baumeln lassen, es war Urlaub. Chillen war angesagt und wer doch etwas Sport treiben mochte, konnte die gef\u00fchlten 100 Stufen zum eigenen Strand hinab steigen und eine Runde im Meer schnorcheln. Korallen und Fische gab es reichlich zu sehen obwohl uns das ein wenig\u00a0wunderte. Was die Einheimischen bei Ebbe alles aus dem Riff holen war schon erschreckend und lange kann das so nicht mehr funktionieren.<\/p>\n<p>Wer mehr \u00fcber die Region und die Menschen hier erfahren m\u00f6chte, kann mit Opa ein paar Stunden \u00fcber die Insel fahren und sich die Sehensw\u00fcrdigkeiten Nord Sulawesi ansehen. Leider beschr\u00e4nkt sich dies auch wirklich auf \"ansehen\" da wir auch hier mit der englischen Sprache nicht weit gekommen sind.<\/p>\n<\/div>\n<p>\u00a0<\/p>\n<\/div>\n<\/div>\n<\/div><\/div><\/div><div id=\"pgc-1577-0-1\"  class=\"panel-grid-cell\" ><div id=\"panel-1577-0-1-0\" class=\"so-panel widget widget_black-studio-tinymce widget_black_studio_tinymce panel-first-child panel-last-child\" data-index=\"1\" ><div class=\"textwidget\"><p><a href=\"http:\/\/kruste.selfhost.me\/wordpress\/wp-content\/uploads\/2015\/09\/SAF_5595_1.jpg\"><img loading=\"lazy\" decoding=\"async\" class=\"alignnone size-full wp-image-1580\" src=\"http:\/\/kruste.selfhost.me\/wordpress\/wp-content\/uploads\/2015\/09\/SAF_5595_1.jpg\" alt=\"SAF_5595_1\" width=\"995\" height=\"1003\" srcset=\"http:\/\/kruste.selfhost.me\/wordpress\/wp-content\/uploads\/2015\/09\/SAF_5595_1.jpg 995w, http:\/\/kruste.selfhost.me\/wordpress\/wp-content\/uploads\/2015\/09\/SAF_5595_1-150x150.jpg 150w, http:\/\/kruste.selfhost.me\/wordpress\/wp-content\/uploads\/2015\/09\/SAF_5595_1-298x300.jpg 298w, http:\/\/kruste.selfhost.me\/wordpress\/wp-content\/uploads\/2015\/09\/SAF_5595_1-700x706.jpg 700w\" sizes=\"auto, (max-width: 995px) 100vw, 995px\" \/><\/a><\/p>\n<\/div><\/div><\/div><\/div><div id=\"pg-1577-1\"  class=\"panel-grid panel-no-style\" ><div id=\"pgc-1577-1-0\"  class=\"panel-grid-cell\" ><div id=\"panel-1577-1-0-0\" class=\"so-panel widget widget_black-studio-tinymce widget_black_studio_tinymce panel-first-child\" data-index=\"2\" ><h3 class=\"widget-title\">Preise:<\/h3><div class=\"textwidget\"><hr \/>\n<ul>\n<li>1 \u00dcbernachtung\u00a0f\u00fcr drei Personen 170 \u20ac inklusive Fr\u00fchst\u00fcck und Abendessen<\/li>\n<li>Bier gro\u00df 30.000 IDR. <\/li>\n<li>Softdrinks \u00a010.000 IDR<\/li>\n<li>Whisky 40.000 IDR<\/li>\n<li>Tagesausflug mit Fahrer ( inklusive Benzin ) 700.000 IDR\u00a0<\/li>\n<li>W\u00e4scheservice 15.000 IDR pro Kilo<\/li>\n<li>Guinness 30.000 IDR<\/li>\n<li>Lunch 100.000 IDR<\/li>\n<li>Sonnenaufgang vom\u00a0Pool aus bewundern - unbezahlbar<\/li>\n<\/ul>\n<\/div><\/div><div id=\"panel-1577-1-0-1\" class=\"so-panel widget widget_black-studio-tinymce widget_black_studio_tinymce\" data-index=\"3\" ><h3 class=\"widget-title\">Kommunikation:<\/h3><div class=\"textwidget\"><div id=\"id4\" class=\"style_SkipStroke_4 shape-with-text\">\n<div class=\"text-content graphic_textbox_layout_style_default_External_138_130\">\n<div class=\"graphic_textbox_layout_style_default\">\n<hr \/>\n<p>Der Zugang zum Internet ist stabil und kostenfrei. Die Gespr\u00e4che mit Opa und den Angestellten sind lustig und lehrreich, Englisch - Fehlanzeige \u00a0<\/p>\n<\/div>\n<\/div>\n<\/div>\n<\/div><\/div><div id=\"panel-1577-1-0-2\" class=\"so-panel widget widget_black-studio-tinymce widget_black_studio_tinymce\" data-index=\"4\" ><div class=\"textwidget\"><p><img loading=\"lazy\" decoding=\"async\" class=\"size-full wp-image-1556 aligncenter\" src=\"http:\/\/kruste.selfhost.me\/wordpress\/wp-content\/uploads\/2015\/08\/SAF_7029-e1465884178243.jpg\" alt=\"SAF_7029\" width=\"900\" height=\"367\" \/><\/p>\n<\/div><\/div><div id=\"panel-1577-1-0-3\" class=\"so-panel widget widget_black-studio-tinymce widget_black_studio_tinymce\" data-index=\"5\" ><h3 class=\"widget-title\">Anreise:<\/h3><div class=\"textwidget\"><hr \/>\n<p>Der Transfer vom und zum Flughafen ist im \"Zimmer\"-Preis enthalten. Nach R\u00fccksprache wurden wir vom Pulisan Jungle Beach Resort abgeholt. \u00dcberp\u00fcnktlich und f\u00fcr einen Aufpreis von 300.000 IDR f\u00fcr circa 2 Stunden Fahrzeit mehr als fair.<\/p>\n<\/div><\/div><div id=\"panel-1577-1-0-4\" class=\"so-panel widget widget_black-studio-tinymce widget_black_studio_tinymce\" data-index=\"6\" ><h3 class=\"widget-title\">Meine Reisezeiten:<\/h3><div class=\"textwidget\"><hr \/>\n<ul>\n<li>August 2015<\/li>\n<\/ul>\n<\/div><\/div><div id=\"panel-1577-1-0-5\" class=\"so-panel widget widget_black-studio-tinymce widget_black_studio_tinymce\" data-index=\"7\" ><h3 class=\"widget-title\">Das Wetter:<\/h3><div class=\"textwidget\"><hr \/>\n<p class=\"paragraph_style\">August\u00a02015<\/p>\n<ul>\n<li>\n<p>Jeder Tag begann mit einem Sonnenaufgang aus dem Bilderbuch und so verabschiedetet sich Sonne auch am Tagesende. Zwischen durch gab es viel Sonne und Temperaturen um die 30\u00b0C. Am Ende unseres Aufenthalts zogen gegen 16:00 Uhr immer ein paar Regenwolken auf und es gab vereinzelt mal einen Schauer. Nach 30 Minuten war dieser aber wieder vorbei.<\/p>\n<\/li>\n<\/ul>\n<p>\u00a0<\/p>\n<\/div><\/div><div id=\"panel-1577-1-0-6\" class=\"so-panel widget widget_black-studio-tinymce widget_black_studio_tinymce\" data-index=\"8\" ><h3 class=\"widget-title\">Zimmer:<\/h3><div class=\"textwidget\"><hr \/>\n<p>Es stehen drei Zimmer zur Auswahl wobei ein Zimmer ein eigenes Bad mit Blick auf's Meer hat. Da f\u00e4llt die Wahl nicht schwer f\u00fcr welches Zimmer man sich entscheidet \ud83d\ude42<\/p>\n<p>Die Ausstattung der Villa Manare ist sehr gut und nach europ\u00e4ischen Standard. Eine siebtr\u00e4ger Kaffeemaschine, eine Mikrowelle, K\u00fchlschrank, LED TV und und und stehen dem Gast zur Verf\u00fcgung. Uns hat es an nichts gefehlt und die Moskitonetze haben wir nicht gebraucht.<\/p>\n<\/div><\/div><div id=\"panel-1577-1-0-7\" class=\"so-panel widget widget_black-studio-tinymce widget_black_studio_tinymce\" data-index=\"9\" ><div class=\"textwidget\"><p><a href=\"http:\/\/kruste.selfhost.me\/wordpress\/wp-content\/uploads\/2015\/09\/SAF_5929_1.jpg\"><img loading=\"lazy\" decoding=\"async\" class=\"size-full wp-image-1585 aligncenter\" src=\"http:\/\/kruste.selfhost.me\/wordpress\/wp-content\/uploads\/2015\/09\/SAF_5929_1.jpg\" alt=\"SAF_5929_1\" width=\"1566\" height=\"638\" srcset=\"http:\/\/kruste.selfhost.me\/wordpress\/wp-content\/uploads\/2015\/09\/SAF_5929_1.jpg 1566w, http:\/\/kruste.selfhost.me\/wordpress\/wp-content\/uploads\/2015\/09\/SAF_5929_1-150x61.jpg 150w, http:\/\/kruste.selfhost.me\/wordpress\/wp-content\/uploads\/2015\/09\/SAF_5929_1-300x122.jpg 300w, http:\/\/kruste.selfhost.me\/wordpress\/wp-content\/uploads\/2015\/09\/SAF_5929_1-1024x417.jpg 1024w, http:\/\/kruste.selfhost.me\/wordpress\/wp-content\/uploads\/2015\/09\/SAF_5929_1-700x285.jpg 700w\" sizes=\"auto, (max-width: 1566px) 100vw, 1566px\" \/><\/a><\/p>\n<\/div><\/div><div id=\"panel-1577-1-0-8\" class=\"so-panel widget widget_black-studio-tinymce widget_black_studio_tinymce\" data-index=\"10\" ><h3 class=\"widget-title\">K\u00fcche \/ Restaurant:<\/h3><div class=\"textwidget\"><hr \/>\n<p>Opa gibt sich viel M\u00fche bei der Zubereitung der Speisen. Alles ist\u00a0frisch und wird nach Wunsch der G\u00e4ste gekocht. Scharf, s\u00fcss oder sauer ist machbar. Wir hatten unsere Vorliebe f\u00fcr Fisch angek\u00fcndigt und ich konnte sogar mit Opa auf den Markt fahren und den frischen Fang ausw\u00e4hlen.<\/p>\n<p>Zum Fr\u00fchst\u00fcck gab es auf Wunsch Mango, Pfannkuchen oder f\u00fcr den der\u00a0wollte schon die ersten angebratenen Fischfilets, lecker.<\/p>\n<p>Das war so gut, dass wir t\u00e4glich unseren Bedarf zum Lunch anmeldeten. Notwendig war dies sicher nicht aber man konnte es sich nicht entgehen lassen.<\/p>\n<\/div><\/div><div id=\"panel-1577-1-0-9\" class=\"so-panel widget widget_black-studio-tinymce widget_black_studio_tinymce\" data-index=\"11\" ><h3 class=\"widget-title\">Personal:<\/h3><div class=\"textwidget\"><hr \/><p>Opa, die beiden K\u00fcchenfeen, der G\u00e4rtner oder wer auch immer, alle sind sehr freundlich und hilfsbereit. Ob Ausfl\u00fcge gebucht oder einfach nur Tipps abgefragt werden, es ist immer wer da der gerne Unterst\u00fctzt. Da mein Indonesisch nicht das Beste ist kam es nat\u00fcrlich zu einigen Lachern aber wenn es wirklich nicht weiter ging wurde Jemand geholt, der etwas Englisch konnte.<\/p><p>Wir f\u00fchlten uns hier sofort wohl und waren eigentlich bei Freunden zu Gast.<\/p><\/div><\/div><div id=\"panel-1577-1-0-10\" class=\"so-panel widget widget_black-studio-tinymce widget_black_studio_tinymce\" data-index=\"12\" ><h3 class=\"widget-title\">Aktivit\u00e4ten:<\/h3><div class=\"textwidget\"><hr \/>\n<p>Sonnenaufg\u00e4nge, Sonnenunterg\u00e4nge oder einfach nur den Blick vom Pool auf Meer genie\u00dfen.<\/p>\n<p>Ausfl\u00fcge in die Umgebung (\u00a0Tomohon Market,\u00a0Lake Linow, Manado )<\/p>\n<p>Besuch des Nachbarort ( Nicht am Sonntag, da hier schon am Morgen viel gefeiert wird )<\/p>\n<p>Bootsfahrt zum Schnorcheln ( Bunaken )<\/p>\n<\/div><\/div><div id=\"panel-1577-1-0-11\" class=\"so-panel widget widget_black-studio-tinymce widget_black_studio_tinymce\" data-index=\"13\" ><div class=\"textwidget\"><p><a href=\"http:\/\/kruste.selfhost.me\/wordpress\/wp-content\/uploads\/2015\/09\/SAF_5775_1.jpg\"><img loading=\"lazy\" decoding=\"async\" class=\"size-full wp-image-1582 aligncenter\" src=\"http:\/\/kruste.selfhost.me\/wordpress\/wp-content\/uploads\/2015\/09\/SAF_5775_1.jpg\" alt=\"SAF_5775_1\" width=\"1554\" height=\"643\" srcset=\"http:\/\/kruste.selfhost.me\/wordpress\/wp-content\/uploads\/2015\/09\/SAF_5775_1.jpg 1554w, http:\/\/kruste.selfhost.me\/wordpress\/wp-content\/uploads\/2015\/09\/SAF_5775_1-150x62.jpg 150w, http:\/\/kruste.selfhost.me\/wordpress\/wp-content\/uploads\/2015\/09\/SAF_5775_1-300x124.jpg 300w, http:\/\/kruste.selfhost.me\/wordpress\/wp-content\/uploads\/2015\/09\/SAF_5775_1-1024x424.jpg 1024w, http:\/\/kruste.selfhost.me\/wordpress\/wp-content\/uploads\/2015\/09\/SAF_5775_1-700x290.jpg 700w\" sizes=\"auto, (max-width: 1554px) 100vw, 1554px\" \/><\/a><\/p>\n<\/div><\/div><div id=\"panel-1577-1-0-12\" class=\"so-panel widget widget_black-studio-tinymce widget_black_studio_tinymce panel-last-child\" data-index=\"14\" ><h3 class=\"widget-title\">Tipps:<\/h3><div class=\"textwidget\"><hr \/>\n<ul>\n<li>Reisef\u00fchrer und \u00dcbersetzter sollten ins Gep\u00e4ck.<\/li>\n<li>Die Personenwaage bitte nicht im Hinterkopf haben<\/li>\n<li>Lokalen Markt besuchen um Fisch oder Gem\u00fcse zu kaufen<\/li>\n<li>Geldautomaten gibt es in Fahrweite<\/li>\n<\/ul>\n<\/div><\/div><\/div><\/div><div id=\"pg-1577-2\"  class=\"panel-grid panel-no-style\" ><div id=\"pgc-1577-2-0\"  class=\"panel-grid-cell\" ><div id=\"panel-1577-2-0-0\" class=\"so-panel widget widget_black-studio-tinymce widget_black_studio_tinymce panel-first-child\" data-index=\"15\" ><h3 class=\"widget-title\">Klartext:<\/h3><div class=\"textwidget\"><hr \/>\n<ul>\n<li>Der M\u00fcll, der M\u00fcll. Zur Villa geh\u00f6rt ein kleiner privater Strand und ich habe Opa und den G\u00e4rtner oft beim M\u00fcllsammeln gesehen aber gegen die Berge kommt keiner an. Besonders nervig ist es bei gehender Flut, die alles an den Tag bringt, was in Indonesien so ins Meer gelangt. Waren es fr\u00fcher die vielen Badelatschen am Strand sind es heute die Babywindeln. Mir waren die Latschen lieber, die Windeln waren schon ekelig.<\/li>\n<li>Die Himmlische Ruhe fand ich am Anfang nicht, da auch die Villa direkt an einer kleine Stra\u00dfe liegt und in Indonesien bei jeder Gelegenheit gehupt wird. Das kleine Schlagloch vor dem Eingangstor animiert hier sicher noch den einen oder anderen mehr.<\/li>\n<li>Wartungsarbeiten m\u00fcssen sein aber die Handwerker errichteten eine neue Ruhezone am Strand. Unserer Ruhezone am Pool wurde durch Flex und Co etwas gest\u00f6rt.\u00a0<\/li>\n<\/ul>\n<\/div><\/div><div id=\"panel-1577-2-0-1\" class=\"so-panel widget widget_black-studio-tinymce widget_black_studio_tinymce panel-last-child\" data-index=\"16\" ><div class=\"textwidget\"><p style=\"text-align: center;\"><a href=\"http:\/\/kruste.selfhost.me\/wordpress\/wp-content\/uploads\/2015\/09\/SAF_5669_1.jpg\"><img loading=\"lazy\" decoding=\"async\" class=\"alignnone size-full wp-image-1581\" src=\"http:\/\/kruste.selfhost.me\/wordpress\/wp-content\/uploads\/2015\/09\/SAF_5669_1.jpg\" alt=\"SAF_5669_1\" width=\"1520\" height=\"657\" srcset=\"http:\/\/kruste.selfhost.me\/wordpress\/wp-content\/uploads\/2015\/09\/SAF_5669_1.jpg 1520w, http:\/\/kruste.selfhost.me\/wordpress\/wp-content\/uploads\/2015\/09\/SAF_5669_1-150x65.jpg 150w, http:\/\/kruste.selfhost.me\/wordpress\/wp-content\/uploads\/2015\/09\/SAF_5669_1-300x130.jpg 300w, http:\/\/kruste.selfhost.me\/wordpress\/wp-content\/uploads\/2015\/09\/SAF_5669_1-1024x443.jpg 1024w, http:\/\/kruste.selfhost.me\/wordpress\/wp-content\/uploads\/2015\/09\/SAF_5669_1-700x303.jpg 700w\" sizes=\"auto, (max-width: 1520px) 100vw, 1520px\" \/><\/a><\/p>\n<\/div><\/div><\/div><\/div><\/div>","protected":false},"excerpt":{"rendered":"<p>Eine &#8222;kleine&#8220; exklusive Villa stand uns hier zur Verf\u00fcgung und die Bilder, die wir vorab im Internet gesehen hatten, waren nicht gesch\u00f6nt. 3 Zimmer, 2<\/p>\n","protected":false},"author":1,"featured_media":0,"parent":977,"menu_order":0,"comment_status":"closed","ping_status":"closed","template":"","meta":{"footnotes":""},"class_list":["post-1577","page","type-page","status-publish","hentry"],"_links":{"self":[{"href":"http:\/\/kruste.selfhost.me\/wordpress\/index.php?rest_route=\/wp\/v2\/pages\/1577","targetHints":{"allow":["GET"]}}],"collection":[{"href":"http:\/\/kruste.selfhost.me\/wordpress\/index.php?rest_route=\/wp\/v2\/pages"}],"about":[{"href":"http:\/\/kruste.selfhost.me\/wordpress\/index.php?rest_route=\/wp\/v2\/types\/page"}],"author":[{"embeddable":true,"href":"http:\/\/kruste.selfhost.me\/wordpress\/index.php?rest_route=\/wp\/v2\/users\/1"}],"replies":[{"embeddable":true,"href":"http:\/\/kruste.selfhost.me\/wordpress\/index.php?rest_route=%2Fwp%2Fv2%2Fcomments&post=1577"}],"version-history":[{"count":3,"href":"http:\/\/kruste.selfhost.me\/wordpress\/index.php?rest_route=\/wp\/v2\/pages\/1577\/revisions"}],"predecessor-version":[{"id":2321,"href":"http:\/\/kruste.selfhost.me\/wordpress\/index.php?rest_route=\/wp\/v2\/pages\/1577\/revisions\/2321"}],"up":[{"embeddable":true,"href":"http:\/\/kruste.selfhost.me\/wordpress\/index.php?rest_route=\/wp\/v2\/pages\/977"}],"wp:attachment":[{"href":"http:\/\/kruste.selfhost.me\/wordpress\/index.php?rest_route=%2Fwp%2Fv2%2Fmedia&parent=1577"}],"curies":[{"name":"wp","href":"https:\/\/api.w.org\/{rel}","templated":true}]}}