{"id":2101,"date":"2016-04-06T20:37:43","date_gmt":"2016-04-06T18:37:43","guid":{"rendered":"http:\/\/kruste.selfhost.me\/wordpress\/?page_id=2101"},"modified":"2020-08-02T09:47:25","modified_gmt":"2020-08-02T07:47:25","slug":"kieliekrankie-wilderness-camp-upingtonktp","status":"publish","type":"page","link":"http:\/\/kruste.selfhost.me\/wordpress\/?page_id=2101","title":{"rendered":"Kieliekrankie Wilderness Camp (Upington\/KTP)"},"content":{"rendered":"<div id=\"pl-2101\"  class=\"panel-layout\" ><div id=\"pg-2101-0\"  class=\"panel-grid panel-no-style\" ><div id=\"pgc-2101-0-0\"  class=\"panel-grid-cell\" ><div id=\"panel-2101-0-0-0\" class=\"so-panel widget widget_black-studio-tinymce widget_black_studio_tinymce panel-first-child panel-last-child\" data-index=\"0\" ><div class=\"textwidget\"><div>\n<hr \/>\n<\/div>\n<div class=\"style_SkipStroke_2 shape-with-text flowDefining\">Es ist nicht leicht im Kieliekrankie Wilderness Camp ein Bungalow zu bekommen aber das Warten lohnt\u00a0sich. Wir hatten zwar nicht so viele Tiersichtungen in diesem Camp aber hier geht es auch mehr um die Landschaft und den grandiosen Blick in die Ferne. T\u00e4glich rufen tausende von Geckos zum Sonnenuntergang und der n\u00e4chtliche Sternenhimmel ist einfach atemberaubend. Keine Lichtverschmutzung tr\u00fcgt den Genuss beim Blick auf die Milchstra\u00dfe und das Kreuz des S\u00fcdens kann oft bewundert werden.<\/div>\n<div class=\"style_SkipStroke_2 shape-with-text flowDefining\"><\/div>\n<div class=\"style_SkipStroke_2 shape-with-text flowDefining\">Nur 4 Bungalows stehen zur Verf\u00fcgung und durch die gelungene Anordnung hat jeder einen sch\u00f6nen Blick auf das, leider etwas entferne, Wasserloch. Wir hatten Gl\u00fcck und bei unserer Ankunft lagen zwei L\u00f6wen faul\u00a0in der N\u00e4he und so war der erste Abend im KTP wundersch\u00f6n und erlebnisreich.<\/div>\n<div>\n<hr \/>\n<\/div>\n<\/div><\/div><\/div><div id=\"pgc-2101-0-1\"  class=\"panel-grid-cell\" ><div id=\"panel-2101-0-1-0\" class=\"so-panel widget widget_black-studio-tinymce widget_black_studio_tinymce panel-first-child panel-last-child\" data-index=\"1\" ><div class=\"textwidget\"><p><img loading=\"lazy\" decoding=\"async\" class=\"alignnone size-full wp-image-2103\" src=\"http:\/\/kruste.selfhost.me\/wordpress\/wp-content\/uploads\/2016\/04\/SAF_6866.jpg\" alt=\"SAF_6866\" width=\"667\" height=\"1000\" srcset=\"http:\/\/kruste.selfhost.me\/wordpress\/wp-content\/uploads\/2016\/04\/SAF_6866.jpg 667w, http:\/\/kruste.selfhost.me\/wordpress\/wp-content\/uploads\/2016\/04\/SAF_6866-100x150.jpg 100w, http:\/\/kruste.selfhost.me\/wordpress\/wp-content\/uploads\/2016\/04\/SAF_6866-200x300.jpg 200w, http:\/\/kruste.selfhost.me\/wordpress\/wp-content\/uploads\/2016\/04\/SAF_6866-512x768.jpg 512w\" sizes=\"auto, (max-width: 667px) 100vw, 667px\" \/><\/p>\n<\/div><\/div><\/div><\/div><div id=\"pg-2101-1\"  class=\"panel-grid panel-no-style\" ><div id=\"pgc-2101-1-0\"  class=\"panel-grid-cell\" ><div id=\"panel-2101-1-0-0\" class=\"so-panel widget widget_black-studio-tinymce widget_black_studio_tinymce panel-first-child\" data-index=\"2\" ><h3 class=\"widget-title\">Preise:<\/h3><div class=\"textwidget\"><hr \/>\n<ul>\n<li>1510 Rand f\u00fcr 2 Personen<\/li>\n<li>1990 Rand f\u00fcr den Bungalow ab Januar 2020<\/li>\n<\/ul>\n<\/div><\/div><div id=\"panel-2101-1-0-1\" class=\"so-panel widget widget_black-studio-tinymce widget_black_studio_tinymce\" data-index=\"3\" ><h3 class=\"widget-title\">Kommunikation:<\/h3><div class=\"textwidget\"><div id=\"id4\" class=\"style_SkipStroke_4 shape-with-text\">\n<div class=\"text-content graphic_textbox_layout_style_default_External_138_130\">\n<div class=\"graphic_textbox_layout_style_default\">\n<hr \/>\n<p class=\"Caption\">Eine Zone ohne Mobilfunk und Internet.<\/p>\n<\/div>\n<\/div>\n<\/div>\n<\/div><\/div><div id=\"panel-2101-1-0-2\" class=\"so-panel widget widget_text\" data-index=\"4\" >\t\t\t<div class=\"textwidget\"><section class=\"parallax-section\">\n<div class=\"parallax-window\" data-z-index=\"1\" data-position-x=\"left\" data-parallax=\"scroll\" data-speed=\".3\" data-image-src=\"http:\/\/kruste.selfhost.me\/wordpress\/wp-content\/uploads\/2020\/07\/BOT9847.jpg\" style=\"align-items: flex-start;min-height: 550px;\">\n<div class=\"parallax-container parallax-content\">\n<\/div>\n<\/div>\n<\/section>\n<\/div>\n\t\t<\/div><div id=\"panel-2101-1-0-3\" class=\"so-panel widget widget_black-studio-tinymce widget_black_studio_tinymce\" data-index=\"5\" ><h3 class=\"widget-title\">Anreise:<\/h3><div class=\"textwidget\"><hr \/>\n<p><span class=\"style_1\">Die Zufahrt zum Park ist bei Twee Rivieren m\u00f6glich und von diesen Punkten aus ist man nach\u00a050 Kilometern am Ziel. Nicht vergessen den Luftdruck der Reifen zu verringern und den Tank zu bef\u00fcllen bevor es\u00a0auf die Reise zum Kieliekrankie Camp geht.<\/span><\/p>\n<\/div><\/div><div id=\"panel-2101-1-0-4\" class=\"so-panel widget widget_black-studio-tinymce widget_black_studio_tinymce\" data-index=\"6\" ><h3 class=\"widget-title\">Meine Reisezeiten:<\/h3><div class=\"textwidget\"><hr \/>\n<ul>\n<li><span style=\"font-weight: 500; color: #000000;\">Oktober\u00a02015<\/span><\/li>\n<li>Oktober 2019<\/li>\n<\/ul>\n<\/div><\/div><div id=\"panel-2101-1-0-5\" class=\"so-panel widget widget_black-studio-tinymce widget_black_studio_tinymce\" data-index=\"7\" ><h3 class=\"widget-title\">Das Wetter:<\/h3><div class=\"textwidget\"><hr \/>\n<ul>\n<li>Oktober\u00a02015<\/li>\n<\/ul>\n<p style=\"padding-left: 30px;\"><span class=\"style_1\">Die Temperatur lag tags\u00fcber bei 40\u00b0C und auch in der Nacht war es sehr warm. Am Abend gab es Wetterleuchten aber keinen Regen.<\/span><\/p>\n<ul>\n<li>Oktober 2019\n<p>Keine Wolken am Himmel und sehr trocken.<\/p><\/li>\n<\/ul>\n<\/div><\/div><div id=\"panel-2101-1-0-6\" class=\"so-panel widget widget_black-studio-tinymce widget_black_studio_tinymce\" data-index=\"8\" ><h3 class=\"widget-title\">Zimmer:<\/h3><div class=\"textwidget\"><hr \/>\n<p class=\"paragraph_style\">Eine K\u00fcche in der der K\u00fchlschrank mit Strom betrieben wird. Ein gro\u00dfer Raum mit 2 Einzelbetten und einem tollen Blick durch gro\u00dfe Fenster auf die rote Kalahari. Das Bad ist zweckm\u00e4\u00dfig eingerichtet und sauber. Eine sch\u00f6ne Terrasse mit Grill ( den gibt es ja \u00fcberall in S\u00fcdafrika ) macht den Aufenthalt zum Erlebnis.<\/p>\n<p class=\"paragraph_style\">Die Eingangst\u00fcr ist in zwei H\u00e4lften unterteilt\u00a0um Schlangen den Weg in die K\u00fcche zu verwehren. Da uns eindringlich geraten wurde den unteren Teil der T\u00fcr immer geschlossen zu halten, beachteten wir dies auch peinlichst genau.<\/p>\n<p class=\"paragraph_style\">Strom gibt es leider nur per\u00a0Solaranlage und dieser kann nicht f\u00fcr das Laden von Akkus oder zur Nutzung eigener Elektroger\u00e4te verwendet\u00a0werden.<\/p>\n<\/div><\/div><div id=\"panel-2101-1-0-7\" class=\"so-panel widget widget_black-studio-tinymce widget_black_studio_tinymce\" data-index=\"9\" ><div class=\"textwidget\"><p><img loading=\"lazy\" decoding=\"async\" class=\"size-full wp-image-2105 aligncenter\" src=\"http:\/\/kruste.selfhost.me\/wordpress\/wp-content\/uploads\/2016\/04\/SAF_6803.jpg\" alt=\"SAF_6803\" width=\"1400\" height=\"394\" srcset=\"http:\/\/kruste.selfhost.me\/wordpress\/wp-content\/uploads\/2016\/04\/SAF_6803.jpg 1400w, http:\/\/kruste.selfhost.me\/wordpress\/wp-content\/uploads\/2016\/04\/SAF_6803-150x42.jpg 150w, http:\/\/kruste.selfhost.me\/wordpress\/wp-content\/uploads\/2016\/04\/SAF_6803-300x84.jpg 300w, http:\/\/kruste.selfhost.me\/wordpress\/wp-content\/uploads\/2016\/04\/SAF_6803-768x216.jpg 768w, http:\/\/kruste.selfhost.me\/wordpress\/wp-content\/uploads\/2016\/04\/SAF_6803-1024x288.jpg 1024w, http:\/\/kruste.selfhost.me\/wordpress\/wp-content\/uploads\/2016\/04\/SAF_6803-700x197.jpg 700w\" sizes=\"auto, (max-width: 1400px) 100vw, 1400px\" \/><\/p>\n<\/div><\/div><div id=\"panel-2101-1-0-8\" class=\"so-panel widget widget_black-studio-tinymce widget_black_studio_tinymce\" data-index=\"10\" ><h3 class=\"widget-title\">K\u00fcche \/ Restaurant:<\/h3><div class=\"textwidget\"><hr \/>\n<p>Selbstversorgung ist angesagt. Der n\u00e4chste Shop ist 50 km entfernt und auch Feuerholz und Trinkwasser m\u00fcssen mitgebracht werden.<\/p>\n<\/div><\/div><div id=\"panel-2101-1-0-9\" class=\"so-panel widget widget_black-studio-tinymce widget_black_studio_tinymce\" data-index=\"11\" ><h3 class=\"widget-title\">Personal:<\/h3><div class=\"textwidget\"><hr \/><p>Wie in allen Restcamps im Park gibt es Unterst\u00fctzung durch einen Angestellten, der in einem eigenen Bungalow in der N\u00e4he wohnt. Sollte es Probleme geben ( Schlangen, Skorpione, defektes Auto ....) gibt es dort\u00a0Hilfe.<\/p><p>Weiter ist es Pflicht einen \"Reisebeleg\" zu f\u00fchren. Diesen erh\u00e4lt man bei Einfahrt in den Park und er muss t\u00e4glich durch die Angestellten der Camps ausgef\u00fcllt bzw. Einbehalten oder Ausgegeben werden. So ist dokumentiert wohin und wann man im Park unterwegs ist. Bei Problemen eine gute Sache und eventuell sogar Lebenswichtig.<\/p><\/div><\/div><div id=\"panel-2101-1-0-10\" class=\"so-panel widget widget_black-studio-tinymce widget_black_studio_tinymce\" data-index=\"12\" ><h3 class=\"widget-title\">Aktivit\u00e4ten:<\/h3><div class=\"textwidget\"><hr \/>\n<p class=\"Caption\">Die Lage\u00a0ist einmalig und Sonnen Auf \/\u00a0Untergang sind sehr sch\u00f6n. Am Tag f\u00e4hrt man durch den Park und hofft auf tolle Tiersichtungen. Wer einfach nur entspannen m\u00f6chte bleibt im Bungalow und genie\u00dft die abgeschiedene Lage. Ungebetene G\u00e4ste kommen nicht vorbei, da die Stra\u00dfe zum Camp nur f\u00fcr \u00dcbernachtungsg\u00e4ste freigegeben ist.<\/p>\n<\/div><\/div><div id=\"panel-2101-1-0-11\" class=\"so-panel widget widget_black-studio-tinymce widget_black_studio_tinymce panel-last-child\" data-index=\"13\" ><h3 class=\"widget-title\">Tipps:<\/h3><div class=\"textwidget\"><hr \/>\n<ul>\n<li>T\u00fcr zu, sonst sind Kapkobra und Puffotter schnell im Zimmer.<\/li>\n<li>Nicht zu sp\u00e4t auf der Terrasse postieren. Der Sonnenuntergang ist gigantisch.<\/li>\n<li>Vor dem Verlassen des Bungalows kann ein Blick in die Umgebung \u00a0nicht schaden.<br \/>\nL\u00f6wen halten sich hier gerne auf.<\/li>\n<li>Bitte nicht zu viele Tiersichtungen erwarten. Daf\u00fcr sind die anderen Camps besser geeignet.<\/li>\n<li>Bedingt durch die Trockenheit lohnte sich im Oktober 2019 die morgendliche Runde \u00fcber die D\u00fcnenstra\u00dfe zum Kij Kij Wasserloch. Eigentlich ein weiter Weg aber hier gab es gute L\u00f6wen Sichtungen.<\/li>\n<\/ul>\n<\/div><\/div><\/div><\/div><div id=\"pg-2101-2\"  class=\"panel-grid panel-no-style\" ><div id=\"pgc-2101-2-0\"  class=\"panel-grid-cell\" ><div id=\"panel-2101-2-0-0\" class=\"so-panel widget widget_black-studio-tinymce widget_black_studio_tinymce panel-first-child panel-last-child\" data-index=\"14\" ><div class=\"textwidget\"><p><img loading=\"lazy\" decoding=\"async\" class=\"aligncenter size-full wp-image-7504\" src=\"http:\/\/kruste.selfhost.me\/wordpress\/wp-content\/uploads\/2020\/07\/SAF_6821-scaled.jpg\" alt=\"\" width=\"2560\" height=\"1073\" srcset=\"http:\/\/kruste.selfhost.me\/wordpress\/wp-content\/uploads\/2020\/07\/SAF_6821-scaled.jpg 2560w, http:\/\/kruste.selfhost.me\/wordpress\/wp-content\/uploads\/2020\/07\/SAF_6821-300x126.jpg 300w, http:\/\/kruste.selfhost.me\/wordpress\/wp-content\/uploads\/2020\/07\/SAF_6821-1024x429.jpg 1024w, http:\/\/kruste.selfhost.me\/wordpress\/wp-content\/uploads\/2020\/07\/SAF_6821-150x63.jpg 150w, http:\/\/kruste.selfhost.me\/wordpress\/wp-content\/uploads\/2020\/07\/SAF_6821-768x322.jpg 768w, http:\/\/kruste.selfhost.me\/wordpress\/wp-content\/uploads\/2020\/07\/SAF_6821-1536x644.jpg 1536w, http:\/\/kruste.selfhost.me\/wordpress\/wp-content\/uploads\/2020\/07\/SAF_6821-2048x859.jpg 2048w\" sizes=\"auto, (max-width: 2560px) 100vw, 2560px\" \/><\/p>\n<\/div><\/div><\/div><\/div><\/div>","protected":false},"excerpt":{"rendered":"<p>Es ist nicht leicht im Kieliekrankie Wilderness Camp ein Bungalow zu bekommen aber das Warten lohnt\u00a0sich. Wir hatten zwar nicht so viele Tiersichtungen in diesem<\/p>\n","protected":false},"author":1,"featured_media":0,"parent":2073,"menu_order":0,"comment_status":"closed","ping_status":"closed","template":"","meta":{"footnotes":""},"class_list":["post-2101","page","type-page","status-publish","hentry"],"_links":{"self":[{"href":"http:\/\/kruste.selfhost.me\/wordpress\/index.php?rest_route=\/wp\/v2\/pages\/2101","targetHints":{"allow":["GET"]}}],"collection":[{"href":"http:\/\/kruste.selfhost.me\/wordpress\/index.php?rest_route=\/wp\/v2\/pages"}],"about":[{"href":"http:\/\/kruste.selfhost.me\/wordpress\/index.php?rest_route=\/wp\/v2\/types\/page"}],"author":[{"embeddable":true,"href":"http:\/\/kruste.selfhost.me\/wordpress\/index.php?rest_route=\/wp\/v2\/users\/1"}],"replies":[{"embeddable":true,"href":"http:\/\/kruste.selfhost.me\/wordpress\/index.php?rest_route=%2Fwp%2Fv2%2Fcomments&post=2101"}],"version-history":[{"count":2,"href":"http:\/\/kruste.selfhost.me\/wordpress\/index.php?rest_route=\/wp\/v2\/pages\/2101\/revisions"}],"predecessor-version":[{"id":2107,"href":"http:\/\/kruste.selfhost.me\/wordpress\/index.php?rest_route=\/wp\/v2\/pages\/2101\/revisions\/2107"}],"up":[{"embeddable":true,"href":"http:\/\/kruste.selfhost.me\/wordpress\/index.php?rest_route=\/wp\/v2\/pages\/2073"}],"wp:attachment":[{"href":"http:\/\/kruste.selfhost.me\/wordpress\/index.php?rest_route=%2Fwp%2Fv2%2Fmedia&parent=2101"}],"curies":[{"name":"wp","href":"https:\/\/api.w.org\/{rel}","templated":true}]}}