{"id":2125,"date":"2016-04-20T12:32:18","date_gmt":"2016-04-20T10:32:18","guid":{"rendered":"http:\/\/kruste.selfhost.me\/wordpress\/?page_id=2125"},"modified":"2021-03-14T20:15:36","modified_gmt":"2021-03-14T18:15:36","slug":"nossob-rest-camp-upingtonktp","status":"publish","type":"page","link":"http:\/\/kruste.selfhost.me\/wordpress\/?page_id=2125","title":{"rendered":"Nossob Rest Camp (Upington\/KTP)"},"content":{"rendered":"<div id=\"pl-2125\"  class=\"panel-layout\" ><div id=\"pg-2125-0\"  class=\"panel-grid panel-no-style\" ><div id=\"pgc-2125-0-0\"  class=\"panel-grid-cell\" ><div id=\"panel-2125-0-0-0\" class=\"so-panel widget widget_black-studio-tinymce widget_black_studio_tinymce panel-first-child panel-last-child\" data-index=\"0\" ><div class=\"textwidget\"><div>\n<hr \/>\n<\/div>\n<div class=\"style_SkipStroke_2 shape-with-text flowDefining\">Dieses Camp liegt, wie der Name schon sagt, am Nossob River und bietet ein unterschiedliches Landschaftsbild zu den Camps am Auob Fluss. Wer in diese Gegend f\u00e4hrt kommt nicht zuf\u00e4llig hier vorbei. Nossob ist perfekt f\u00fcr einen Stopp auf dem Weg nach Grootkolk oder Gharagab aber auch sonst w\u00fcrde ich hier immer ein paar N\u00e4chte einplanen wenn man den\u00a0KTP bereist. Die Wasserl\u00f6cher in der Umgebung bieten\u00a0viel und L\u00f6wen, Geparden aber auch Braune Hy\u00e4nen habe ich oft gesehen. Leider ist die\u00a0Aussicht der Bungalows nicht so sch\u00f6n wie in\u00a0den\u00a0anderen\u00a0Camps des\u00a0Parks aber das goldene Licht gibt es fast t\u00e4glich am\u00a0hauseigenen Wasserloch zu bewundern.<\/div>\n<div class=\"style_SkipStroke_2 shape-with-text flowDefining\">Im Camp selbst gibt es auch einiges zu entdecken wie z.B. Mangusten, die ihren Nachwuchs aufziehen oder Schakale, welche Schuhe klauen.<\/div>\n<p>&nbsp;<\/p>\n<div class=\"style_SkipStroke_2 shape-with-text flowDefining\"><\/div>\n<div class=\"style_SkipStroke_2 shape-with-text flowDefining\">Ein besonderes Augenmerk verdient der Pool des Camps. Hier macht es richtig Spa\u00df eine Pause einzulegen, was ich vom Schwimmbad in Mata Mata und dem KTC nicht sagen kann.<\/div>\n<div><\/div>\n<div><\/div>\n<div><\/div>\n<div>Da die Aussicht der Bungalows sicher oft ein kleiner Kritikpunkt war, wurden neu Unterkunftsm\u00f6glichkeiten geschaffen. Es k\u00f6nnen jetzt 20 Bungalows mit \"River View\" gebucht werden oder, die f\u00fcr Luxus Camper, neu erstellten 10 premium Campingpl\u00e4tze. Sehr sch\u00f6ne M\u00f6glichkeiten, die jedoch leider auch ein erh\u00f6htes Fahrzeugaufkommen um die Wasserl\u00f6cher mit sich ziehen.<\/div>\n<div>\n<hr \/>\n<\/div>\n<\/div><\/div><\/div><div id=\"pgc-2125-0-1\"  class=\"panel-grid-cell\" ><div id=\"panel-2125-0-1-0\" class=\"so-panel widget widget_black-studio-tinymce widget_black_studio_tinymce panel-first-child panel-last-child\" data-index=\"1\" ><div class=\"textwidget\"><p><img loading=\"lazy\" decoding=\"async\" class=\"size-full wp-image-7543 alignright\" src=\"http:\/\/kruste.selfhost.me\/wordpress\/wp-content\/uploads\/2020\/08\/COS_6499.jpg\" alt=\"\" width=\"1229\" height=\"1628\" srcset=\"http:\/\/kruste.selfhost.me\/wordpress\/wp-content\/uploads\/2020\/08\/COS_6499.jpg 1229w, http:\/\/kruste.selfhost.me\/wordpress\/wp-content\/uploads\/2020\/08\/COS_6499-226x300.jpg 226w, http:\/\/kruste.selfhost.me\/wordpress\/wp-content\/uploads\/2020\/08\/COS_6499-773x1024.jpg 773w, http:\/\/kruste.selfhost.me\/wordpress\/wp-content\/uploads\/2020\/08\/COS_6499-113x150.jpg 113w, http:\/\/kruste.selfhost.me\/wordpress\/wp-content\/uploads\/2020\/08\/COS_6499-768x1017.jpg 768w, http:\/\/kruste.selfhost.me\/wordpress\/wp-content\/uploads\/2020\/08\/COS_6499-580x768.jpg 580w, http:\/\/kruste.selfhost.me\/wordpress\/wp-content\/uploads\/2020\/08\/COS_6499-1160x1536.jpg 1160w\" sizes=\"auto, (max-width: 1229px) 100vw, 1229px\" \/><\/p>\n<\/div><\/div><\/div><\/div><div id=\"pg-2125-1\"  class=\"panel-grid panel-no-style\" ><div id=\"pgc-2125-1-0\"  class=\"panel-grid-cell\" ><div id=\"panel-2125-1-0-0\" class=\"so-panel widget widget_black-studio-tinymce widget_black_studio_tinymce panel-first-child\" data-index=\"2\" ><h3 class=\"widget-title\">Preise:<\/h3><div class=\"textwidget\"><hr \/>\n<ul>\n<li>Chalet\u00a0920 Rand, Family Cottage 1495 Rand\u00a0oder Guest House 1815 Rand.<br \/>\nDie Belegung ist von 2 bis teilweise 6 Personen m\u00f6glich.<\/li>\n<li>Auch in Nossob wurde kr\u00e4ftig an der Preisschraube gedreht und das Chalet kostet im Jahr 2019 gut 1300 Rand und ein Family Cottage 2095 Rand. Bei den Bungalows mit River View geht es bei 2095 Rand los und endet bei knapp 3200 Rand f\u00fcr 4 Personen.<\/li>\n<\/ul>\n<\/div><\/div><div id=\"panel-2125-1-0-1\" class=\"so-panel widget widget_black-studio-tinymce widget_black_studio_tinymce\" data-index=\"3\" ><h3 class=\"widget-title\">Kommunikation:<\/h3><div class=\"textwidget\"><div id=\"id4\" class=\"style_SkipStroke_4 shape-with-text\">\n<div class=\"text-content graphic_textbox_layout_style_default_External_138_130\">\n<div class=\"graphic_textbox_layout_style_default\">\n<hr \/>\n<p class=\"Caption\">Gegen Bezahlung ist der Zugang ins Internet m\u00f6glich. Das war meine Rettung beim Ausbruch der Corona Pandemie und nur so konnte ich an wichtige Informationen der Botschaften kommen.<\/p>\n<\/div>\n<\/div>\n<\/div>\n<\/div><\/div><div id=\"panel-2125-1-0-2\" class=\"so-panel widget widget_text\" data-index=\"4\" >\t\t\t<div class=\"textwidget\"><section class=\"parallax-section\">\n<div class=\"parallax-window\" data-z-index=\"1\" data-position-x=\"left\" data-parallax=\"scroll\" data-speed=\".3\" data-image-src=\"http:\/\/kruste.selfhost.me\/wordpress\/wp-content\/uploads\/2020\/08\/SAF_9443.jpg\" style=\"align-items: flex-start;min-height: 550px;\">\n<div class=\"parallax-container parallax-content\">\n<\/div>\n<\/div>\n<\/section>\n<\/div>\n\t\t<\/div><div id=\"panel-2125-1-0-3\" class=\"so-panel widget widget_black-studio-tinymce widget_black_studio_tinymce\" data-index=\"5\" ><h3 class=\"widget-title\">Anreise:<\/h3><div class=\"textwidget\"><hr \/>\n<p><span class=\"style_1\">Ab\u00a0Twee Rivieren sind es gut 160 Kilometer bis zum Nossob Rest Camp und f\u00fcr den Weg\u00a0ben\u00f6tig man gut 3 Stunden. Da es auf dieser Strecke keine Tankstelle oder Shop gibt, ist es ratsam in Twee Rivieren zu tanken und sich mit Lebensmitteln einzudecken.<\/span><\/p>\n<p>Die Strecke Twee Rivieren - Nossob bietet einiges. Teils gibt es sehr interessante Bereiche mit guten Chancen L\u00f6wen zu sehen aber auch Stellen, an\u00a0denen man ausser Sand nicht viel entdecken kann.\u00a0<\/p>\n<\/div><\/div><div id=\"panel-2125-1-0-4\" class=\"so-panel widget widget_black-studio-tinymce widget_black_studio_tinymce\" data-index=\"6\" ><h3 class=\"widget-title\">Meine Reisezeiten:<\/h3><div class=\"textwidget\"><hr \/>\n<ul>\n<li>Oktober 2015<\/li>\n<li>Januar\u00a02016<\/li>\n<li>Januar 2017<\/li>\n<\/ul>\n<\/div><\/div><div id=\"panel-2125-1-0-5\" class=\"so-panel widget widget_black-studio-tinymce widget_black_studio_tinymce\" data-index=\"7\" ><h3 class=\"widget-title\">Das Wetter:<\/h3><div class=\"textwidget\"><hr \/>\n<ul>\n<li>Oktober\u00a02015<\/li>\n<\/ul>\n<p style=\"padding-left: 30px;\"><span class=\"style_1\">Die Temperatur lag tags\u00fcber bei 40\u00b0C und auch mal dar\u00fcber. Regen gab es keinen jedoch von Zeit zu Zeit mal ein Gewitter ( kein Regen ).\u00a0<\/span><\/p>\n<ul>\n<li>Januar\u00a02016<\/li>\n<\/ul>\n<p style=\"padding-left: 30px;\">Es gab Sonne, Regen und Gewitter. Sch\u00f6ne Wolkenformationen und neue Eindr\u00fccke in der nassen Kalahari\u00a0machten es sehr Interessant.\u00a0<\/p>\n<ul>\n<li>Januar\u00a02017<\/li>\n<\/ul>\n<p style=\"padding-left: 30px;\">Sehr warm und ein Sprung in den Pool war notwendig. Kurz vor der R\u00fcckreise regnete es kr\u00e4ftig und teile der Stra\u00dfe stand unter Wasser. Ein 4x4 Fahrzeug war sehr vorteilhaft.<\/p>\n<\/div><\/div><div id=\"panel-2125-1-0-6\" class=\"so-panel widget widget_black-studio-tinymce widget_black_studio_tinymce\" data-index=\"8\" ><h3 class=\"widget-title\">Zimmer:<\/h3><div class=\"textwidget\"><hr \/>\n<p class=\"paragraph_style\">Die unterschiedlichen \u00dcbernachtungsm\u00f6glichkeiten bieten Platz f\u00fcr bis zu 6 Personen ( Guest House ). Die Zimmer sind alle zweckm\u00e4\u00dfig eingerichtet bieten aber leider keine sch\u00f6ne Aussicht. Ein Bungalow befindet sich fast auf dem kleinen Wendeplatz\u00a0und ich war froh, diesen nicht gebucht zu haben. Ein H\u00f6hepunkt des Camps ist das kleine Wasserloch und der Hide, von dem aus es beobachtet werden kann. L\u00f6wen kamen zum trinken oder Geparden hatten einen Springbock in Sichtweite\u00a0erlegt.<\/p>\n<p>Erw\u00e4hnenswert ist auch der sehr saubere Pool, in dem man es zur Mittagszeit wunderbar aush\u00e4lt.<\/p>\n<p>Seit 2017 sind auch Bungalows mit River View oder premium Campsites zu buchen. Sehr sch\u00f6n, jedoch ist die Gegend um das Camp jetzt sehr gut ausgelastet und teilweise ist es recht voll an den Wasserl\u00f6chern.<\/p>\n<\/div><\/div><div id=\"panel-2125-1-0-7\" class=\"so-panel widget widget_black-studio-tinymce widget_black_studio_tinymce\" data-index=\"9\" ><div class=\"textwidget\"><p><img loading=\"lazy\" decoding=\"async\" class=\"aligncenter size-full wp-image-3036\" src=\"http:\/\/kruste.selfhost.me\/wordpress\/wp-content\/uploads\/2017\/12\/DSC_2731_web.jpg\" alt=\"\" width=\"1200\" height=\"433\" srcset=\"http:\/\/kruste.selfhost.me\/wordpress\/wp-content\/uploads\/2017\/12\/DSC_2731_web.jpg 1200w, http:\/\/kruste.selfhost.me\/wordpress\/wp-content\/uploads\/2017\/12\/DSC_2731_web-150x54.jpg 150w, http:\/\/kruste.selfhost.me\/wordpress\/wp-content\/uploads\/2017\/12\/DSC_2731_web-300x108.jpg 300w, http:\/\/kruste.selfhost.me\/wordpress\/wp-content\/uploads\/2017\/12\/DSC_2731_web-768x277.jpg 768w, http:\/\/kruste.selfhost.me\/wordpress\/wp-content\/uploads\/2017\/12\/DSC_2731_web-1024x369.jpg 1024w, http:\/\/kruste.selfhost.me\/wordpress\/wp-content\/uploads\/2017\/12\/DSC_2731_web-700x253.jpg 700w\" sizes=\"auto, (max-width: 1200px) 100vw, 1200px\" \/><\/p>\n<\/div><\/div><div id=\"panel-2125-1-0-8\" class=\"so-panel widget widget_black-studio-tinymce widget_black_studio_tinymce\" data-index=\"10\" ><h3 class=\"widget-title\">K\u00fcche \/ Restaurant:<\/h3><div class=\"textwidget\"><hr \/>\n<p>Auch hier kocht man selbst aber es ist nicht so tragisch, wenn Lebensmittel fehlen. Der kleine Shop bietet einiges, wenn auch nicht alles aber hungern braucht man nicht. Wie \u00fcberall befindet sich ein Grill vor jedem Bungalow und es macht Spa\u00df am Abend durch die Anlage zu schlendern. Oft trifft man bekannte Gesichter und trinkt ein Glas Wein zusammen. Nette Gespr\u00e4che ergeben sich und Tipps werden ausgetauscht.<\/p>\n<\/div><\/div><div id=\"panel-2125-1-0-9\" class=\"so-panel widget widget_black-studio-tinymce widget_black_studio_tinymce\" data-index=\"11\" ><h3 class=\"widget-title\">Personal:<\/h3><div class=\"textwidget\"><hr \/><p>Nossob z\u00e4hlt zu den gr\u00f6\u00dferen Camps und bietet einen Shop, Tankstelle und Rezeption. Alle Mitarbeiter sind sehr freundlich und Anfragen bez\u00fcglich Nachtsafaris oder freien Zimmern werden schnell und gerne beantwortet. \u00c4rger hatte ich nur mit einem Aufseher, der behauptet hatte ich sein 1 Minute nach dem Schliessen der Tore ins Camp gefahren. Was f\u00fcr ein \u00c4rger und er hatte Unrecht !<\/p><\/div><\/div><div id=\"panel-2125-1-0-10\" class=\"so-panel widget widget_black-studio-tinymce widget_black_studio_tinymce\" data-index=\"12\" ><h3 class=\"widget-title\">Aktivit\u00e4ten:<\/h3><div class=\"textwidget\"><hr \/>\n<p class=\"Caption\">Das Wasserloch am Eingang des Camps bietet viel und L\u00f6wen aber auch Geparden sind dort oft zu sehen. Am Morgen sollte man sich etwas Zeit am Cubitje Quap ( Wasserloch ) nehmen und mit Gl\u00fcck jagt ein Schakal dort Tauben. Die Tr\u00e4nke bei\u00a0Kwang liegt nah am Parkplatz und mit Gl\u00fcck springen die Springb\u00f6cke im sch\u00f6nsten Sonnenaufgang entspannt umher.<\/p>\n<p>Mittags l\u00e4dt der Pool zur Pause ein und gegen Abend bietet sich Marie se Gat f\u00fcr einen Sundowner an. Die Stimmung bei Sonnenuntergang kann aber auch wundersch\u00f6n am Wasserloch von Nossob genossen werden und wir hatten hier L\u00f6wen im sch\u00f6nsten Licht.<\/p>\n<\/div><\/div><div id=\"panel-2125-1-0-11\" class=\"so-panel widget widget_black-studio-tinymce widget_black_studio_tinymce panel-last-child\" data-index=\"13\" ><h3 class=\"widget-title\">Tipps:<\/h3><div class=\"textwidget\"><hr \/>\n<ul>\n<li>Wasserloch beim Camp besuchen<\/li>\n<li>Nachtsafari f\u00fcr die Braune Hy\u00e4ne<\/li>\n<li>Tauben fangender Schakal bei Cubitje Quap<\/li>\n<li>Pause im Pool<\/li>\n<li>Erw\u00e4hnen muss ich leider die gro\u00dfe Trockenheit bei meinem Besuch im Oktober 2019. Einige Wasserl\u00f6cher boten einen trostlosen Anblick und wer diese aus vergangenen Tagen kennt, erschreckt sich sicher. Ich hoffe es gibt bald den erhofften Regen.<\/li>\n<\/ul>\n<\/div><\/div><\/div><\/div><div id=\"pg-2125-2\"  class=\"panel-grid panel-no-style\" ><div id=\"pgc-2125-2-0\"  class=\"panel-grid-cell\" ><div id=\"panel-2125-2-0-0\" class=\"so-panel widget widget_black-studio-tinymce widget_black_studio_tinymce panel-first-child panel-last-child\" data-index=\"14\" ><div class=\"textwidget\"><p><img loading=\"lazy\" decoding=\"async\" class=\"aligncenter size-full wp-image-7542\" src=\"http:\/\/kruste.selfhost.me\/wordpress\/wp-content\/uploads\/2020\/08\/SAF_8096-scaled.jpg\" alt=\"\" width=\"2560\" height=\"1468\" srcset=\"http:\/\/kruste.selfhost.me\/wordpress\/wp-content\/uploads\/2020\/08\/SAF_8096-scaled.jpg 2560w, http:\/\/kruste.selfhost.me\/wordpress\/wp-content\/uploads\/2020\/08\/SAF_8096-300x172.jpg 300w, http:\/\/kruste.selfhost.me\/wordpress\/wp-content\/uploads\/2020\/08\/SAF_8096-1024x587.jpg 1024w, http:\/\/kruste.selfhost.me\/wordpress\/wp-content\/uploads\/2020\/08\/SAF_8096-150x86.jpg 150w, http:\/\/kruste.selfhost.me\/wordpress\/wp-content\/uploads\/2020\/08\/SAF_8096-768x440.jpg 768w, http:\/\/kruste.selfhost.me\/wordpress\/wp-content\/uploads\/2020\/08\/SAF_8096-1536x881.jpg 1536w, http:\/\/kruste.selfhost.me\/wordpress\/wp-content\/uploads\/2020\/08\/SAF_8096-2048x1175.jpg 2048w\" sizes=\"auto, (max-width: 2560px) 100vw, 2560px\" \/><\/p>\n<\/div><\/div><\/div><\/div><\/div>","protected":false},"excerpt":{"rendered":"<p>Dieses Camp liegt, wie der Name schon sagt, am Nossob River und bietet ein unterschiedliches Landschaftsbild zu den Camps am Auob Fluss. Wer in diese<\/p>\n","protected":false},"author":1,"featured_media":0,"parent":7773,"menu_order":0,"comment_status":"closed","ping_status":"closed","template":"","meta":{"footnotes":""},"class_list":["post-2125","page","type-page","status-publish","hentry"],"_links":{"self":[{"href":"http:\/\/kruste.selfhost.me\/wordpress\/index.php?rest_route=\/wp\/v2\/pages\/2125","targetHints":{"allow":["GET"]}}],"collection":[{"href":"http:\/\/kruste.selfhost.me\/wordpress\/index.php?rest_route=\/wp\/v2\/pages"}],"about":[{"href":"http:\/\/kruste.selfhost.me\/wordpress\/index.php?rest_route=\/wp\/v2\/types\/page"}],"author":[{"embeddable":true,"href":"http:\/\/kruste.selfhost.me\/wordpress\/index.php?rest_route=\/wp\/v2\/users\/1"}],"replies":[{"embeddable":true,"href":"http:\/\/kruste.selfhost.me\/wordpress\/index.php?rest_route=%2Fwp%2Fv2%2Fcomments&post=2125"}],"version-history":[{"count":2,"href":"http:\/\/kruste.selfhost.me\/wordpress\/index.php?rest_route=\/wp\/v2\/pages\/2125\/revisions"}],"predecessor-version":[{"id":6922,"href":"http:\/\/kruste.selfhost.me\/wordpress\/index.php?rest_route=\/wp\/v2\/pages\/2125\/revisions\/6922"}],"up":[{"embeddable":true,"href":"http:\/\/kruste.selfhost.me\/wordpress\/index.php?rest_route=\/wp\/v2\/pages\/7773"}],"wp:attachment":[{"href":"http:\/\/kruste.selfhost.me\/wordpress\/index.php?rest_route=%2Fwp%2Fv2%2Fmedia&parent=2125"}],"curies":[{"name":"wp","href":"https:\/\/api.w.org\/{rel}","templated":true}]}}