{"id":2190,"date":"2016-04-26T15:53:23","date_gmt":"2016-04-26T13:53:23","guid":{"rendered":"http:\/\/kruste.selfhost.me\/wordpress\/?page_id=2190"},"modified":"2021-03-14T08:51:24","modified_gmt":"2021-03-14T06:51:24","slug":"waterkloof-farm-kapstadt","status":"publish","type":"page","link":"http:\/\/kruste.selfhost.me\/wordpress\/?page_id=2190","title":{"rendered":"Waterkloof Farm (Kapstadt)"},"content":{"rendered":"<div id=\"pl-2190\"  class=\"panel-layout\" ><div id=\"pg-2190-0\"  class=\"panel-grid panel-no-style\" ><div id=\"pgc-2190-0-0\"  class=\"panel-grid-cell\" ><div id=\"panel-2190-0-0-0\" class=\"so-panel widget widget_black-studio-tinymce widget_black_studio_tinymce panel-first-child panel-last-child\" data-index=\"0\" ><div class=\"textwidget\"><div class=\"style_SkipStroke_2 shape-with-text flowDefining\">\n<div class=\"text-content style_External_485_494\">\n<div class=\"style\"><\/div>\n<div class=\"style\">\n<hr \/>\n<\/div>\n<div class=\"style\"><\/div>\n<div class=\"style\"><\/div>\n<\/div>\n<\/div>\n<p>Ein <a href=\"https:\/\/www.airbnb.ch\/rooms\/7424745?source_impression_id=p3_1615704298_yxfgSzc8MkT69N8j&amp;guests=1&amp;adults=1\" target=\"_blank\" rel=\"noopener\">Landhaus<\/a>, wie man es sich in Paarl vorstellt. Wie hatten Gl\u00fcck und konnten\u00a0das ganze Haus alleine nutzen und das bedeutete viel Platz f\u00fcr drei Personen. 3 Schlafzimmer, 2 B\u00e4der, Wohnzimmer und eigentlich der sch\u00f6nste Platz im Haus, die K\u00fcche standen uns zur Nutzung bereit. Es fehlt an nichts und die Kaffeemaschine wurde oft benutzt, danke daf\u00fcr Suzy.<\/p>\n<p>Leider spielte das Wetter nicht so richtig mit und wir konnten den sch\u00f6nen Pool nur am ersten Tag genie\u00dfen\u00a0aber bei Sonnenschein ein richtig toller Platz mit super sch\u00f6nem Blick auf die Berge.<\/p>\n<p>Empfangen wurden wir von den Angestellten, die das Haus betreuen wenn Suzy nicht vor Ort ist. Und leider war es bei unserem Aufenthalt auch so. Wir hatten leichte Probleme mit dem installierten Alarmsystem und die Schl\u00fcssel\u00fcbergabe bei unserer Abreise war nicht gekl\u00e4rt. Das tr\u00fcbte den Aufenthalt doch etwas, da es schon ein mulmiges Gef\u00fchl ist,\u00a0wenn das Alarmsystem mehrmals in der Nacht anschl\u00e4gt und der Sicherheitsdienst mit Schlagstock und schusssicherer Weste vor der T\u00fcr steht. Na gut, das wird beim n\u00e4chsten mal sicher besser.<\/p>\n<p>Sonst ist es hier ein sch\u00f6nes Pl\u00e4tzchen, welches ich wieder besuchen w\u00fcrde und sicher auch werde.<\/p>\n<\/div><\/div><\/div><div id=\"pgc-2190-0-1\"  class=\"panel-grid-cell\" ><div id=\"panel-2190-0-1-0\" class=\"so-panel widget widget_black-studio-tinymce widget_black_studio_tinymce panel-first-child panel-last-child\" data-index=\"1\" ><div class=\"textwidget\"><p><img loading=\"lazy\" decoding=\"async\" class=\"size-full wp-image-2193 aligncenter\" src=\"http:\/\/kruste.selfhost.me\/wordpress\/wp-content\/uploads\/2016\/04\/DSC_2488.jpg\" alt=\"DSC_2488\" width=\"513\" height=\"768\" srcset=\"http:\/\/kruste.selfhost.me\/wordpress\/wp-content\/uploads\/2016\/04\/DSC_2488.jpg 513w, http:\/\/kruste.selfhost.me\/wordpress\/wp-content\/uploads\/2016\/04\/DSC_2488-100x150.jpg 100w, http:\/\/kruste.selfhost.me\/wordpress\/wp-content\/uploads\/2016\/04\/DSC_2488-200x300.jpg 200w\" sizes=\"auto, (max-width: 513px) 100vw, 513px\" \/><\/p>\n<\/div><\/div><\/div><\/div><div id=\"pg-2190-1\"  class=\"panel-grid panel-no-style\" ><div id=\"pgc-2190-1-0\"  class=\"panel-grid-cell\" ><div id=\"panel-2190-1-0-0\" class=\"so-panel widget widget_black-studio-tinymce widget_black_studio_tinymce panel-first-child\" data-index=\"2\" ><h3 class=\"widget-title\">Preise:<\/h3><div class=\"textwidget\"><hr \/>\n<ul>\n<li>Circa 120,00 \u20ac pro Nacht f\u00fcr 3 Personen inklusive Endreinigung und Servicegeb\u00fchr von Airbnb.<\/li>\n<\/ul>\n<\/div><\/div><div id=\"panel-2190-1-0-1\" class=\"so-panel widget widget_black-studio-tinymce widget_black_studio_tinymce\" data-index=\"3\" ><h3 class=\"widget-title\">Kommunikation:<\/h3><div class=\"textwidget\"><div id=\"id4\" class=\"style_SkipStroke_4 shape-with-text\">\n<div class=\"text-content graphic_textbox_layout_style_default_External_138_130\">\n<div class=\"graphic_textbox_layout_style_default\">\n<hr \/>\n<p class=\"Caption\">Der Zugang zum Internet ist inklusive und wer ein Handy besitzt ist erreichbar. Wir hatten leider kein Telefon und so war es etwas schwierig die Probleme mit der Alarmanlage zu bew\u00e4ltigen.<\/p>\n<\/div>\n<\/div>\n<\/div>\n<\/div><\/div><div id=\"panel-2190-1-0-2\" class=\"so-panel widget widget_text\" data-index=\"4\" >\t\t\t<div class=\"textwidget\"><p><code><\/p>\n<section class=\"parallax-section\">\n<div class=\"parallax-window\" data-z-index=\"0\" data-position-x=\"left\" data-parallax=\"scroll\" data-speed=\".3\" data-image-src=\"http:\/\/kruste.selfhost.me\/wordpress\/wp-content\/uploads\/2021\/03\/DSC_2538.jpg\" style=\"align-items: flex-start;min-height: 650px;\">\n<div class=\"parallax-container parallax-content\">\n<\/div>\n<\/div>\n<\/section>\n<p><\/code><\/p>\n<\/div>\n\t\t<\/div><div id=\"panel-2190-1-0-3\" class=\"so-panel widget widget_black-studio-tinymce widget_black_studio_tinymce\" data-index=\"5\" ><h3 class=\"widget-title\">Anreise:<\/h3><div class=\"textwidget\"><hr \/>\n<p>Angereist sind wir von Mosel Bay\u00a0aus \u00fcber die landschaftlich interessante\u00a0R62 und somit durch die\u00a0kleine Karoo. Eine sch\u00f6ne Strecke, auf der wir gerne mehr Zeit gehabt h\u00e4tten um zum Beispiel das Musikfestival in Oudtshoorn besuchen zu k\u00f6nnen. Aber so ist es nun einmal, 9 Tage f\u00fcr Kapstadt und Umgebung sind einfach nicht ausreichend.<\/p>\n<p>\u00a0<\/p>\n<\/div><\/div><div id=\"panel-2190-1-0-4\" class=\"so-panel widget widget_black-studio-tinymce widget_black_studio_tinymce\" data-index=\"6\" ><h3 class=\"widget-title\">Meine Reisezeiten:<\/h3><div class=\"textwidget\"><hr \/>\n<ul>\n \tM\u00e4rz\u00a02016\n<\/ul>\n<\/div><\/div><div id=\"panel-2190-1-0-5\" class=\"so-panel widget widget_black-studio-tinymce widget_black_studio_tinymce\" data-index=\"7\" ><h3 class=\"widget-title\">Das Wetter:<\/h3><div class=\"textwidget\"><hr \/>\n<ul>\n<li>M\u00e4rz\u00a02016<\/li>\n<\/ul>\n<p>Es war recht durchwachsen und so konnten wir den Pool nicht ausgiebig nutzen. Zum Gl\u00fcck hatten wir sch\u00f6nes Wetter beim Besuch von Stellenbosch und einer Aufzuchtstation f\u00fcr verletzte V\u00f6gel. Nachts regnete es heftig was eventuell auch der Grund f\u00fcr die Alarmmeldungen der Sicherheitssysteme war.<\/p>\n<\/div><\/div><div id=\"panel-2190-1-0-6\" class=\"so-panel widget widget_black-studio-tinymce widget_black_studio_tinymce\" data-index=\"8\" ><h3 class=\"widget-title\">Zimmer:<\/h3><div class=\"textwidget\"><hr \/>\n<p class=\"paragraph_style\">Drei Schlafzimmer, 2 B\u00e4der, Wohnzimmer und eine gro\u00dfe K\u00fcche, in der wir uns am liebsten aufgehalten haben. Das ganze Anwesen ist sehr gepflegt und der Blick auf die Berge ist schon toll.<\/p>\n<\/div><\/div><div id=\"panel-2190-1-0-7\" class=\"so-panel widget widget_black-studio-tinymce widget_black_studio_tinymce\" data-index=\"9\" ><div class=\"textwidget\"><p style=\"text-align: center;\"><img loading=\"lazy\" decoding=\"async\" class=\"size-full wp-image-2117 aligncenter\" src=\"http:\/\/kruste.selfhost.me\/wordpress\/wp-content\/uploads\/2016\/02\/DSC_3063.jpg\" alt=\"DSC_3063\" width=\"1024\" height=\"280\" \/><\/p>\n<\/div><\/div><div id=\"panel-2190-1-0-8\" class=\"so-panel widget widget_black-studio-tinymce widget_black_studio_tinymce\" data-index=\"10\" ><h3 class=\"widget-title\">K\u00fcche \/ Restaurant:<\/h3><div class=\"textwidget\"><hr \/>\n<p>Wir h\u00e4tten hier kochen k\u00f6nnen aber die Restaurants in der Umgebung sind einfach zu gut und der Rand steht bei 18,00 ZAR = 1,00 Euro. So bekommt man ein Filet Steak mit 400 Gramm f\u00fcr circa 12,00 Euro und wer kann da schon nein sagen. Ein gutes Glas Wein und noch ein Eis zum Abschluss runden die Sache ab und die Kilos auf, was soll's.<\/p>\n<\/div><\/div><div id=\"panel-2190-1-0-9\" class=\"so-panel widget widget_black-studio-tinymce widget_black_studio_tinymce\" data-index=\"11\" ><h3 class=\"widget-title\">Personal:<\/h3><div class=\"textwidget\"><hr \/><p>Sehr freundlich aber so richtig haben wir die Anleitung und Verhaltensregeln nicht verstanden. Leider konnten wir niemanden\u00a0erreichen als Hilfe notwendig war. Zum Gl\u00fcck ist alles gut verlaufen aber es h\u00e4tte auch anders laufen k\u00f6nnen.<\/p><\/div><\/div><div id=\"panel-2190-1-0-10\" class=\"so-panel widget widget_black-studio-tinymce widget_black_studio_tinymce\" data-index=\"12\" ><h3 class=\"widget-title\">Aktivit\u00e4ten:<\/h3><div class=\"textwidget\"><hr \/>\n<p><span style=\"color: #000000;\">Paarl selbst haben wir uns nicht angesehen, da unser Aufenthalt von 2 Tagen einfach zu kurz war und wir wollten Stellenbosch auf jeden Fall besuchen. Die Anreise ab Mosel Bay hat, bedingt durch die sch\u00f6ne Landstrasse R62, auch noch l\u00e4nger gedauert als geplant und den Stopp bei der Puffotter oder das Glas Wein im \"Clarke of the Karoo\" m\u00f6chte ich auch nicht missen. So m\u00fcssen wir Paarl beim n\u00e4chsten Besuch erkunden.<\/span><\/p>\n<\/div><\/div><div id=\"panel-2190-1-0-11\" class=\"so-panel widget widget_black-studio-tinymce widget_black_studio_tinymce\" data-index=\"13\" ><h3 class=\"widget-title\">Tipps:<\/h3><div class=\"textwidget\"><hr \/>\n<ul>\n<li>Gut gegessen haben wir im \"Papa Grappa\"<\/li>\n<li>Besuch von Stellenbosch mit Fr\u00fchst\u00fcck im \"Schoon De Companje\"<\/li>\n<li>Flugschau auf dem Weingut Spier ( Rehabilitationszentrum f\u00fcr Raubv\u00f6gel )<br \/>\u00a0<\/li>\n<\/ul>\n<\/div><\/div><div id=\"panel-2190-1-0-12\" class=\"so-panel widget widget_black-studio-tinymce widget_black_studio_tinymce panel-last-child\" data-index=\"14\" ><h3 class=\"widget-title\">Klartext:<\/h3><div class=\"textwidget\"><hr \/>\n<p>Wie geschrieben gab es reichlich Unstimmigkeiten mit dem Alarmsystem und wir f\u00fchlten uns recht unsicher. Die Gegend sah am Abend auch nicht so vertrauensw\u00fcrdig aus wie ich es gerne gehabt h\u00e4tte und da bleibt schon ein mulmiges Gef\u00fchl im Bauch. In der direkten Umgebung gab es leider auch kein Restaurant und so ging auch hier ohne Auto nicht viel.<\/p>\n<p>Ich w\u00fcrde trotzdem wieder auf der Waterkloof Farm\u00a0\u00fcbernachten aber nur mit Freunden oder der Familie. Ganz alleine w\u00fcrde es mir hier nicht gefallen.<\/p>\n<\/div><\/div><\/div><\/div><div id=\"pg-2190-2\"  class=\"panel-grid panel-no-style\" ><div id=\"pgc-2190-2-0\"  class=\"panel-grid-cell\" ><div id=\"panel-2190-2-0-0\" class=\"so-panel widget widget_black-studio-tinymce widget_black_studio_tinymce panel-first-child panel-last-child\" data-index=\"15\" ><div class=\"textwidget\"><p><img loading=\"lazy\" decoding=\"async\" class=\"size-full wp-image-2194 aligncenter\" src=\"http:\/\/kruste.selfhost.me\/wordpress\/wp-content\/uploads\/2016\/04\/DSC_2452-e1461678783792.jpg\" alt=\"DSC_2452\" width=\"1011\" height=\"266\" srcset=\"http:\/\/kruste.selfhost.me\/wordpress\/wp-content\/uploads\/2016\/04\/DSC_2452-e1461678783792.jpg 1011w, http:\/\/kruste.selfhost.me\/wordpress\/wp-content\/uploads\/2016\/04\/DSC_2452-e1461678783792-150x39.jpg 150w, http:\/\/kruste.selfhost.me\/wordpress\/wp-content\/uploads\/2016\/04\/DSC_2452-e1461678783792-300x79.jpg 300w, http:\/\/kruste.selfhost.me\/wordpress\/wp-content\/uploads\/2016\/04\/DSC_2452-e1461678783792-768x202.jpg 768w, http:\/\/kruste.selfhost.me\/wordpress\/wp-content\/uploads\/2016\/04\/DSC_2452-e1461678783792-700x184.jpg 700w\" sizes=\"auto, (max-width: 1011px) 100vw, 1011px\" \/><\/p>\n<\/div><\/div><\/div><\/div><\/div>","protected":false},"excerpt":{"rendered":"<p>Ein Landhaus, wie man es sich in Paarl vorstellt. Wie hatten Gl\u00fcck und konnten\u00a0das ganze Haus alleine nutzen und das bedeutete viel Platz f\u00fcr drei<\/p>\n","protected":false},"author":1,"featured_media":0,"parent":532,"menu_order":0,"comment_status":"closed","ping_status":"closed","template":"","meta":{"footnotes":""},"class_list":["post-2190","page","type-page","status-publish","hentry"],"_links":{"self":[{"href":"http:\/\/kruste.selfhost.me\/wordpress\/index.php?rest_route=\/wp\/v2\/pages\/2190","targetHints":{"allow":["GET"]}}],"collection":[{"href":"http:\/\/kruste.selfhost.me\/wordpress\/index.php?rest_route=\/wp\/v2\/pages"}],"about":[{"href":"http:\/\/kruste.selfhost.me\/wordpress\/index.php?rest_route=\/wp\/v2\/types\/page"}],"author":[{"embeddable":true,"href":"http:\/\/kruste.selfhost.me\/wordpress\/index.php?rest_route=\/wp\/v2\/users\/1"}],"replies":[{"embeddable":true,"href":"http:\/\/kruste.selfhost.me\/wordpress\/index.php?rest_route=%2Fwp%2Fv2%2Fcomments&post=2190"}],"version-history":[{"count":1,"href":"http:\/\/kruste.selfhost.me\/wordpress\/index.php?rest_route=\/wp\/v2\/pages\/2190\/revisions"}],"predecessor-version":[{"id":2191,"href":"http:\/\/kruste.selfhost.me\/wordpress\/index.php?rest_route=\/wp\/v2\/pages\/2190\/revisions\/2191"}],"up":[{"embeddable":true,"href":"http:\/\/kruste.selfhost.me\/wordpress\/index.php?rest_route=\/wp\/v2\/pages\/532"}],"wp:attachment":[{"href":"http:\/\/kruste.selfhost.me\/wordpress\/index.php?rest_route=%2Fwp%2Fv2%2Fmedia&parent=2190"}],"curies":[{"name":"wp","href":"https:\/\/api.w.org\/{rel}","templated":true}]}}