{"id":742,"date":"2014-11-05T20:20:35","date_gmt":"2014-11-05T19:20:35","guid":{"rendered":"http:\/\/kruste.selfhost.me\/wordpress\/?page_id=742"},"modified":"2020-07-31T06:34:24","modified_gmt":"2020-07-31T04:34:24","slug":"makutsi-belfast","status":"publish","type":"page","link":"http:\/\/kruste.selfhost.me\/wordpress\/?page_id=742","title":{"rendered":"Makutsi (Belfast)"},"content":{"rendered":"<div id=\"pl-742\"  class=\"panel-layout\" ><div id=\"pg-742-0\"  class=\"panel-grid panel-no-style\" ><div id=\"pgc-742-0-0\"  class=\"panel-grid-cell\" ><div id=\"panel-742-0-0-0\" class=\"so-panel widget widget_black-studio-tinymce widget_black_studio_tinymce panel-first-child panel-last-child\" data-index=\"0\" ><div class=\"textwidget\"><div class=\"style_SkipStroke_2 shape-with-text flowDefining\">\n<div class=\"text-content style_External_485_494\">\n<div class=\"style\">\n<hr \/>\n<p style=\"color: #919191;\"><span style=\"color: #000000;\"><a href=\"https:\/\/www.makutsi.de\/\" target=\"_blank\" rel=\"noopener\">Makutsi<\/a> ist eine, f\u00fcr afrikanische Verh\u00e4ltnisse, kleine Farm in der N\u00e4he von Tzaneen in der Provinz Limpopo. Durch den Zusammenschluss von 7 weiteren Farmen k\u00f6nnen die Inhaber ( Familie Weber ) auf ein Grundst\u00fcck von 8700 Hektar \u00a0( 1 HA = 100x100 Meter oder 10.000 qm) f\u00fcr Safaris und Ausfahrten zur\u00fcck greifen.<\/span><\/p>\n<p style=\"color: #919191;\"><span style=\"color: #000000;\">Die Anlage selbst besteht aus mehreren kleinen Bungalows, die f\u00fcr 1 bis 4 Personen geeignet sind und gro\u00dfz\u00fcgig auf dem Grundst\u00fcck verteilt liegen. Weiter gibt es eine Lapa (Aufenthaltsplatz) am Crocodile River, ein kleines \u00fcberdachtes Schwimmbad mit warmen Quellwasser und einen Tennisplatz. Ein gro\u00dfer Pool rundet die Sache ab und sorgt f\u00fcr erholsame Tage.<\/span><\/p>\n<p style=\"color: #919191;\"><span style=\"color: #000000;\">Alle Einrichtungen liegen in einem gro\u00dfen Garten verteilt und es macht Spa\u00df diesen zu erkunden sowie kleine Spazierg\u00e4nge zu unternehmen. Begrenzt wird ein solcher Ausflug nur durch Warn Schilder und man sollte etwas acht geben, dass man nicht zuf\u00e4llig vom Weg abkommt. Die Farm\u00a0ist eine \"No fenced\" Anlage und die Tier ( auch Raubtiere ) k\u00f6nnen und kommen direkt bis an den Bungalow oder begegnen einem auf den kleine Ausflug.<\/span><\/p>\n<p style=\"color: #919191;\"><span style=\"color: #000000;\">Auf den Rundg\u00e4ngen k\u00f6nnen folgende Tiere gesehen werden: Ibis, Impala, Meerkatzen, Elefanten, Wasserb\u00f6cke, Hy\u00e4nen, Stachelschweine, Mangusten, Nyalas, Schakale und mit Gl\u00fcck auch L\u00f6wen, Krokodile, Geparden, Leoparden, Flusspferde und Giraffen.<\/span><\/p>\n<hr \/>\n<p style=\"color: #919191;\">\n<\/p><\/div>\n<\/div>\n<\/div>\n<\/div><\/div><\/div><div id=\"pgc-742-0-1\"  class=\"panel-grid-cell\" ><div id=\"panel-742-0-1-0\" class=\"so-panel widget widget_black-studio-tinymce widget_black_studio_tinymce panel-first-child panel-last-child\" data-index=\"1\" ><div class=\"textwidget\"><p><img loading=\"lazy\" decoding=\"async\" class=\"aligncenter size-full wp-image-7491\" src=\"http:\/\/kruste.selfhost.me\/wordpress\/wp-content\/uploads\/2020\/07\/SAF2491.jpg\" alt=\"\" width=\"1841\" height=\"2283\" srcset=\"http:\/\/kruste.selfhost.me\/wordpress\/wp-content\/uploads\/2020\/07\/SAF2491.jpg 1841w, http:\/\/kruste.selfhost.me\/wordpress\/wp-content\/uploads\/2020\/07\/SAF2491-242x300.jpg 242w, http:\/\/kruste.selfhost.me\/wordpress\/wp-content\/uploads\/2020\/07\/SAF2491-826x1024.jpg 826w, http:\/\/kruste.selfhost.me\/wordpress\/wp-content\/uploads\/2020\/07\/SAF2491-121x150.jpg 121w, http:\/\/kruste.selfhost.me\/wordpress\/wp-content\/uploads\/2020\/07\/SAF2491-768x952.jpg 768w, http:\/\/kruste.selfhost.me\/wordpress\/wp-content\/uploads\/2020\/07\/SAF2491-619x768.jpg 619w, http:\/\/kruste.selfhost.me\/wordpress\/wp-content\/uploads\/2020\/07\/SAF2491-1239x1536.jpg 1239w, http:\/\/kruste.selfhost.me\/wordpress\/wp-content\/uploads\/2020\/07\/SAF2491-1651x2048.jpg 1651w\" sizes=\"auto, (max-width: 1841px) 100vw, 1841px\" \/><\/p>\n<\/div><\/div><\/div><\/div><div id=\"pg-742-1\"  class=\"panel-grid panel-no-style\" ><div id=\"pgc-742-1-0\"  class=\"panel-grid-cell\" ><div id=\"panel-742-1-0-0\" class=\"so-panel widget widget_black-studio-tinymce widget_black_studio_tinymce panel-first-child\" data-index=\"2\" ><h3 class=\"widget-title\">Preise:<\/h3><div class=\"textwidget\"><hr \/>\n<p style=\"color: #d6d6d6;\"><span style=\"color: #000000;\">F\u00fcr Makutsi werden Paketpreise angeboten, die Unterkunft, Essen und Ausfl\u00fcge enthalten.<\/span><\/p>\n<p style=\"color: #d6d6d6;\"><span style=\"color: #000000;\">Ich w\u00fcrde dringend empfehlen solch ein Angebot zu buchen ( siehe Klartext )<\/span><\/p>\n<p style=\"color: #d6d6d6;\"><span style=\"color: #000000;\"><i>Sonstige Preise (2011,2009,2008):<\/i><\/span><\/p>\n<ul>\n<li><span style=\"color: #000000;\"><i style=\"font-family: sans-serif; font-variant: normal; line-height: normal;\">Bier 18,14,10 Rand<\/i><\/span><\/li>\n<li><span style=\"color: #000000;\"><i style=\"font-family: sans-serif; font-variant: normal; line-height: normal;\">Schnaps 15,15,11 Rand<\/i><\/span><\/li>\n<li><span style=\"color: #000000;\"><i style=\"font-family: sans-serif; font-variant: normal; line-height: normal;\">Cola 12,12,6 Rand<\/i><\/span><\/li>\n<li><span style=\"color: #000000;\"><i style=\"font-family: sans-serif; font-variant: normal; line-height: normal;\">Flasche Wein ab 80 Rand<\/i><\/span><\/li>\n<\/ul>\n<p><span style=\"color: #000000;\"><i style=\"font-family: sans-serif; font-variant: normal; line-height: normal;\">von 2011 zu\u00a02012 gab es keine Preis\u00e4nderung\u00a0<\/i><\/span><\/p>\n<p style=\"color: #929292;\">\u00a0<\/p>\n<\/div><\/div><div id=\"panel-742-1-0-1\" class=\"so-panel widget widget_black-studio-tinymce widget_black_studio_tinymce\" data-index=\"3\" ><h3 class=\"widget-title\">Kommunikation:<\/h3><div class=\"textwidget\"><div id=\"id4\" class=\"style_SkipStroke_4 shape-with-text\">\n<div class=\"text-content graphic_textbox_layout_style_default_External_138_130\">\n<div class=\"graphic_textbox_layout_style_default\">\n<hr \/>\n<p class=\"Caption\">Per Mobilfunk ist man erreichbar aber nicht so, wie man sich das w\u00fcnscht. Der Empfang ist nur an der Lapa gegeben und die Signalst\u00e4rke stark vom Netzbetreiber abh\u00e4ngig. Ein Festnetz Telefon ist vorhanden aber die Verbindungen sind recht teuer. Der Internetzugang ist gegen eine geringe Geb\u00fchr m\u00f6glich.<\/p>\n<\/div>\n<\/div>\n<\/div>\n<\/div><\/div><div id=\"panel-742-1-0-2\" class=\"so-panel widget widget_text\" data-index=\"4\" >\t\t\t<div class=\"textwidget\"><section class=\"parallax-section\">\n<div class=\"parallax-window\" data-z-index=\"1\" data-position-x=\"left\" data-parallax=\"scroll\" data-speed=\".3\" data-image-src=\"http:\/\/kruste.selfhost.me\/wordpress\/wp-content\/uploads\/2020\/07\/SAF3078.jpg\" style=\"align-items: flex-start;min-height: 550px;\">\n<div class=\"parallax-container parallax-content\">\n<\/div>\n<\/div>\n<\/section>\n<\/div>\n\t\t<\/div><div id=\"panel-742-1-0-3\" class=\"so-panel widget widget_black-studio-tinymce widget_black_studio_tinymce\" data-index=\"5\" ><h3 class=\"widget-title\">Anreise:<\/h3><div class=\"textwidget\"><hr \/>\n<p>Internationaler Flug\u00a0bis Johannesburg und weiter mit einem lokalen Flug nach Phalaborwa.<br \/>Von hier hatte ich den Transfer gebucht.<\/p>\n<p style=\"color: #919191;\"><span style=\"color: #000000;\">oder<\/span><\/p>\n<p style=\"color: #919191;\"><span style=\"color: #000000;\">Autotransfer von Phalaborwa bis Makutsi <\/span><\/p>\n<p style=\"color: #919191;\"><span style=\"color: #000000;\">oder<\/span><\/p>\n<p style=\"color: #919191;\"><span style=\"color: #000000;\"> 2010, 2011 und 2012 direkt von Johannesburg mit dem Mietwagen nach Makutsi ( ca. 5 Stunden Fahrzeit f\u00fcr 380 Kilometer ). F\u00fcr die letzten 10 km zur Farm ben\u00f6tigten wir etwas mehr Zeit, da die Stra\u00dfe nicht asphaltiert ist und ein Stopp zum Sonnenuntergang ein MUSS\u00a0ist.<\/span><\/p>\n<\/div><\/div><div id=\"panel-742-1-0-4\" class=\"so-panel widget widget_black-studio-tinymce widget_black_studio_tinymce\" data-index=\"6\" ><h3 class=\"widget-title\">Meine Reisezeiten:<\/h3><div class=\"textwidget\"><hr \/>\n<ul>\n<li><span style=\"color: #000000;\">Februar 2008<\/span><\/li>\n<li><span style=\"color: #000000;\">Oktober 2009<\/span><\/li>\n<li><span style=\"color: #000000;\">Oktober 2010<\/span><\/li>\n<li><span style=\"color: #000000;\">Mai und Oktober 2011<\/span><\/li>\n<li><span style=\"color: #000000;\">August 2012<\/span><\/li>\n<\/ul>\n<p class=\"paragraph_style\">\u00a0<\/p>\n<\/div><\/div><div id=\"panel-742-1-0-5\" class=\"so-panel widget widget_black-studio-tinymce widget_black_studio_tinymce\" data-index=\"7\" ><h3 class=\"widget-title\">Das Wetter:<\/h3><div class=\"textwidget\"><hr \/>\n<ul>\n<li><span style=\"color: #000000;\">Februar 2008<\/span><\/li>\n<\/ul>\n<p style=\"padding-left: 30px;\"><span style=\"color: #000000;\">32\u00b0C bis 40\u00b0C<\/span><br \/><span style=\"color: #000000;\">5 Minuten Regen<\/span>\u00a0<span style=\"color: #000000;\">im Kruger Park<\/span><br \/><span style=\"color: #000000;\">Regen am Abreisetag<\/span><\/p>\n<ul>\n<li><span style=\"color: #000000;\">Oktober 2009<\/span><\/li>\n<\/ul>\n<p style=\"color: #919191; padding-left: 30px;\"><span style=\"color: #000000;\">Am Anfang bew\u00f6lkt. Eine Jacke und lange Hose werden Morgens und Abends ben\u00f6tigt. Sp\u00e4ter wird es teilweise sehr heiss > 40\u00b0. Jacke und die lange Hose wird\u00a0nicht mehr ben\u00f6tigt \ud83d\ude42 Zum Ende der Reise ist der Himmel morgens bedeckt und es lockert Mittags wieder auf. Nach den hohen Temperaturen wirkt es machmal etwas frisch.<\/span><\/p>\n<ul>\n<li><span style=\"color: #000000;\">Oktober 2010<\/span><\/li>\n<\/ul>\n<p style=\"color: #919191; padding-left: 30px;\"><span style=\"color: #000000;\">Am Morgen angenehme Temperaturen und leichte Bew\u00f6lkung. Sp\u00e4ter klarer Himmel und recht warm ( 33\u00b0 C ). Nach dem 3\u2018ten Tag wurde es kalt und viele Wolken hingen am Himmel. Leichter Nieselregen macht es ungem\u00fctlich. Nach 4 Tagen hatte der Spuk ein Ende.<\/span><\/p>\n<ul>\n<li><span style=\"color: #000000;\">Mai 2011:<\/span><\/li>\n<\/ul>\n<p style=\"padding-left: 30px;\"><span style=\"color: #000000;\">Morgens recht frisch ( 3-6\u00b0 C)<\/span><br \/><span style=\"color: #000000;\">Der Tag ist sonnig bei 25\u00b0 C und einer leichten Brise. Es gibt keine Wolken.<\/span><br \/><span style=\"color: #000000;\">Die N\u00e4chte sind kalt ( 0-3\u00b0 C)<\/span><br \/><span style=\"color: #000000;\">( Die Tage sind recht kurz. Sonnenaufgang 06:00 Uhr , Sonnenuntergang 17:40 Uhr )<\/span><\/p>\n<ul>\n<li><span style=\"color: #000000;\">Oktober 2011<\/span><\/li>\n<\/ul>\n<p style=\"color: #919191; padding-left: 30px;\"><span style=\"color: #000000;\">In den ersten Tagen gab es morgens etwas Nieselregen, der sich aber schnell aufl\u00f6ste. Die Temperaturen lagen so um die 25\u00b0C. Die n\u00e4chsten Tage zeigten ein anderes Bild. Sehr sch\u00f6n, kaum Wolken und Temperaturen bis zu 42\u00b0C, was zu hei\u00df war. Es deutete sich an und in den letzten N\u00e4chten gab es Gewitter und starken Regen. Ab 06:00 Uhr war der Spuk vorbei, nur der Himmel hing noch voller Wolken. Diese l\u00f6sten sich aber bis 09:00 Uhr auf und es gab sch\u00f6nsten Sonnenschein bei 29\u00b0C.<\/span><\/p>\n<p style=\"color: #919191; padding-left: 30px;\"><span style=\"color: #000000;\">Am vorletzten Tag regnete es bis 09:00 Uhr. Sonst waren die Tage immer sch\u00f6n und ohne Regen.\u00a0<\/span><\/p>\n<ul>\n<li><span style=\"color: #000000;\">August 2012<\/span><\/li>\n<\/ul>\n<p style=\"padding-left: 30px;\"><span style=\"color: #000000;\">Schnee in Johannesburg gab es zum Gl\u00fcck nur in den Medien. Wir landeten bei 12\u00b0C und herrlichem Sonnenschein.<\/span><br \/><span style=\"color: #000000;\">Die N\u00e4chte waren etwas k\u00fchl ( gef\u00fchlte 5\u00b0C ) und die Tage lagen bei 25\u00b0C bis 30\u00b0C. Der Himmel war oft blau ( nicht so perfekt wie im Mai ) und Wolken gab es nur an einzelnen Tagen. Sonnenaufgang gegen 05:40 Uhr. Sonnenuntergang um 18:00 Uhr. Optimal.<\/span><\/p>\n<p style=\"padding-left: 30px;\"><span style=\"color: #000000;\">Wie auch im Oktober gab es Wetter\u00e4nderungen, die sich durch hei\u00dfe Tage ank\u00fcndigten. Es wechselte von 32\u00b0C, windstill und blauem Himmel auf 23\u00b0C, windig und einer dichten Wolkendecke. Zum Gl\u00fcck blieb das Wetter dann nur 2 Tage so.<\/span><\/p>\n<\/div><\/div><div id=\"panel-742-1-0-6\" class=\"so-panel widget widget_black-studio-tinymce widget_black_studio_tinymce\" data-index=\"8\" ><h3 class=\"widget-title\">Zimmer:<\/h3><div class=\"textwidget\"><hr \/>\n<p>Bungalow mit\u00a0<i style=\"font-family: sans-serif; font-variant: normal; line-height: normal;\">K\u00fchlschrank,\u00a0<\/i><i style=\"font-family: sans-serif; font-variant: normal; line-height: normal;\">Wasserkocher und\u00a0<\/i><i style=\"font-family: sans-serif; font-variant: normal; line-height: normal;\">teilweise auch\u00a0Klimaanlage.<\/i><br \/><i style=\"font-family: sans-serif; font-variant: normal; line-height: normal;\">Terrasse mit Liege.<\/i><br \/><i style=\"font-family: sans-serif; font-variant: normal; line-height: normal;\">Moskitonetz gibt es auf Anfrage.<\/i><\/p>\n<p>Die Badezimmer k\u00f6nnten etwas sch\u00f6ner sein.<\/p>\n<\/div><\/div><div id=\"panel-742-1-0-7\" class=\"so-panel widget widget_black-studio-tinymce widget_black_studio_tinymce\" data-index=\"9\" ><div class=\"textwidget\"><p style=\"text-align: center;\"><a href=\"http:\/\/kruste.selfhost.me\/wordpress\/wp-content\/uploads\/2014\/11\/SAF_1351_p.jpg\"><img loading=\"lazy\" decoding=\"async\" class=\"alignnone wp-image-747 size-full\" src=\"http:\/\/kruste.selfhost.me\/wordpress\/wp-content\/uploads\/2014\/11\/SAF_1351_p.jpg\" alt=\"SAF_1351_p\" width=\"1759\" height=\"568\" data-wp-imgselect=\"1\" srcset=\"http:\/\/kruste.selfhost.me\/wordpress\/wp-content\/uploads\/2014\/11\/SAF_1351_p.jpg 1759w, http:\/\/kruste.selfhost.me\/wordpress\/wp-content\/uploads\/2014\/11\/SAF_1351_p-150x48.jpg 150w, http:\/\/kruste.selfhost.me\/wordpress\/wp-content\/uploads\/2014\/11\/SAF_1351_p-300x96.jpg 300w, http:\/\/kruste.selfhost.me\/wordpress\/wp-content\/uploads\/2014\/11\/SAF_1351_p-1024x330.jpg 1024w, http:\/\/kruste.selfhost.me\/wordpress\/wp-content\/uploads\/2014\/11\/SAF_1351_p-700x226.jpg 700w\" sizes=\"auto, (max-width: 1759px) 100vw, 1759px\" \/><\/a><\/p>\n<\/div><\/div><div id=\"panel-742-1-0-8\" class=\"so-panel widget widget_black-studio-tinymce widget_black_studio_tinymce\" data-index=\"10\" ><h3 class=\"widget-title\">K\u00fcche \/ Restaurant:<\/h3><div class=\"textwidget\"><hr \/>\n<p style=\"color: #d6d6d6;\"><span style=\"color: #000000;\"><i>Abendessen Mai 2011:<\/i><\/span><\/p>\n<p><span style=\"color: #000000;\">Huhn mit Brokkoli und roter Beete<\/span><br \/><span style=\"color: #000000;\">Kudu Stroganoff mit M\u00f6hren und Nudeln<\/span><br \/><span style=\"color: #000000;\">Frikadellen mit Kartoffel<\/span><br \/><span style=\"color: #000000;\">Beef<\/span><br \/><span style=\"color: #000000;\">Impala Hutners Pot\u00a0<\/span><br \/><span style=\"color: #000000;\">Fish<\/span><\/p>\n<p style=\"color: #d6d6d6;\"><span style=\"color: #000000;\"><i>Abendessen Oktober 2011:<\/i><\/span><\/p>\n<p><span style=\"color: #000000;\">Rouladen mit S\u00fc\u00dfkartoffeln<\/span><br \/><span style=\"color: #000000;\">Impala mit Rotkohl<\/span><br \/><span style=\"color: #000000;\">Hackfleisch<\/span><br \/><span style=\"color: #000000;\">Beef Hunters Pot<\/span><\/p>\n<p style=\"color: #919191;\"><span style=\"color: #000000;\"><i>Abendessen im August 2012:<\/i><\/span><\/p>\n<p><span style=\"color: #000000;\">Leber mit Kartoffelp\u00fcree und frischem Gem\u00fcse<\/span><br \/><span style=\"color: #000000;\">Moussaka mit Blumenkohl\u00a0<\/span><br \/><span style=\"color: #000000;\">Rindersteak<\/span><br \/><span style=\"color: #000000;\">Spagetti\u00a0<\/span><br \/><span style=\"color: #000000;\">Huhn mit Mais<\/span><\/p>\n<p><span style=\"color: #000000;\">Das Essen ist immer recht lecker und die Portionen sind gro\u00df. Nachschlag ist auf Wunsch m\u00f6glich. Beim Fr\u00fchst\u00fcck w\u00fcrde etwas\u00a0Abwechslung gut tun.<\/span><\/p>\n<\/div><\/div><div id=\"panel-742-1-0-9\" class=\"so-panel widget widget_black-studio-tinymce widget_black_studio_tinymce\" data-index=\"11\" ><h3 class=\"widget-title\">Personal:<\/h3><div class=\"textwidget\"><hr \/><p style=\"color: #919191;\"><span style=\"color: #000000;\">Freundlich und hilfsbereit. Sollte man aber einmal besondere W\u00fcnsche \u00e4u\u00dfern f\u00e4llt es machmal schwer diese zu erf\u00fcllen ( siehe Klartext ).<\/span><\/p><\/div><\/div><div id=\"panel-742-1-0-10\" class=\"so-panel widget widget_black-studio-tinymce widget_black_studio_tinymce\" data-index=\"12\" ><h3 class=\"widget-title\">Aktivit\u00e4ten:<\/h3><div class=\"textwidget\"><hr \/>\n<p style=\"color: #919191;\"><span style=\"color: #000000;\">Ausfl\u00fcge, Safaris und Erholung\u00a0am Pool.<\/span><\/p>\n<p>Ein wirkliches Highlight sind die Tiere in der Anlage. Man beobachtet Antilopen, V\u00f6gel aber auch L\u00f6wen, Nilpferde, Giraffen und Geparden hautnah. Dessen sollte man sich bewusst sein und die Regeln der Farm beachten. Ein L\u00f6we direkt vor den Augen ist schon etwas besonderes ! Ich genie\u00dfe jeden Morgen den Kaffee auf der eigenen Terrasse und beobachte die Tiere.<\/p>\n<p>( Hierzu ist aber der richtige Bungalow notwendig )<\/p>\n<\/div><\/div><div id=\"panel-742-1-0-11\" class=\"so-panel widget widget_black-studio-tinymce widget_black_studio_tinymce\" data-index=\"13\" ><h3 class=\"widget-title\">Ausr\u00fcstung:<\/h3><div class=\"textwidget\"><hr \/>\n<p style=\"color: #d6d6d6;\"><span style=\"color: #000000;\">Ein gutes Fernglas, Schuhe mit hohem Schaft, Antim\u00fcckenmittel, Sonnenbrille und Hut sollten bei keiner Safari fehlen. Nachts im Bungalow w\u00fcrden Taschenlampe und Nachtsichtger\u00e4t gute Dienste leisten.<\/span><\/p>\n<p style=\"color: #919191;\"><span style=\"color: #000000;\"> 4 Batterien vom Typ AAA f\u00fcr das Funkger\u00e4t. Stativ f\u00fcr den Fotoapparat.<\/span><\/p>\n<\/div><\/div><div id=\"panel-742-1-0-12\" class=\"so-panel widget widget_black-studio-tinymce widget_black_studio_tinymce\" data-index=\"14\" ><h3 class=\"widget-title\">Tipps:<\/h3><div class=\"textwidget\"><hr \/>\n<p>Einen Mietwagen f\u00fcr eigene Ausfl\u00fcge besorgen.<br \/>Besuch von Moholoholo ( Aufzuchtstation f\u00fcr verletzte Tiere )<br \/>Stopp an der\u00a0Reptilienfarm<br \/>Tierbeobachtungen vom\u00a0Bungalow aus.<\/p>\n<\/div><\/div><div id=\"panel-742-1-0-13\" class=\"so-panel widget widget_black-studio-tinymce widget_black_studio_tinymce\" data-index=\"15\" ><h3 class=\"widget-title\">Klartext:<\/h3><div class=\"textwidget\"><hr \/>\n<p><span style=\"color: #000000;\">Man sollte wissen, dass es sich hier um ein eingez\u00e4untes Gebiet handelt. Es gibt somit auf den Ausfahrten nur Tiere zusehen, die \u201eausgewildert\u201c wurden. Abh\u00e4ngig sind die Safaris stark vom Guide, der die Tour f\u00fchrt.<\/span>\u00a0<span style=\"color: #000000;\">Jesco konnte mit viel Wissen \u00fcberzeugen. Seine Art liegt aber nicht jedem Gast.<\/span><\/p>\n<p><span style=\"color: #000000;\">Bei der Beobachtung der L\u00f6wen k\u00f6nnen auch schon einmal 4 Safari Gruppen in der Schlange stehen\u00a0und warten bis sie f\u00fcr eine begrenzte Zeit an die Sichtung fahren d\u00fcrfen (Funkverkehr \u00fcber die aktuellen Tierbewegungen).\u00a0<\/span><\/p>\n<p><span style=\"color: #000000;\">Das Preisniveau liegt unter dem Deutschlands. Bei Ausfl\u00fcgen wird aber gut zur Kasse gebeten.<\/span><br \/>\n<span style=\"color: #000000;\">Simba Safari 790 Rand, Kruger Park 1625 Rand, Einkaufen in Hoedspruit 420 Rand. Viele Ausfl\u00fcge sind (viel) g\u00fcnstiger mit dem Mietwagen durchzuf\u00fchren.<\/span><\/p>\n<p><span style=\"color: #000000;\">Aufgef\u00fchrt habe ich die Preise aus 2008. Die Preiserh\u00f6hung in 2009 ist teilweise betr\u00e4chtlich. Die aktuellen Preise f\u00fcr 2010\/2012 sind: Simba 895 Rand, Kruger Park 1940, Hoedspruit 550 Rand. Und der Wechselkurs ist zus\u00e4tzlich bedeutend schlechter geworden. Beim Preisvergleich f\u00e4llt auf, dass es von 2009 auf 2010 wieder etwas g\u00fcnstiger geworden ist. Das war aus meiner Sicht auch notwendig. Die Preise von 2010 sind auch in 2011 und 2012 g\u00fcltig.<\/span><\/p>\n<p><span style=\"color: #000000;\">F\u00fcr gehbehinderte Menschen ist Makutsi nicht geeignet. K\u00f6rperlich sollte man schon auf der H\u00f6he sein um Ausfl\u00fcge in den Busch ( z.B. 1 Stunde Fussmarsch oder schnelle Fahrten \u00fcber schlechte Wege) gut verkraften zu k\u00f6nnen.<\/span><br \/>\n<span style=\"color: #000000;\">Auch die Sonne darf nicht untersch\u00e4tzt werden. Die Safarifahrzeuge besitzen kein Dach und die Sonne brennt bei 40 \u00b0C direkt auf den K\u00f6rper.<\/span><\/p>\n<p><span style=\"color: #000000;\">Zu beachten gilt auch, dass die Safaris, die einen Bushwalk beinhalten, nur von Personen ab 16 Jahre durch gef\u00fchrt werden d\u00fcrfen. Das ist schade aber auch verst\u00e4ndlich.<\/span><\/p>\n<p><span style=\"color: #000000;\">Das Personal ist meist freundlich kann aber auch ungem\u00fctlich werden. Ein Beispiel: Nach Absprache mit Karl ( dem Sohn des Inhabers ) sollte das Fr\u00fchst\u00fcck f\u00fcr uns schon 20 Minuten fr\u00fcher zur Verf\u00fcgung gestellt werden. Frau Weber wusste dieses nicht und stellte uns fast ins Achtung, als wir vor der \u00fcblichen Zeit fr\u00fchst\u00fcckten. Man hatte das Gef\u00fchl, Sie wusste nicht wer hier das Geld ins Land bringt. In 2012 war ich nicht mit dem Bungalow 56 zufrieden und habe dies bei Karl zur Sprache gebracht. Als die Antwort viel \u201eMan kann halt nicht alles haben\u201c, wechselte ich das\u00a0Thema. Schade, ich habe mich dabei unwohl gef\u00fchlt und Makutsi seit dem nicht wieder besucht. So sollte es im Urlaub nicht sein.<\/span><\/p>\n<\/div><\/div><div id=\"panel-742-1-0-14\" class=\"so-panel widget widget_black-studio-tinymce widget_black_studio_tinymce\" data-index=\"16\" ><h3 class=\"widget-title\">Saisonal:<\/h3><div class=\"textwidget\"><hr \/>\n<p style=\"color: #d6d6d6;\"><span style=\"color: #000000;\"><i>Im Februar kann es verst\u00e4rkt Spinnen geben. Bei der Safari werden die Netze zerst\u00f6rt und die Spinnen landen teilweise im Auto.<\/i><\/span><br \/><span style=\"color: #000000;\"><i>Zu Anderen Zeiten gibt es vermehrt Schlangen.<\/i><i>\u00a0<\/i><i>Moskitos und Zecken sind je nach Jahreszeit mehr oder weniger vorhanden.<\/i><\/span><\/p>\n<p><i>Im Mai kann es empfindlich kalt werden. Handschuhe, M\u00fctze und Schal sind notwendig. Die Bungalows speichern die K\u00e4lte und man f\u00fchlt sich wie im K\u00fchlschrank.<\/i><\/p>\n<p><i>Im Oktober kann es auf\u00a0<\/i><i>Safari auch mal richtig nass werden. Regenjacken sind aber auf dem Fahrzeug vorhanden.<\/i><\/p>\n<p><span style=\"color: #000000;\">Wichtige Erg\u00e4nzung:<\/span><\/p>\n<p><span style=\"color: #000000;\">Im Jahr 2011 gab es Unstimmigkeiten zwischen den Besitzern der Makutsi Farm und den angrenzenden Lodges. Das hatte Auswirkungen auf die Safaris. Fahrten \u00fcber den Fluss k\u00f6nnen nicht mehr durchgef\u00fchrt werden. Aus meiner Sicht sind die Tiersichtungen durch diese Einschr\u00e4nkung stark verringert. Auf jeden Fall, was die Sichtung der Raubtiere betrifft.<\/span><br \/><span style=\"color: #000000;\">Die Lage hatte sich 2012 wieder entspannt und das gesamte Gebiet stand f\u00fcr Safaris wieder zur Verf\u00fcgung.<\/span><\/p>\n<p>Anmerkung zu einer m\u00f6glichen Buchung.<\/p>\n<p>Achten Sie auf die Lage des gew\u00fcnschten Bungalows. F\u00fcr mich sind die Rondavels am Rand der Farm die Besten. Hier kann man wundersch\u00f6n die Tierwelt bewundern. Leider werden diese Zimmer zu premium Versionen umgebaut. Sch\u00f6nere Fenster = h\u00f6herer Preis.<\/p>\n<p style=\"color: #929292;\">\u00a0<\/p>\n<\/div><\/div><div id=\"panel-742-1-0-15\" class=\"so-panel widget widget_black-studio-tinymce widget_black_studio_tinymce panel-last-child\" data-index=\"17\" ><div class=\"textwidget\"><p><img loading=\"lazy\" decoding=\"async\" class=\"size-full wp-image-746 aligncenter\" src=\"http:\/\/kruste.selfhost.me\/wordpress\/wp-content\/uploads\/2014\/11\/SAF_1235-e1465889860847.jpg\" alt=\"SAF_1235\" width=\"900\" height=\"344\" \/><\/p>\n<\/div><\/div><\/div><\/div><\/div>","protected":false},"excerpt":{"rendered":"<p>Makutsi ist eine, f\u00fcr afrikanische Verh\u00e4ltnisse, kleine Farm in der N\u00e4he von Tzaneen in der Provinz Limpopo. Durch den Zusammenschluss von 7 weiteren Farmen k\u00f6nnen<\/p>\n","protected":false},"author":1,"featured_media":0,"parent":151,"menu_order":0,"comment_status":"closed","ping_status":"closed","template":"","meta":{"footnotes":""},"class_list":["post-742","page","type-page","status-publish","hentry"],"_links":{"self":[{"href":"http:\/\/kruste.selfhost.me\/wordpress\/index.php?rest_route=\/wp\/v2\/pages\/742","targetHints":{"allow":["GET"]}}],"collection":[{"href":"http:\/\/kruste.selfhost.me\/wordpress\/index.php?rest_route=\/wp\/v2\/pages"}],"about":[{"href":"http:\/\/kruste.selfhost.me\/wordpress\/index.php?rest_route=\/wp\/v2\/types\/page"}],"author":[{"embeddable":true,"href":"http:\/\/kruste.selfhost.me\/wordpress\/index.php?rest_route=\/wp\/v2\/users\/1"}],"replies":[{"embeddable":true,"href":"http:\/\/kruste.selfhost.me\/wordpress\/index.php?rest_route=%2Fwp%2Fv2%2Fcomments&post=742"}],"version-history":[{"count":2,"href":"http:\/\/kruste.selfhost.me\/wordpress\/index.php?rest_route=\/wp\/v2\/pages\/742\/revisions"}],"predecessor-version":[{"id":2311,"href":"http:\/\/kruste.selfhost.me\/wordpress\/index.php?rest_route=\/wp\/v2\/pages\/742\/revisions\/2311"}],"up":[{"embeddable":true,"href":"http:\/\/kruste.selfhost.me\/wordpress\/index.php?rest_route=\/wp\/v2\/pages\/151"}],"wp:attachment":[{"href":"http:\/\/kruste.selfhost.me\/wordpress\/index.php?rest_route=%2Fwp%2Fv2%2Fmedia&parent=742"}],"curies":[{"name":"wp","href":"https:\/\/api.w.org\/{rel}","templated":true}]}}