{"id":7701,"date":"2020-12-28T08:45:10","date_gmt":"2020-12-28T06:45:10","guid":{"rendered":"http:\/\/kruste.selfhost.me\/wordpress\/?page_id=7701"},"modified":"2021-04-04T07:23:24","modified_gmt":"2021-04-04T05:23:24","slug":"region-windhoek-flughafen-2-2","status":"publish","type":"page","link":"http:\/\/kruste.selfhost.me\/wordpress\/?page_id=7701","title":{"rendered":"Region Caprivi Stripe"},"content":{"rendered":"<div id=\"pl-7701\"  class=\"panel-layout\" ><div id=\"pg-7701-0\"  class=\"panel-grid panel-no-style\" ><div id=\"pgc-7701-0-0\"  class=\"panel-grid-cell\" ><div id=\"panel-7701-0-0-0\" class=\"so-panel widget widget_black-studio-tinymce widget_black_studio_tinymce panel-first-child\" data-index=\"0\" ><div class=\"textwidget\"><hr \/>\n<p>&nbsp;<\/p>\n<\/div><\/div><div id=\"panel-7701-0-0-1\" class=\"so-panel widget widget_text panel-last-child\" data-index=\"1\" >\t\t\t<div class=\"textwidget\"><p>\nAktuelle Zeit in Kongola:  21:45 Uhr<br \/>\nZeitzone:  CAT<br \/>\nDie Wettervorhersage f\u00fcr die n\u00e4chsten drei Tage: <\/p>\n<\/div>\n\t\t<\/div><\/div><div id=\"pgc-7701-0-1\"  class=\"panel-grid-cell\" ><div id=\"panel-7701-0-1-0\" class=\"so-panel widget widget_black-studio-tinymce widget_black_studio_tinymce panel-first-child panel-last-child\" data-index=\"2\" ><div class=\"textwidget\"><p><i><\/i><\/p>\n<div class='weather-atlas-wrapper' style='background:#FF7B00;border:1px solid #ee6a00;color:#fff;'>\n<div class='weather-atlas-header' style='border-bottom:1px solid #ee6a00'>Kongola, NA<\/div>\n<div class='weather-atlas-body'>\n<div class='current_horizontal'>\n<div class='current_temp'><i class='wi wi-fw wi-weather-27'><\/i><span class='temp'>22\u00b0<\/span>\n<div class='current_text'>Stark Bew\u00f6lkt<\/div>\n<div class='sunrise_sunset'>06:37<i class='wi wi-fw wi-weather-32'><\/i>18:11 CAT<\/div>\n<\/div>\n<p><span class='current_text_2'>Gef\u00fchlt: 22<small>\u00b0C<\/small><br \/>Wind: 13<small>km\/h<\/small> SE<br \/>Feuchtigkeit: 84<small>%<\/small><br \/>Druck: 1013.21<small>mbar<\/small><br \/>UV-Index: 0<\/span><\/p><\/div>\n<div class='hourly hours' style='border-bottom:1px solid #ee6a00'><span class='extended_hour extended_hour_1'>23<small>h<\/small><\/span><span class='extended_hour extended_hour_2'>0<small>h<\/small><\/span><span class='extended_hour extended_hour_3'>1<small>h<\/small><\/span><span class='extended_hour extended_hour_4'>2<small>h<\/small><\/span><span class='extended_hour extended_hour_5'>3<small>h<\/small><\/span><\/div>\n<div class='hourly'><span class='extended_hour extended_hour_1' title='Wolkig'>21<small>\u00b0C<\/small><br \/><i class='wi wi-fw wi-weather-26'><\/i><\/span><span class='extended_hour extended_hour_2' title='Stark Bew\u00f6lkt'>21<small>\u00b0C<\/small><br \/><i class='wi wi-fw wi-weather-27'><\/i><\/span><span class='extended_hour extended_hour_3' title='Stark Bew\u00f6lkt'>21<small>\u00b0C<\/small><br \/><i class='wi wi-fw wi-weather-27'><\/i><\/span><span class='extended_hour extended_hour_4' title='Teilweise Bew\u00f6lkt'>20<small>\u00b0C<\/small><br \/><i class='wi wi-fw wi-weather-29'><\/i><\/span><span class='extended_hour extended_hour_5' title='Teilweise Bew\u00f6lkt'>20<small>\u00b0C<\/small><br \/><i class='wi wi-fw wi-weather-29'><\/i><\/span><\/div>\n<div class='daily days' style='border-bottom:1px solid #ee6a00'><span class='extended_day extended_day_1'>Fr.<\/span><span class='extended_day extended_day_2'>Sa.<\/span><span class='extended_day extended_day_3'>So.<\/span><\/div>\n<div class='daily'><span class='extended_day extended_day_1' title='Teilweise Bew\u00f6lkt'>27<small>\u00b0C<\/small> \/ 17<small>\u00b0C<\/small><br \/><i class='wi wi-fw wi-weather-30'><\/i><\/span><span class='extended_day extended_day_2' title='Meist Sonnig'>28<small>\u00b0C<\/small> \/ 17<small>\u00b0C<\/small><br \/><i class='wi wi-fw wi-weather-34'><\/i><\/span><span class='extended_day extended_day_3' title='Meist Sonnig'>29<small>\u00b0C<\/small> \/ 17<small>\u00b0C<\/small><br \/><i class='wi wi-fw wi-weather-34'><\/i><\/span><\/div>\n<\/div>\n<div class='weather-atlas-footer' style='border-top:1px solid #ee6a00'><a href='https:\/\/www.weather-atlas.com\/en\/namibia\/kongola-long-term-weather-forecast' title='Kongola, NA - 10 days weather forecast' style='color:#fff'><span class='weather-atlas-footer-block'>Kongola, NA<\/span> 10 days weather forecast &#9656;<\/a><\/div>\n<\/div>\n<p><\/p>\n<\/div><\/div><\/div><\/div><div id=\"pg-7701-1\"  class=\"panel-grid panel-no-style\" ><div id=\"pgc-7701-1-0\"  class=\"panel-grid-cell\" ><div id=\"panel-7701-1-0-0\" class=\"so-panel widget widget_black-studio-tinymce widget_black_studio_tinymce panel-first-child\" data-index=\"3\" ><div class=\"textwidget\"><hr \/>\n<p>Der Caprivi Streifen, das andere Gesicht Namibias.<\/p>\n<p>Es handelt sich bei diesem Gebiet um einen circa 500 Kilometer langen und bis zu 100 Kilometer breiten Landstreifen im Nord Osten Namibias. Eingegrenzt zwischen den L\u00e4ndern Angola und Sambia im Norden, im Westen angrenzend Simbabwe und im S\u00fcden Botswana.<\/p>\n<p>Der Caprivi Streifen erhielt seinen Namen durch den deutschen Reichskanzler Leo von Caprivi, welcher die Vertragsverhandlungen des am 01.07.1890 abgeschlossenen Helgoland-Sansibar-Vertrag leitete.<br \/>\nBei diesem Vertrag wurde dem damaligen Deutsch-S\u00fcdwest-Afrika der Zugang zum wasserreichen Sambesi Fluss erm\u00f6glicht und im Gegenzug fiel Sansibar an England ( Auch die Insel Helgoland war Bestandteil des Vertrags und fiel ebenfalls an Deutschland ).<\/p>\n<p>Mich interessierte bei meiner Reise das<\/p>\n<blockquote>\n<p style=\"text-align: center;\"><span style=\"font-size: 28px; font-family: 'comic sans ms', sans-serif;\"><em>andere Gesicht Namibias<\/em><\/span><\/p>\n<\/blockquote>\n<p>und, ich nehme es einmal vorweg, mir hat es sehr gut gefallen. Die drei gro\u00dfen Fl\u00fcsse Kawango ( auch Okavango genannt), Kwando und Sambesi bestimmen das Klima in dieser Region und bieten Wasser sowie Sumpfgebieten mit einem hohen Artenreichtum. Hier gibt es Elefanten, Flusspferde, Krokodile und seltene Antilopenarten wie Letschwe und Puku. Mit Gl\u00fcck bekommt man auch Wildhunde, L\u00f6wen und Leoparden zu sehen, aber dies ist in diesem Gebiet eher selten. Nash\u00f6rner hingegen gibt es im Caprivi Streifen keine.<\/p>\n<p>&nbsp;<\/p>\n<\/div><\/div><div id=\"panel-7701-1-0-1\" class=\"so-panel widget widget_text\" data-index=\"4\" >\t\t\t<div class=\"textwidget\"><section class=\"parallax-section\">\n<div class=\"parallax-window\" data-z-index=\"1\" data-position-x=\"left\" data-parallax=\"scroll\" data-speed=\".3\" data-image-src=\"http:\/\/kruste.selfhost.me\/wordpress\/wp-content\/uploads\/2020\/12\/COS_8436.jpg\" style=\"align-items: flex-start;min-height: 550px;\">\n<div class=\"parallax-container parallax-content\">\n<\/div>\n<\/div>\n<\/section>\n<\/div>\n\t\t<\/div><div id=\"panel-7701-1-0-2\" class=\"so-panel widget widget_black-studio-tinymce widget_black_studio_tinymce panel-last-child\" data-index=\"5\" ><div class=\"textwidget\"><p>Meine Reisevorbereitungen f\u00fcr diese Region begannen mit dem Problem der unterschiedlichen Benamung von Fl\u00fcssen und Nationalparks sowie der neuen Aufteilung in unterschiedliche Naturschutzgebiete.<\/p>\n<p>Ein paar Beispiele:<\/p>\n<ul>\n<li>Der Flu\u00df Okavango wird auch Cubango oder Kavango genannt. Da f\u00e4llt die unterschiedliche Schreibweise mit Okawango nicht mehr ins Gewicht.<\/li>\n<li>Bwabwata National Park. Ehemals Caprivi Nationalpark ist Bestandteil des l\u00e4nder\u00fcbergreifenden KaZa Naturschutzgebiet, dem gr\u00f6\u00dften Schutzgebiet der Welt.<\/li>\n<\/ul>\n<p>&nbsp;<\/p>\n<p>F\u00fcr die bessere \u00dcbersicht habe ich mir dann diese exklusive \ud83d\ude42 Karte gezeichnet<\/p>\n<p><img loading=\"lazy\" decoding=\"async\" class=\"aligncenter wp-image-7704\" src=\"http:\/\/kruste.selfhost.me\/wordpress\/wp-content\/uploads\/2020\/12\/map-scaled-e1609143778870.jpg\" alt=\"\" width=\"879\" height=\"473\" srcset=\"http:\/\/kruste.selfhost.me\/wordpress\/wp-content\/uploads\/2020\/12\/map-scaled-e1609143778870.jpg 2560w, http:\/\/kruste.selfhost.me\/wordpress\/wp-content\/uploads\/2020\/12\/map-scaled-e1609143778870-300x162.jpg 300w, http:\/\/kruste.selfhost.me\/wordpress\/wp-content\/uploads\/2020\/12\/map-scaled-e1609143778870-1024x552.jpg 1024w, http:\/\/kruste.selfhost.me\/wordpress\/wp-content\/uploads\/2020\/12\/map-scaled-e1609143778870-150x81.jpg 150w, http:\/\/kruste.selfhost.me\/wordpress\/wp-content\/uploads\/2020\/12\/map-scaled-e1609143778870-768x414.jpg 768w, http:\/\/kruste.selfhost.me\/wordpress\/wp-content\/uploads\/2020\/12\/map-scaled-e1609143778870-1536x827.jpg 1536w, http:\/\/kruste.selfhost.me\/wordpress\/wp-content\/uploads\/2020\/12\/map-scaled-e1609143778870-2048x1103.jpg 2048w\" sizes=\"auto, (max-width: 879px) 100vw, 879px\" \/><\/p>\n<p>&nbsp;<\/p>\n<p>und besuchte letzt endlich die Gebiete<\/p>\n<p><a href=\"http:\/\/kruste.selfhost.me\/wordpress\/?page_id=7709\" target=\"_blank\" rel=\"noopener\">Mahango<\/a> ( Ein mit 245 qkm sehr kleines Gebiet westlich des Okavango Flu\u00df )<\/p>\n<p><a href=\"http:\/\/kruste.selfhost.me\/wordpress\/?page_id=7709\" target=\"_blank\" rel=\"noopener\">Buffalo Park<\/a> ( Liegt direkt auf der anderen, \u00f6stlichen Seite des Okavango und ist mit 630 qkm ein St\u00fcck gr\u00f6\u00dfer )<\/p>\n<p><a href=\"http:\/\/kruste.selfhost.me\/wordpress\/?page_id=7791\" target=\"_blank\" rel=\"noopener\">Kwando Core Area<\/a> ( 1280 qkm gro\u00dfes Gebiet \u00f6stlich des Kwando Flu\u00df)<\/p>\n<p><a href=\"http:\/\/kruste.selfhost.me\/wordpress\/?page_id=7798\" target=\"_blank\" rel=\"noopener\">Mudumu Nationalpark<\/a> ( 100 qkm westlich des Kwando )<\/p>\n<p><a href=\"http:\/\/kruste.selfhost.me\/wordpress\/?page_id=7808\" target=\"_blank\" rel=\"noopener\">Nkasa<\/a> ( fr\u00fcher Mamili mit einer Fl\u00e4che von 320 qkm )<\/p>\n<p>&nbsp;<\/p>\n<p>(Mehr zu den einzelnen Gebieten im Bereich der Unterk\u00fcnfte)<\/p>\n<p>&nbsp;<\/p>\n<p>Generell unterscheiden sich diese Schutzgebiete sowie der komplette Caprivi Streifen vom Rest Namibias. Es gibt Feuchtgebiet, Fl\u00fcsse welche immer Wasser f\u00fchren, Palmen und f\u00fcr Namibia verh\u00e4ltnism\u00e4\u00dfig viele Menschen. Dies f\u00e4llt besonders bei der Fahrt \u00fcber die National Stra\u00dfe B8, welche fast 400km geradeaus f\u00fchrt, auf.\u00a0Es reihen sich kleine H\u00fctten entlang der B8 aneinander, Menschen tragen Kanister voll Wasser auf Ihren K\u00f6pfen, schlachten Tiere im Stra\u00dfengraben oder verkaufen Lebensmittel und Souvenirs an kleinen St\u00e4nden. Zeitweise dachte ich an Costa Rica oder Indonesien.<\/p>\n<p>Was \u00fcberall in Namibia gleich ist, die Menschen sind sehr freundlich und hilfsbereit !<\/p>\n<p>&nbsp;<\/p>\n<p><img loading=\"lazy\" decoding=\"async\" class=\" wp-image-7052 alignleft\" src=\"http:\/\/kruste.selfhost.me\/wordpress\/wp-content\/uploads\/2019\/12\/unterschrift_grau-e1580541964981.jpg\" alt=\"\" width=\"161\" height=\"89\" srcset=\"http:\/\/kruste.selfhost.me\/wordpress\/wp-content\/uploads\/2019\/12\/unterschrift_grau-e1580541964981.jpg 464w, http:\/\/kruste.selfhost.me\/wordpress\/wp-content\/uploads\/2019\/12\/unterschrift_grau-e1580541964981-150x82.jpg 150w, http:\/\/kruste.selfhost.me\/wordpress\/wp-content\/uploads\/2019\/12\/unterschrift_grau-e1580541964981-300x165.jpg 300w\" sizes=\"auto, (max-width: 161px) 100vw, 161px\" \/><\/p>\n<\/div><\/div><\/div><\/div><\/div>","protected":false},"excerpt":{"rendered":"<p>&nbsp; Der Caprivi Streifen, das andere Gesicht Namibias. Es handelt sich bei diesem Gebiet um einen circa 500 Kilometer langen und bis zu 100 Kilometer<\/p>\n","protected":false},"author":1,"featured_media":0,"parent":126,"menu_order":0,"comment_status":"closed","ping_status":"closed","template":"","meta":{"footnotes":""},"class_list":["post-7701","page","type-page","status-publish","hentry"],"_links":{"self":[{"href":"http:\/\/kruste.selfhost.me\/wordpress\/index.php?rest_route=\/wp\/v2\/pages\/7701","targetHints":{"allow":["GET"]}}],"collection":[{"href":"http:\/\/kruste.selfhost.me\/wordpress\/index.php?rest_route=\/wp\/v2\/pages"}],"about":[{"href":"http:\/\/kruste.selfhost.me\/wordpress\/index.php?rest_route=\/wp\/v2\/types\/page"}],"author":[{"embeddable":true,"href":"http:\/\/kruste.selfhost.me\/wordpress\/index.php?rest_route=\/wp\/v2\/users\/1"}],"replies":[{"embeddable":true,"href":"http:\/\/kruste.selfhost.me\/wordpress\/index.php?rest_route=%2Fwp%2Fv2%2Fcomments&post=7701"}],"version-history":[{"count":1,"href":"http:\/\/kruste.selfhost.me\/wordpress\/index.php?rest_route=\/wp\/v2\/pages\/7701\/revisions"}],"predecessor-version":[{"id":7702,"href":"http:\/\/kruste.selfhost.me\/wordpress\/index.php?rest_route=\/wp\/v2\/pages\/7701\/revisions\/7702"}],"up":[{"embeddable":true,"href":"http:\/\/kruste.selfhost.me\/wordpress\/index.php?rest_route=\/wp\/v2\/pages\/126"}],"wp:attachment":[{"href":"http:\/\/kruste.selfhost.me\/wordpress\/index.php?rest_route=%2Fwp%2Fv2%2Fmedia&parent=7701"}],"curies":[{"name":"wp","href":"https:\/\/api.w.org\/{rel}","templated":true}]}}