{"id":7898,"date":"2021-11-23T19:29:54","date_gmt":"2021-11-23T17:29:54","guid":{"rendered":"https:\/\/kruste.selfhost.me\/wordpress\/?page_id=7898"},"modified":"2022-10-27T13:33:37","modified_gmt":"2022-10-27T11:33:37","slug":"onguma-the-fort-etosha-2","status":"publish","type":"page","link":"http:\/\/kruste.selfhost.me\/wordpress\/?page_id=7898","title":{"rendered":"Nxai Pan"},"content":{"rendered":"<div id=\"pl-7898\"  class=\"panel-layout\" ><div id=\"pg-7898-0\"  class=\"panel-grid panel-no-style\" ><div id=\"pgc-7898-0-0\"  class=\"panel-grid-cell\" ><div id=\"panel-7898-0-0-0\" class=\"so-panel widget widget_text panel-first-child panel-last-child\" data-index=\"0\" >\t\t\t<div class=\"textwidget\"><p>letztes Update von 10\/2022<\/p>\n<\/div>\n\t\t<\/div><\/div><\/div><div id=\"pg-7898-1\"  class=\"panel-grid panel-no-style\" ><div id=\"pgc-7898-1-0\"  class=\"panel-grid-cell\" ><div id=\"panel-7898-1-0-0\" class=\"so-panel widget widget_black-studio-tinymce widget_black_studio_tinymce panel-first-child panel-last-child\" data-index=\"1\" ><div class=\"textwidget\"><div class=\"style_SkipStroke_2 shape-with-text flowDefining\">\n<div class=\"text-content style_External_485_494\">\n<div class=\"style\"><\/div>\n<div class=\"style\"><\/div>\n<div class=\"style\">\n<div class=\"style\">\n<hr \/>\n<p>Die Nxai Pan ist ein circa 2600 Quadratkilometer gro\u00dfes Naturschutzgebiet und liegt 130 Kilometer \u00f6stlich von Maun. Der 1970 gegr\u00fcndete Park besteht aus Nxai Pan sowie der Kudiakam Pan und geh\u00f6rt zum Siedlungsgebiet der San.<\/p>\n<p>Die Anreise zu den beiden Pans erfolgt \u00fcber eine recht tiefsandige jedoch breite Fahrspur und ein 4x4 Fahrzeug ist absolut notwendig, wobei die Wege nach starken Regenf\u00e4llen auch mit Allrad kaum befahrbar sind. Vom Gate aus f\u00fchren zwei Strecken in Richtung Norden um die Nxai Pan bzw. die\u00a0Kudiakam Pan zu erriechen. Die freundlichen Mitarbeiter des Parks geben bei Parkeintritt eine Empfehlung, welcher Weg der zurzeit einfacher zu befahrende ist. Es ist ratsam sich an diesen Tipp zu halten.<\/p>\n<p>Nach erfolgreich absolvierten 17 Kilometer Tiefsand besteht die M\u00f6glichkeit weitere 18 Kilometer gen Norden zur Nxai Pan zu fahren oder den Abzweig in Richtung Osten zur Kudiakam Pan zu w\u00e4hlen. Dieser teilt sich kurze Zeit sp\u00e4ter noch einmal in zwei Wege, welche beide zur Pan f\u00fchren. Zu meiner Reisezeit wurde dringen dazu geraten, die 14 Kilometer lange Strecke zu w\u00e4hlen. Der 12 Kilometer lange Weg sei nur schwer befahrbar.<\/p>\n<p>An der Kudiakam Pan angekommen fallen einem sofort die 7 gro\u00dfen Baobab B\u00e4ume ( Baines Baobabs, nach dem Maler und Entdecker Thomas Baines benannt)\u00a0ins Auge und wer m\u00f6chte, kann hier auf einem der einfachen Campingpl\u00e4tze \u00fcbernachten. Ich besuchte die Pan im September 2021 und konnte leider keine Tiere in der Gegend beobachte, sonst h\u00e4tte ich hier eventuell einen Tag verbracht. Gefallen hat mir die gro\u00dfe wei\u00dfe Fl\u00e4che schon.<\/p>\n<p>Entscheidet man sich an der ersten Kreuzung weiter gen Norden in Richtung Nxai Pan zu fahren, erscheinen nach weiteren 18 Kilometern ein paar Geb\u00e4ude. Hier befinden sich das kleine Office mit einfachem Shop und eine weitere Anmeldung. Nach Erledigung der letzten Formalit\u00e4ten sind die noch circa 2 Kilometer entfernten Campingpl\u00e4tze in erreichbarer N\u00e4he.<\/p>\n<p>Die South Camp Campsite ( es gibt hier nur diese ) bietet zwei \"Elefanten sichere\" Waschh\u00e4user, um welche die Campingpl\u00e4tze angeordnet sind. Da zu meiner Reisezeit die Pan sehr trocken und nur ein Wasserloch funktionst\u00fcchtig war, mussten die Elefanten zwangsl\u00e4ufig das Duschwasser der Camper trinken. W\u00e4ren die Waschh\u00e4user nicht durch Elektrozaun und spitze Eisenstangen gesichert gewesen, w\u00fcrde es sie sicher nicht mehr geben.<\/p>\n<p>&nbsp;<\/p><\/div>\n<\/div>\n<\/div>\n<\/div>\n<\/div><\/div><\/div><div id=\"pgc-7898-1-1\"  class=\"panel-grid-cell\" ><div id=\"panel-7898-1-1-0\" class=\"so-panel widget widget_black-studio-tinymce widget_black_studio_tinymce panel-first-child panel-last-child\" data-index=\"2\" ><div class=\"textwidget\"><p><img loading=\"lazy\" decoding=\"async\" class=\"size-full wp-image-7894 alignright\" src=\"http:\/\/kruste.selfhost.me\/wordpress\/wp-content\/uploads\/2021\/11\/COS_2259.jpg\" alt=\"\" width=\"900\" height=\"1356\" srcset=\"http:\/\/kruste.selfhost.me\/wordpress\/wp-content\/uploads\/2021\/11\/COS_2259.jpg 900w, http:\/\/kruste.selfhost.me\/wordpress\/wp-content\/uploads\/2021\/11\/COS_2259-199x300.jpg 199w, http:\/\/kruste.selfhost.me\/wordpress\/wp-content\/uploads\/2021\/11\/COS_2259-680x1024.jpg 680w, http:\/\/kruste.selfhost.me\/wordpress\/wp-content\/uploads\/2021\/11\/COS_2259-100x150.jpg 100w, http:\/\/kruste.selfhost.me\/wordpress\/wp-content\/uploads\/2021\/11\/COS_2259-768x1157.jpg 768w, http:\/\/kruste.selfhost.me\/wordpress\/wp-content\/uploads\/2021\/11\/COS_2259-510x768.jpg 510w\" sizes=\"auto, (max-width: 900px) 100vw, 900px\" \/><\/p>\n<\/div><\/div><\/div><\/div><div id=\"pg-7898-2\"  class=\"panel-grid panel-no-style\" ><div id=\"pgc-7898-2-0\"  class=\"panel-grid-cell\" ><div id=\"panel-7898-2-0-0\" class=\"so-panel widget widget_black-studio-tinymce widget_black_studio_tinymce panel-first-child\" data-index=\"3\" ><h3 class=\"widget-title\">Nxai Pan<\/h3><div class=\"textwidget\"><hr \/>\n<p>Bei der Nxai Pan handelt es sich um ein 1670 Quadratkilometer gro\u00dfe Fl\u00e4che mit mehreren Wasserl\u00f6chern wobei zu meiner Reisezeit ( September 2021 ) nur ein einziges davon in Betrieb war. S\u00e4mtliche Tiersichtungen begrenzten sich auf die Umgebung dieser Wasserstelle was nicht unbedingt ein Nachteil war. Elefanten, Giraffen, Impalas, Springb\u00f6cke, Kudus, Gnus, Zebras und Warzenschweine sind eigentlich immer am Wasserloch zu bewundern aber auch Schakale und L\u00f6wen waren keine Seltenheit. Eines Morgens hatte ich sogar das Gl\u00fcck ein L\u00f6wenrudel mit 15 Tieren bewundern zu d\u00fcrfen. Eine wundersch\u00f6ne Szene und die Tiere kamen nach dem Spielen direkt auf mein Auto zu, einfach<\/p>\n<p><span style=\"font-family: 'comic sans ms', sans-serif; font-size: 28px;\"><em>Traumhaft<\/em><\/span><\/p>\n<p>Aber auch ohne diese Sichtung hat mir das Wasserloch ausgesprochen gut gefallen. Die Sonnenunterg\u00e4nge boten ein tolles Licht und die Stimmung am Abend war unbeschreiblich sch\u00f6n.<\/p>\n<p>&nbsp;<\/p>\n<\/div><\/div><div id=\"panel-7898-2-0-1\" class=\"so-panel widget widget_text\" data-index=\"4\" >\t\t\t<div class=\"textwidget\"><p><code><\/p>\n<section class=\"parallax-section\">\n<div class=\"parallax-window\" data-z-index=\"0\" data-position-x=\"left\" data-parallax=\"scroll\" data-speed=\".3\" data-image-src=\"http:\/\/kruste.selfhost.me\/wordpress\/wp-content\/uploads\/2021\/11\/COS_2235-2.jpg\" style=\"align-items: flex-start;min-height: 650px;\">\n<div class=\"parallax-container parallax-content\">\n<\/div>\n<\/div>\n<\/section>\n<p><\/code><\/p>\n<\/div>\n\t\t<\/div><div id=\"panel-7898-2-0-2\" class=\"so-panel widget widget_black-studio-tinymce widget_black_studio_tinymce panel-last-child\" data-index=\"5\" ><h3 class=\"widget-title\">Die Umgebung:<\/h3><div class=\"textwidget\"><hr \/>\n<p><span style=\"color: #000000;\">Es f\u00fchrt ein\u00a0kleines Wegenetz durch die Pan wobei d<\/span><span style=\"color: #000000;\">er trocken und mit teilweise tiefen Spurrillen versehen Untergrund im September stein hart war. Es machte nicht wirklich viel Spa\u00df sich weit vom gut besuchten Wasserloch zu entfernen aber warum sollte man auch. Tier gab es in der Trockenheit nur dort, daf\u00fcr aber in gro\u00dfer Anzahl.<\/span><\/p>\n<p><\/p>\n<p>&nbsp;<\/p>\n<\/div><\/div><\/div><\/div><div id=\"pg-7898-3\"  class=\"panel-grid panel-no-style\" ><div id=\"pgc-7898-3-0\"  class=\"panel-grid-cell\" ><div id=\"panel-7898-3-0-0\" class=\"so-panel widget panel-first-child panel-last-child\" data-index=\"6\" ><\/div><\/div><div id=\"pgc-7898-3-1\"  class=\"panel-grid-cell\" ><div id=\"panel-7898-3-1-0\" class=\"so-panel widget widget_media_image panel-first-child panel-last-child\" data-index=\"7\" ><img loading=\"lazy\" decoding=\"async\" width=\"743\" height=\"1024\" src=\"http:\/\/kruste.selfhost.me\/wordpress\/wp-content\/uploads\/2021\/11\/map_nxai_pan-1-743x1024.jpg\" class=\"image wp-image-7903  attachment-large size-large\" alt=\"\" style=\"max-width: 100%; height: auto;\" srcset=\"http:\/\/kruste.selfhost.me\/wordpress\/wp-content\/uploads\/2021\/11\/map_nxai_pan-1-743x1024.jpg 743w, http:\/\/kruste.selfhost.me\/wordpress\/wp-content\/uploads\/2021\/11\/map_nxai_pan-1-218x300.jpg 218w, http:\/\/kruste.selfhost.me\/wordpress\/wp-content\/uploads\/2021\/11\/map_nxai_pan-1-109x150.jpg 109w, http:\/\/kruste.selfhost.me\/wordpress\/wp-content\/uploads\/2021\/11\/map_nxai_pan-1-768x1059.jpg 768w, http:\/\/kruste.selfhost.me\/wordpress\/wp-content\/uploads\/2021\/11\/map_nxai_pan-1-557x768.jpg 557w, http:\/\/kruste.selfhost.me\/wordpress\/wp-content\/uploads\/2021\/11\/map_nxai_pan-1.jpg 900w\" sizes=\"auto, (max-width: 743px) 100vw, 743px\" \/><\/div><\/div><\/div><div id=\"pg-7898-4\"  class=\"panel-grid panel-no-style\" ><div id=\"pgc-7898-4-0\"  class=\"panel-grid-cell\" ><div id=\"panel-7898-4-0-0\" class=\"so-panel widget widget_black-studio-tinymce widget_black_studio_tinymce panel-first-child\" data-index=\"8\" ><h3 class=\"widget-title\">Kudiakam Pan<\/h3><div class=\"textwidget\"><hr \/>\n<p class=\"paragraph_style\">Ich habe mich nicht sehr lange auf der Pan aufgehalten, da der Weg zu meinem n\u00e4chsten Ziel (Elefant Sands) noch reicht weit war<\/p>\n<p class=\"paragraph_style\">und kann somit nicht viel zu diesem Ort sagen.<\/p>\n<p>Die Anfahrt, \u00fcber die 14 Kilometer lange Strecke, war jedenfalls nicht sehr schwierig aber aufgrund der doch recht tiefen Spurrillen<\/p>\n<p>nur mit angemessener Geschwindigkeit zu bew\u00e4ltigen. Fotostopps oder gar Roadblocker ( z.B. Elefanten ) haben meinen Zeitplan nicht gef\u00e4hrdet<\/p>\n<p>da einfach keine Tier zu sehen waren. Die Landschaft hat mir jedoch gut gefallen und ich k\u00f6nnte mir vorstellen mal eine \u00dcbernachtung auf der Pan<\/p>\n<p>zu buchen.<\/p>\n<p>&nbsp;<\/p>\n<\/div><\/div><div id=\"panel-7898-4-0-1\" class=\"so-panel widget widget_black-studio-tinymce widget_black_studio_tinymce\" data-index=\"9\" ><h3 class=\"widget-title\">Gut zu wissen<\/h3><div class=\"textwidget\"><hr \/>\n<ul>\n<li class=\"paragraph_style\">Nxai-Pan-Nationalpark und Makgadikgadi-Nationalpark geh\u00f6ren zusammen und k\u00f6nnen somit mit einem \"Tagesticket\" besucht werden.<\/li>\n<li>Die Bezahlung der Campsite gilt pro \u00dcbernachtung, die f\u00fcr den Park jedoch je Kalendertag. Das hat zur Folge, dass bei einer \u00dcbernachtung immer 2 Tagesgeb\u00fchren f\u00e4llig werden.<\/li>\n<li>Eine \u00dcbernachtung auf der n\u00f6rdlich gelegenen Khama Khama Pan ist nicht m\u00f6glich.<\/li>\n<li>Lebensmittel und Treibstoff k\u00f6nnen im Park nicht gekauft werden.<\/li>\n<li>Die Bezahlung der Parkgeb\u00fchr erfolgt nur Bar und in Pula ! ( Update 2022: Die Parkgeb\u00fchr konnte per Kreditkarte bezahlt werden, die Campsite leider nicht mehr )<\/li>\n<li>Auch die Parkgeb\u00fchr der Nxai Pan wurde 2022 stark erh\u00f6ht und liegt jetzt ( 10 \/ 2022 ) bei 190 Pula + 75 Pula f\u00fcr ein Fahrzeug bis 3500 kg. In Summe 20 Euro pro Tag.<br \/>\nOb diese massive Erh\u00f6hung von allen Touristen getragen wird, wage ich zu bezweifeln.<\/li>\n<\/ul>\n<p>&nbsp;<\/p>\n<\/div><\/div><div id=\"panel-7898-4-0-2\" class=\"so-panel widget widget_black-studio-tinymce widget_black_studio_tinymce panel-last-child\" data-index=\"10\" ><div class=\"textwidget\"><p><img loading=\"lazy\" decoding=\"async\" class=\"aligncenter size-full wp-image-7904\" src=\"http:\/\/kruste.selfhost.me\/wordpress\/wp-content\/uploads\/2021\/11\/BOT3233.jpg\" alt=\"\" width=\"1600\" height=\"723\" srcset=\"http:\/\/kruste.selfhost.me\/wordpress\/wp-content\/uploads\/2021\/11\/BOT3233.jpg 1600w, http:\/\/kruste.selfhost.me\/wordpress\/wp-content\/uploads\/2021\/11\/BOT3233-300x136.jpg 300w, http:\/\/kruste.selfhost.me\/wordpress\/wp-content\/uploads\/2021\/11\/BOT3233-1024x463.jpg 1024w, http:\/\/kruste.selfhost.me\/wordpress\/wp-content\/uploads\/2021\/11\/BOT3233-150x68.jpg 150w, http:\/\/kruste.selfhost.me\/wordpress\/wp-content\/uploads\/2021\/11\/BOT3233-768x347.jpg 768w, http:\/\/kruste.selfhost.me\/wordpress\/wp-content\/uploads\/2021\/11\/BOT3233-1536x694.jpg 1536w\" sizes=\"auto, (max-width: 1600px) 100vw, 1600px\" \/><\/p>\n<\/div><\/div><\/div><\/div><\/div>","protected":false},"excerpt":{"rendered":"<p>letztes Update von 10\/2022 Die Nxai Pan ist ein circa 2600 Quadratkilometer gro\u00dfes Naturschutzgebiet und liegt 130 Kilometer \u00f6stlich von Maun. Der 1970 gegr\u00fcndete Park<\/p>\n","protected":false},"author":1,"featured_media":0,"parent":7404,"menu_order":0,"comment_status":"closed","ping_status":"closed","template":"","meta":{"footnotes":""},"class_list":["post-7898","page","type-page","status-publish","hentry"],"_links":{"self":[{"href":"http:\/\/kruste.selfhost.me\/wordpress\/index.php?rest_route=\/wp\/v2\/pages\/7898","targetHints":{"allow":["GET"]}}],"collection":[{"href":"http:\/\/kruste.selfhost.me\/wordpress\/index.php?rest_route=\/wp\/v2\/pages"}],"about":[{"href":"http:\/\/kruste.selfhost.me\/wordpress\/index.php?rest_route=\/wp\/v2\/types\/page"}],"author":[{"embeddable":true,"href":"http:\/\/kruste.selfhost.me\/wordpress\/index.php?rest_route=\/wp\/v2\/users\/1"}],"replies":[{"embeddable":true,"href":"http:\/\/kruste.selfhost.me\/wordpress\/index.php?rest_route=%2Fwp%2Fv2%2Fcomments&post=7898"}],"version-history":[{"count":1,"href":"http:\/\/kruste.selfhost.me\/wordpress\/index.php?rest_route=\/wp\/v2\/pages\/7898\/revisions"}],"predecessor-version":[{"id":7899,"href":"http:\/\/kruste.selfhost.me\/wordpress\/index.php?rest_route=\/wp\/v2\/pages\/7898\/revisions\/7899"}],"up":[{"embeddable":true,"href":"http:\/\/kruste.selfhost.me\/wordpress\/index.php?rest_route=\/wp\/v2\/pages\/7404"}],"wp:attachment":[{"href":"http:\/\/kruste.selfhost.me\/wordpress\/index.php?rest_route=%2Fwp%2Fv2%2Fmedia&parent=7898"}],"curies":[{"name":"wp","href":"https:\/\/api.w.org\/{rel}","templated":true}]}}