{"id":1669,"date":"2015-09-09T13:13:24","date_gmt":"2015-09-09T11:13:24","guid":{"rendered":"http:\/\/kruste.selfhost.me\/wordpress\/?page_id=1669"},"modified":"2020-06-10T20:40:05","modified_gmt":"2020-06-10T18:40:05","slug":"palau","status":"publish","type":"page","link":"https:\/\/kruste.selfhost.me\/wordpress\/?page_id=1669","title":{"rendered":"Palau"},"content":{"rendered":"<div id=\"pl-1669\"  class=\"panel-layout\" ><div id=\"pg-1669-0\"  class=\"panel-grid panel-no-style\" ><div id=\"pgc-1669-0-0\"  class=\"panel-grid-cell\" ><div id=\"panel-1669-0-0-0\" class=\"so-panel widget widget_black-studio-tinymce widget_black_studio_tinymce panel-first-child\" data-index=\"0\" ><div class=\"textwidget\"><p class=\"paragraph_style\" style=\"color: #ffffff;\"><span style=\"color: #000000;\"><strong><span class=\"style_1\">L\u00e4ndername:\u00a0<\/span><\/strong><\/span><\/p>\n<p>Republik Palau \/ Republic of Palau<\/p>\n<p class=\"paragraph_style\" style=\"color: #ffffff;\"><span style=\"color: #000000;\"><strong>Flagge:<\/strong><\/span><\/p>\n<p style=\"text-align: left;\"><a href=\"http:\/\/kruste.selfhost.me\/wordpress\/wp-content\/uploads\/2015\/09\/palau.jpg\"><img loading=\"lazy\" decoding=\"async\" class=\"alignnone size-full wp-image-1675\" src=\"http:\/\/kruste.selfhost.me\/wordpress\/wp-content\/uploads\/2015\/09\/palau.jpg\" alt=\"palau\" width=\"106\" height=\"67\" \/><\/a><\/p>\n<\/div><\/div><div id=\"panel-1669-0-0-1\" class=\"so-panel widget widget_black-studio-tinymce widget_black_studio_tinymce\" data-index=\"1\" ><div class=\"panel-widget-style panel-widget-style-for-1669-0-0-1\" ><div class=\"textwidget\"><hr \/>\n<p><span style=\"color: #003399; font-size: 300%;\">Fl\u00e4che <\/span> <span style=\"color: #003399; font-size: xx-large;\">460 qm\u00b2 <\/span><span style=\"color: #003399;\">Einwohner <\/span> <span style=\"color: #003399; font-size: large;\">20.000 <\/span><span style=\"color: #003399; font-size: small;\">Hauptstadt <\/span> <span style=\"color: #003399; font-size: x-large;\">Melekeok <\/span><span style=\"color: #003399; font-size: small;\">Kennzeichen <\/span> <span style=\"color: #003399;\">PAL <\/span><span style=\"color: #003399; font-size: x-large;\">US Dollar US$ <\/span><span style=\"color: #003399; font-size: small;\">Vorwahl <\/span> <span style=\"color: #003399;\">00680 <\/span><span style=\"color: #003399; font-size: medium;\">Hannover - Palau 11.566 km <\/span><\/p>\n<hr \/>\n<\/div><\/div><\/div><div id=\"panel-1669-0-0-2\" class=\"so-panel widget widget_black-studio-tinymce widget_black_studio_tinymce panel-last-child\" data-index=\"2\" ><div class=\"textwidget\"><p class=\"paragraph_style\" style=\"color: #ffffff;\">\u00a0<span style=\"color: #000000;\"><strong><span class=\"style_4\">Klima:<\/span><\/strong><\/span><\/p>\n<p>Tropisch mit hoher Luftfeuchtigkeit und hohem Niederschlag; mitunter Gefahr von Taifunen.\u00a0Gute Reisezeit von Dezember bis April.<\/p>\n<p><strong><span class=\"style_4\">Lage:\u00a0<\/span><\/strong><\/p>\n<p>Inselgruppe aus 8 Hauptinseln und etwa 220 kleineren Inseln im Nordpazifik, s\u00fcd\u00f6stlich der Philippinen zwischen dem 0 und dem 10 Grad n\u00f6rdlicher Breite und 130 und 140 Grad \u00f6stlicher L\u00e4nge.<\/p>\n<p style=\"color: #919191;\"><span style=\"color: #000000;\"><strong><span class=\"style_4\">Fl\u00e4che:<\/span><\/strong><\/span><\/p>\n<p>circa 460\u00a0qkm\u00a0Landfl\u00e4che<\/p>\n<p class=\"paragraph_style\" style=\"color: #ffffff;\"><span style=\"color: #000000;\"><strong><span class=\"style_4\">Hauptstadt:<\/span><\/strong><\/span><\/p>\n<p style=\"color: #919191;\"><span style=\"color: #000000;\">Die Stadt\u00a0Koror ist seit 2006 nicht mehr die Hauptstadt Palau's. Im Jahr 2006 wurde Melekeok als Hauptstadt errichtet und benannt.\u00a0\u00a0<\/span><\/p>\n<p class=\"paragraph_style\" style=\"color: #ffffff;\"><span style=\"color: #000000;\"><strong><span class=\"style_4\">Bev\u00f6lkerung: \u00a0<\/span><\/strong><\/span><\/p>\n<p>circa 20.000<\/p>\n<p class=\"paragraph_style\" style=\"color: #ffffff;\"><span style=\"color: #000000;\"><strong><span class=\"style_4\">Landessprachen:<\/span><\/strong><\/span><\/p>\n<p style=\"color: #919191;\"><span style=\"color: #000000;\">Palauisch und Englisch<\/span><\/p>\n<p class=\"paragraph_style\" style=\"color: #ffffff;\"><span style=\"color: #000000;\"><strong><span class=\"style_4\">Religionen \/ Kirchen:<\/span><\/strong><\/span><\/p>\n<p>\u00dcberwiegend Christen (Katholiken und Protestanten). Etwa ein Drittel der Bev\u00f6lkerung geh\u00f6rt der einheimischen Modekngei-Religion an.<\/p>\n<p class=\"paragraph_style\" style=\"color: #ffffff;\"><span class=\"style_4\" style=\"color: #000000;\"><strong>Nationaltag: \u00a0<\/strong> \u00a0<\/span><\/p>\n<p>9. Juli<br \/>\n1. Oktober (Unabh\u00e4ngigkeitstag)<\/p>\n<p class=\"paragraph_style\" style=\"color: #ffffff;\"><span style=\"color: #000000;\"><strong><span class=\"style_4\">Internationale Vorwahl Palau:<\/span><\/strong><\/span><\/p>\n<p class=\"paragraph_style\" style=\"color: #ffffff;\"><span class=\"style_2\" style=\"color: #000000;\">00680<\/span><\/p>\n<p class=\"paragraph_style\" style=\"color: #ffffff;\"><span style=\"color: #000000;\"><strong><span class=\"style_4\">Wechselkurs:<\/span><\/strong><\/span><\/p>\n<p style=\"color: #ffffff;\"><span style=\"color: #000000;\">1 Amerikanischer Dollar\u00a0(USD)\u00a0\u00a0= 100 Cent<\/span><\/p>\n<p style=\"color: #ffffff;\"><strong><span style=\"color: #000000;\">Aktueller Wechselkurs (ohne Gew\u00e4hr):<\/span><\/strong><\/p>\n<p style=\"color: #323333;\">F\u00fcr 1,00&nbsp;EUR erh\u00e4lt man zurzeit 1.17&nbsp;USD.<\/p>\n<p style=\"color: #323333;\"><strong>Der\u00a0Wechselkurs w\u00e4hrend meiner Reise:<\/strong><\/p>\n<ul>\n<li style=\"color: #323333;\">April 2004, 1 \u20ac = 1.21 USD<\/li>\n<li>M\u00e4rz\u00a02005, 1\u20ac = 1.22\u00a0USD<\/li>\n<\/ul>\n<p>&nbsp;<\/p>\n<p><strong>Entfernung:<\/strong><\/p>\n<p><span style=\"color: #000000;\">Hannover - Palau\u00a011.566 km<\/span><\/p>\n<h3>Karte:<\/h3>\n<hr \/>\n<\/div><\/div><\/div><\/div><div id=\"pg-1669-1\"  class=\"panel-grid panel-no-style\" ><div id=\"pgc-1669-1-0\"  class=\"panel-grid-cell\" ><div id=\"panel-1669-1-0-0\" class=\"so-panel widget panel-first-child panel-last-child\" data-index=\"3\" ><\/div><\/div><\/div><\/div>","protected":false},"excerpt":{"rendered":"<p>L\u00e4ndername:\u00a0Republik Palau \/ Republic of PalauFlagge: Fl\u00e4che 460 qm\u00b2 Einwohner 20.000 Hauptstadt Melekeok Kennzeichen PAL US Dollar US$ Vorwahl 00680 Hannover &#8211; Palau 11.566 km<\/p>\n","protected":false},"author":1,"featured_media":0,"parent":30,"menu_order":0,"comment_status":"closed","ping_status":"closed","template":"","meta":{"footnotes":""},"class_list":["post-1669","page","type-page","status-publish","hentry"],"_links":{"self":[{"href":"https:\/\/kruste.selfhost.me\/wordpress\/index.php?rest_route=\/wp\/v2\/pages\/1669","targetHints":{"allow":["GET"]}}],"collection":[{"href":"https:\/\/kruste.selfhost.me\/wordpress\/index.php?rest_route=\/wp\/v2\/pages"}],"about":[{"href":"https:\/\/kruste.selfhost.me\/wordpress\/index.php?rest_route=\/wp\/v2\/types\/page"}],"author":[{"embeddable":true,"href":"https:\/\/kruste.selfhost.me\/wordpress\/index.php?rest_route=\/wp\/v2\/users\/1"}],"replies":[{"embeddable":true,"href":"https:\/\/kruste.selfhost.me\/wordpress\/index.php?rest_route=%2Fwp%2Fv2%2Fcomments&post=1669"}],"version-history":[{"count":2,"href":"https:\/\/kruste.selfhost.me\/wordpress\/index.php?rest_route=\/wp\/v2\/pages\/1669\/revisions"}],"predecessor-version":[{"id":6633,"href":"https:\/\/kruste.selfhost.me\/wordpress\/index.php?rest_route=\/wp\/v2\/pages\/1669\/revisions\/6633"}],"up":[{"embeddable":true,"href":"https:\/\/kruste.selfhost.me\/wordpress\/index.php?rest_route=\/wp\/v2\/pages\/30"}],"wp:attachment":[{"href":"https:\/\/kruste.selfhost.me\/wordpress\/index.php?rest_route=%2Fwp%2Fv2%2Fmedia&parent=1669"}],"curies":[{"name":"wp","href":"https:\/\/api.w.org\/{rel}","templated":true}]}}