{"id":2255,"date":"2016-05-31T18:57:49","date_gmt":"2016-05-31T16:57:49","guid":{"rendered":"http:\/\/kruste.selfhost.me\/wordpress\/?page_id=2255"},"modified":"2020-06-11T07:19:39","modified_gmt":"2020-06-11T05:19:39","slug":"region-kuala-lumpur","status":"publish","type":"page","link":"https:\/\/kruste.selfhost.me\/wordpress\/?page_id=2255","title":{"rendered":"Region Kuala Lumpur"},"content":{"rendered":"<div id=\"pl-2255\"  class=\"panel-layout\" ><div id=\"pg-2255-0\"  class=\"panel-grid panel-no-style\" ><div id=\"pgc-2255-0-0\"  class=\"panel-grid-cell\" ><div id=\"panel-2255-0-0-0\" class=\"so-panel widget widget_black-studio-tinymce widget_black_studio_tinymce panel-first-child\" data-index=\"0\" ><div class=\"textwidget\"><hr \/>\n<p>\u00a0<\/p>\n<\/div><\/div><div id=\"panel-2255-0-0-1\" class=\"so-panel widget widget_text panel-last-child\" data-index=\"1\" >\t\t\t<div class=\"textwidget\"><p>\nAktuelle Zeit in Kuala Lumpur:  4:40 Uhr<br \/>\nZeitzone:  +08<br \/>\nDie Wettervorhersage f\u00fcr die n\u00e4chsten drei Tage: <\/p>\n<\/div>\n\t\t<\/div><\/div><div id=\"pgc-2255-0-1\"  class=\"panel-grid-cell\" ><div id=\"panel-2255-0-1-0\" class=\"so-panel widget widget_black-studio-tinymce widget_black_studio_tinymce panel-first-child panel-last-child\" data-index=\"2\" ><div class=\"textwidget\"><p><i><\/i><\/p>\n<div class='weather-atlas-wrapper' style='background:#FF4800;border:1px solid #ee3700;color:#fff;'>\n<div class='weather-atlas-header' style='border-bottom:1px solid #ee3700'>Kuala Lumpur, <\/div>\n<div class='weather-atlas-body'>\n<div class='current_horizontal'>\n<div class='current_temp'><i class='wi wi-fw wi-weather-34'><\/i><span class='temp'>29\u00b0<\/span>\n<div class='current_text'>Leicht<\/div>\n<div class='sunrise_sunset'>07:11<i class='wi wi-fw wi-weather-32'><\/i>19:27 +08<\/div>\n<\/div>\n<p><span class='current_text_2'>Gef\u00fchlt: 36<small>\u00b0C<\/small><br \/>Wind: 5<small>km\/h<\/small> ESE<br \/>Feuchtigkeit: 74<small>%<\/small><br \/>Druck: 1009.14<small>mbar<\/small><br \/>UV-Index: 5<\/span><\/p><\/div>\n<div class='hourly hours' style='border-bottom:1px solid #ee3700'><span class='extended_hour extended_hour_1'>11 am<\/span><span class='extended_hour extended_hour_2'>12 pm<\/span><span class='extended_hour extended_hour_3'>1 pm<\/span><span class='extended_hour extended_hour_4'>2 pm<\/span><span class='extended_hour extended_hour_5'>3 pm<\/span><\/div>\n<div class='hourly'><span class='extended_hour extended_hour_1' title='Teilweise Bew\u00f6lkt'>31<small>\u00b0C<\/small><br \/><i class='wi wi-fw wi-weather-30'><\/i><\/span><span class='extended_hour extended_hour_2' title='Teilweise Bew\u00f6lkt'>32<small>\u00b0C<\/small><br \/><i class='wi wi-fw wi-weather-30'><\/i><\/span><span class='extended_hour extended_hour_3' title='Teilweise Bew\u00f6lkt'>33<small>\u00b0C<\/small><br \/><i class='wi wi-fw wi-weather-30'><\/i><\/span><span class='extended_hour extended_hour_4' title='Vereinzelte Gewitter'>32<small>\u00b0C<\/small><br \/><i class='wi wi-fw wi-weather-37'><\/i><\/span><span class='extended_hour extended_hour_5' title='Vereinzelte Gewitter'>32<small>\u00b0C<\/small><br \/><i class='wi wi-fw wi-weather-38'><\/i><\/span><\/div>\n<div class='daily days' style='border-bottom:1px solid #ee3700'><span class='extended_day extended_day_1'>Di.<\/span><span class='extended_day extended_day_2'>Mi.<\/span><span class='extended_day extended_day_3'>Do.<\/span><\/div>\n<div class='daily'><span class='extended_day extended_day_1' title='Nachm. Gewitter'>32<small>\u00b0C<\/small> \/ 24<small>\u00b0C<\/small><br \/><i class='wi wi-fw wi-weather-38'><\/i><\/span><span class='extended_day extended_day_2' title='Gewitter'>31<small>\u00b0C<\/small> \/ 24<small>\u00b0C<\/small><br \/><i class='wi wi-fw wi-weather-4'><\/i><\/span><span class='extended_day extended_day_3' title='Gewitter'>31<small>\u00b0C<\/small> \/ 23<small>\u00b0C<\/small><br \/><i class='wi wi-fw wi-weather-4'><\/i><\/span><\/div>\n<\/div>\n<div class='weather-atlas-footer' style='border-top:1px solid #ee3700'><a href='https:\/\/www.weather-my.com\/en\/malaysia\/kuala-lumpur-' title='Kuala Lumpur,  - 10 days weather forecast' style='color:#fff'><span class='weather-atlas-footer-block'>Kuala Lumpur, <\/span> 10 days weather forecast &#9656;<\/a><\/div>\n<\/div>\n<p><\/p>\n<\/div><\/div><\/div><\/div><div id=\"pg-2255-1\"  class=\"panel-grid panel-no-style\" ><div id=\"pgc-2255-1-0\"  class=\"panel-grid-cell\" ><div id=\"panel-2255-1-0-0\" class=\"so-panel widget widget_black-studio-tinymce widget_black_studio_tinymce panel-first-child panel-last-child\" data-index=\"3\" ><div class=\"textwidget\"><hr \/>\n<p>Eine sch\u00f6ne Stadt, die ich vorab wirklich v\u00f6llig untersch\u00e4tzt hatte. Bei unserem ersten Besuch zuf\u00e4llig\u00a0als Drehkreuz angesteuert, sp\u00e4ter jedoch schon bewusst ausgew\u00e4hlt. Wer die Petronas Towers einmal im Scheinwerferlicht bewundern durfte, wird mich sicher verstehen.<\/p>\n<p>Aber auch sonst bietet Kuala Lumpur ( KL ), was \u00fcbersetzt schlammige Flussm\u00fcndung bedeutet, eine Menge. Da locken\u00a0Einkaufs und Shopping Center, die mit zum Teil recht g\u00fcnstigen Waren oder interessanten Attraktion wie Indoor Achterbahnen (\u00a0Berjaya Times Square )\u00a0aufwarten, genauso wie M\u00e4rkte ( Night Market ) auf denen Einheimische feilschen und Handeln.<\/p>\n<p>In KL leben circa 1.600.000 \u00a0Menschen und das merkt man sp\u00e4testens zur t\u00e4glichen \"Rush Hour \". Die KLIA ( Schnellbahn ) ist da schon eine gute Alternative um von A nach B zu kommen und ich kann diese auch als Verkehrsmittel f\u00fcr die Fahrt vom und zum Internationalen Flughafen (KUL) empfehlen ( Fahrzeit circa 35 Minuten ).<\/p>\n<p>Positiv in diesem ganzen Verkehrswirrwar sein zu erw\u00e4hnen, dass viele Taxen mit Gas angetrieben werden und die Luft somit nicht so stark vom Smog betroffen ist.<br \/>\nWer jedoch viel Gep\u00e4ck bei sich hat muss auf die gasbetriebenen Autos verzichten, da der Gasbeh\u00e4lter den Kofferraum gut ausf\u00fcllt. So hat alles seine Vor- und Nachteile.<\/p>\n<p>Sehenswert in KL empfand ich den Bereich um die Twin Towers ( Aquarium, Einkaufsmeilen, Restaurants ) sowie die Twin Towers selbst und das besonders in den fr\u00fchen Abendstunden.<\/p>\n<p>By the way; wer auf die Br\u00fccke m\u00f6chte, welche\u00a0die Twin Towers verbindet, kann dies kostenfrei unternehmen. Karten gibt es fr\u00fch am Morgen in der Lobby des Kuala Lumpur City Centre (KLCC) jedoch ist der Andrang ziemlich gro\u00df. Ohne Wartezeit, aber nicht ohne\u00a0Reservierung, ist das Abendessen im Fernsehturm m\u00f6glich. Ich habe hier den Preis f\u00fcr das Dinner jedoch eher als Eintritt verstanden. Sprich, das Essen war nicht so gut wurde aber durch den Ausblick kompensiert \ud83d\ude42<\/p>\n<p>Im Res\u00fcmee, drei bis vier Tage in dieser sch\u00f6nen Stadt sind ereignisreich und interessant aber auch ausreichend. Wenn ich die Wahl h\u00e4tte KL oder Singapur zu besuchen, w\u00fcrde ich mich f\u00fcr Singapur entscheiden. Diese Stadt ist doch schon eine andere Nummer.<\/p>\n<p>Nach etwas zur Geschichte Kuala Lumpurs:<\/p>\n<p>Die Stadt wurde 1857 von Bergleuten (Zinnsuchern) unter F\u00fchrung des malaiischen Rajas \/ Radschas Abdullah mitten im Urwald gegr\u00fcndet. Der Zinnhandel boomte, und seither wuchs der Ort stetig. 1896 entstand unter britischer Herrschaft aus den malaiischen Sultanaten die F\u00f6deration von Malaya, Kuala Lumpur wurde zur Hauptstadt der F\u00f6deration. Unter britischer Herrschaft wuchs die Stadt zum Verwaltungszentrum, ein Stra\u00dfennetz wurde angelegt und viele der noch heute erhaltenen Prunkbauten entstanden. 1957 wurde der Ort die Hauptstadt des unabh\u00e4ngigen Malaya. Kuala Lumpur erhielt 1972 den Stadtstatus, wurde 1974 zum Bundesterritorium und bekam eine vom Bundesstaat und Sultanat Selangor unabh\u00e4ngige Verwaltung.<\/p>\n<p>Kuala Lumpur zeiht sich heute \u00fcber eine Fl\u00e4che von 244\u00a0km\u00b2 .<\/p>\n<\/div><\/div><\/div><\/div><\/div>","protected":false},"excerpt":{"rendered":"<p>\u00a0 Eine sch\u00f6ne Stadt, die ich vorab wirklich v\u00f6llig untersch\u00e4tzt hatte. Bei unserem ersten Besuch zuf\u00e4llig\u00a0als Drehkreuz angesteuert, sp\u00e4ter jedoch schon bewusst ausgew\u00e4hlt. Wer die<\/p>\n","protected":false},"author":1,"featured_media":0,"parent":2223,"menu_order":0,"comment_status":"closed","ping_status":"closed","template":"","meta":{"footnotes":""},"class_list":["post-2255","page","type-page","status-publish","hentry"],"_links":{"self":[{"href":"https:\/\/kruste.selfhost.me\/wordpress\/index.php?rest_route=\/wp\/v2\/pages\/2255","targetHints":{"allow":["GET"]}}],"collection":[{"href":"https:\/\/kruste.selfhost.me\/wordpress\/index.php?rest_route=\/wp\/v2\/pages"}],"about":[{"href":"https:\/\/kruste.selfhost.me\/wordpress\/index.php?rest_route=\/wp\/v2\/types\/page"}],"author":[{"embeddable":true,"href":"https:\/\/kruste.selfhost.me\/wordpress\/index.php?rest_route=\/wp\/v2\/users\/1"}],"replies":[{"embeddable":true,"href":"https:\/\/kruste.selfhost.me\/wordpress\/index.php?rest_route=%2Fwp%2Fv2%2Fcomments&post=2255"}],"version-history":[{"count":6,"href":"https:\/\/kruste.selfhost.me\/wordpress\/index.php?rest_route=\/wp\/v2\/pages\/2255\/revisions"}],"predecessor-version":[{"id":7418,"href":"https:\/\/kruste.selfhost.me\/wordpress\/index.php?rest_route=\/wp\/v2\/pages\/2255\/revisions\/7418"}],"up":[{"embeddable":true,"href":"https:\/\/kruste.selfhost.me\/wordpress\/index.php?rest_route=\/wp\/v2\/pages\/2223"}],"wp:attachment":[{"href":"https:\/\/kruste.selfhost.me\/wordpress\/index.php?rest_route=%2Fwp%2Fv2%2Fmedia&parent=2255"}],"curies":[{"name":"wp","href":"https:\/\/api.w.org\/{rel}","templated":true}]}}