{"id":2605,"date":"2017-08-21T19:38:54","date_gmt":"2017-08-21T17:38:54","guid":{"rendered":"http:\/\/kruste.selfhost.me\/wordpress\/?page_id=2605"},"modified":"2023-07-25T09:48:05","modified_gmt":"2023-07-25T07:48:05","slug":"blog-2017-suedafrika-nr-2","status":"publish","type":"page","link":"https:\/\/kruste.selfhost.me\/wordpress\/?page_id=2605","title":{"rendered":"BLOG 2017 (S\u00fcdafrika und Swaziland)"},"content":{"rendered":"<div id=\"pl-2605\"  class=\"panel-layout\" ><div id=\"pg-2605-0\"  class=\"panel-grid panel-no-style\" ><div id=\"pgc-2605-0-0\"  class=\"panel-grid-cell\" ><div id=\"panel-2605-0-0-0\" class=\"so-panel widget panel-first-child\" data-index=\"0\" ><\/div><div id=\"panel-2605-0-0-1\" class=\"so-panel widget widget_black-studio-tinymce widget_black_studio_tinymce panel-last-child\" data-index=\"1\" ><div class=\"textwidget\"><div class=\"article-main-content\">\n<div class=\"article-content\">\n<div class=\"article-main-content\">\n<div class=\"article-content\">\n<p><span style=\"text-decoration: underline;\"><strong>Die Reisedaten<\/strong><\/span>\u00a0<\/p>\n<p>06.07.2017<\/p>\n<ul>\n<li>Flug:<br \/> Hamburg - London - Johannesburg <span style=\"color: #99cc00;\">(H)<\/span><\/li>\n<\/ul>\n<p>07.07.2017 bis 11.07.2017<\/p>\n<ul>\n<li>Marloth Park ( Jabulani ) <span style=\"color: #99cc00;\">(B)<\/span><\/li>\n<\/ul>\n<p>11.07.2017 - 15.07.2017<\/p>\n<ul>\n<li>St. Lucia ( Lodge Afrique )\u00a0<span style=\"color: #99cc00;\">(C)<\/span><\/li>\n<\/ul>\n<p>15.07.2017 - 18.07.2017<\/p>\n<ul>\n<li>Swasiland ( Bushwillow Lodge Royal Jozini )\u00a0<span style=\"color: #99cc00;\">(D)<\/span><\/li>\n<\/ul>\n<p>18.07.2017 - 21.07.2017<\/p>\n<ul>\n<li>Kruger Park ( Biyamiti Bushveld Camp )\u00a0<span style=\"color: #99cc00;\">(E)<\/span><\/li>\n<\/ul>\n<p>21.07.2017 - 22.07.2017<\/p>\n<ul>\n<li>Kruger Park ( Satara Rest Camp )\u00a0<span style=\"color: #99cc00;\">(F)<\/span><\/li>\n<\/ul>\n<p>22.07.2017 - 25.07.2017<\/p>\n<ul>\n<li>Phalaborwa ( Yingwe\u00a0Silonque Bush Estate )\u00a0<span style=\"color: #99cc00;\">(G)<\/span><\/li>\n<\/ul>\n<p>25.07.2017 - 28.07.2017<\/p>\n<ul>\n<li>Phalaborwa ( Muweti )\u00a0<span style=\"color: #99cc00;\">(G)<\/span><\/li>\n<\/ul>\n<p>\u00a028.07.2017<\/p>\n<ul>\n<li>R\u00fcckflug:<br \/> Johannesburg - London - Hamburg<\/li>\n<\/ul>\n<p>\u00a0<\/p>\n<\/div>\n<\/div>\n<\/div>\n<\/div>\n<\/div><\/div><\/div><div id=\"pgc-2605-0-1\"  class=\"panel-grid-cell\" ><div id=\"panel-2605-0-1-0\" class=\"so-panel widget widget_origin_button panel-first-child panel-last-child\" data-index=\"2\" ><div class=\"origin-widget origin-widget-button origin-widget-button-simple-black align-right\"><a href=\"https:\/\/kruste.selfhost.me\/wordpress\/?page_id=8142&#038;preview=true\" \ntarget=\"_blank\" rel=\"noopener noreferrer\">\n\tReiseroute<\/a>\n<\/div><\/div><\/div><\/div><div id=\"pg-2605-1\"  class=\"panel-grid panel-no-style\" ><div id=\"pgc-2605-1-0\"  class=\"panel-grid-cell\" ><div id=\"panel-2605-1-0-0\" class=\"so-panel widget widget_black-studio-tinymce widget_black_studio_tinymce panel-first-child panel-last-child\" data-index=\"3\" ><h3 class=\"widget-title\">Kurz &#038; Knapp<\/h3><div class=\"textwidget\"><div class=\"article-main-content\">\n<div class=\"article-content\">\n<p><strong>Die Anreise<\/strong><\/p>\n<p class=\"paragraph_style\">Mit British Airways von Hamburg \u00fcber London nach Johannesburg. DIe Airline ist nur unterer Durchschnitt jedoch gibt es keine Gewichtsbegrenzung beim Handgep\u00e4ck. Der G20 Gipfel machte alles etwas komplizierter.<\/p>\n<p><strong>Der Marloth Park<\/strong><\/p>\n<p>Sch\u00f6ne Unterkunft, nur lange Wartezeiten und volle Stra\u00dfen st\u00f6rten beim Ausflug in den Kruger Park. Das gro\u00dfe Kudu beobachtete uns genau beim Reifenwechsel, spannen.<\/p>\n<p><strong>St Lucia<\/strong><\/p>\n<p>Lange und sp\u00e4te Anreise aufgrund des defekten Reifen. Die beste Unterkunft in St Lucia. Wassermangel und Umbauarbeiten ( Verlegung des Flusslauf ) w\u00fcrden mich in n\u00e4chster Zeit von einer Reise in diese Region abhalten. \u00a0Keine L\u00f6wen in den Wetlands ( was auch immer die Mitarbeiter des WDR da berichtet hatten ). Toller Badespa\u00df am Cape Vidal, zum Gl\u00fcck ohne Haie.<\/p>\n<p><strong>Swasiland<\/strong><\/p>\n<p>Eigentlich ein toller Platz. Leider fehlen die Raubtiere. Da auch die Nash\u00f6rner in andere Parks migriert wurden ist die Bezeichnung BIG 6 irref\u00fchrend. Unser Haus war sch\u00f6n aber nachdem ich die zweite Lodge des Besitzers gesehen hatte war ich sprachlos.<\/p>\n<\/div>\n<p><strong>Biyamiti<\/strong><\/p>\n<p>Gut 20 Kilometer private Stra\u00dfe im Kruger Park sind toll und in den Ferien unbezahlbar. Gute Tiersichtungen. Leider h\u00e4ngt unsere Kulturtasche inklusive der kleinen Reisekasse noch im Badezimmer.\u00a0<\/p>\n<\/div>\n<p><strong>Satara<\/strong><\/p>\n<p>Wildkatze im Camp und die S100 sind immer einen Besuch wert. Das sagten sich auch die 50 Autos bei der Sichtung eines Leoparden kurz vor Toreschlu\u00df. Leider konnte nur das erste Fahrzeug das Tier sehen, der Fahrer sperrte die Stra\u00dfe f\u00fcr sich alleine.<\/p>\n<p><strong>Yingwe<\/strong><\/p>\n<p>Ruhe und Entspannung. Der Blick aus dem Wirlpool in den Busch hatte schon was. Leider gab es wenig Wild und auch kein Aardvark. Der Nachbar Marius machte mich mit seinem Besitz ( Haus, See, Pool ...) sprachlos. Ein netter Kerl.<\/p>\n<p><strong>Muweti<\/strong><\/p>\n<p>Eigentlich wie immer. Es gibt leichte, positive Ver\u00e4nderungen im Reservat. Die Elefanten sind abgewandert doch L\u00f6wen \u00fcbernehmen den Bereich. Bungalow Nummer 3 wird ab August vermietet. Warten wir mal ab.<\/p>\n<p><strong>Die R\u00fcckeise<\/strong><\/p>\n<p>Der Toyota Fortuner machte sich gut, nur ob ich die 220 \u20ac f\u00fcr den neuen Reifen erstattet bekomme liegt in der Macht von Cardelmar ( sind die langsam ). Die Zugfahrt von Hamburg nach Hannover dauert aber was kann man f\u00fcr 32 Euro ( 3 Personen ) auch erwarten.<\/p>\n<p><strong>Fazit<\/strong><\/p>\n<p>Sch\u00f6ne Reise, leider etwas teuer und viele Menschen waren unterwegs. Wenn m\u00f6glich die Ferienzeit meiden ! Das Wetter spielte mit und es war nicht zu kalt nur der Wind musste nicht sein.<\/p>\n<\/div><\/div><\/div><\/div><\/div>","protected":false},"excerpt":{"rendered":"<p>Die Reisedaten\u00a006.07.2017Flug: Hamburg &#8211; London &#8211; Johannesburg (H)07.07.2017 bis 11.07.2017Marloth Park ( Jabulani ) (B)11.07.2017 &#8211; 15.07.2017St. Lucia ( Lodge Afrique )\u00a0(C)15.07.2017 &#8211; 18.07.2017Swasiland (<\/p>\n","protected":false},"author":1,"featured_media":0,"parent":6671,"menu_order":0,"comment_status":"closed","ping_status":"closed","template":"","meta":{"footnotes":""},"class_list":["post-2605","page","type-page","status-publish","hentry"],"_links":{"self":[{"href":"https:\/\/kruste.selfhost.me\/wordpress\/index.php?rest_route=\/wp\/v2\/pages\/2605","targetHints":{"allow":["GET"]}}],"collection":[{"href":"https:\/\/kruste.selfhost.me\/wordpress\/index.php?rest_route=\/wp\/v2\/pages"}],"about":[{"href":"https:\/\/kruste.selfhost.me\/wordpress\/index.php?rest_route=\/wp\/v2\/types\/page"}],"author":[{"embeddable":true,"href":"https:\/\/kruste.selfhost.me\/wordpress\/index.php?rest_route=\/wp\/v2\/users\/1"}],"replies":[{"embeddable":true,"href":"https:\/\/kruste.selfhost.me\/wordpress\/index.php?rest_route=%2Fwp%2Fv2%2Fcomments&post=2605"}],"version-history":[{"count":3,"href":"https:\/\/kruste.selfhost.me\/wordpress\/index.php?rest_route=\/wp\/v2\/pages\/2605\/revisions"}],"predecessor-version":[{"id":2792,"href":"https:\/\/kruste.selfhost.me\/wordpress\/index.php?rest_route=\/wp\/v2\/pages\/2605\/revisions\/2792"}],"up":[{"embeddable":true,"href":"https:\/\/kruste.selfhost.me\/wordpress\/index.php?rest_route=\/wp\/v2\/pages\/6671"}],"wp:attachment":[{"href":"https:\/\/kruste.selfhost.me\/wordpress\/index.php?rest_route=%2Fwp%2Fv2%2Fmedia&parent=2605"}],"curies":[{"name":"wp","href":"https:\/\/api.w.org\/{rel}","templated":true}]}}