{"id":2705,"date":"2017-10-18T10:15:20","date_gmt":"2017-10-18T08:15:20","guid":{"rendered":"http:\/\/kruste.selfhost.me\/wordpress\/?page_id=2705"},"modified":"2020-06-10T12:10:50","modified_gmt":"2020-06-10T10:10:50","slug":"blog-2017-suedafrika-nr-3-2","status":"publish","type":"page","link":"https:\/\/kruste.selfhost.me\/wordpress\/?page_id=2705","title":{"rendered":"BLOG 2017 (S\u00fcdafrika, Kruger Park pur)"},"content":{"rendered":"<div id=\"pl-2705\"  class=\"panel-layout\" ><div id=\"pg-2705-0\"  class=\"panel-grid panel-no-style\" ><div id=\"pgc-2705-0-0\"  class=\"panel-grid-cell\" ><div id=\"panel-2705-0-0-0\" class=\"so-panel widget panel-first-child\" data-index=\"0\" ><\/div><div id=\"panel-2705-0-0-1\" class=\"so-panel widget widget_black-studio-tinymce widget_black_studio_tinymce panel-last-child\" data-index=\"1\" ><div class=\"textwidget\"><div class=\"article-main-content\">\n<div class=\"article-content\">\n<div class=\"article-main-content\">\n<div class=\"article-content\">\n<p><span style=\"text-decoration: underline;\"><strong>Die Reisedaten<\/strong><\/span><\/p>\n<p>29.09.2017<\/p>\n<ul>\n<li>Flug:<br \/>\nHamburg - London - Johannesburg <span style=\"color: #99cc00;\">(I)<\/span><\/li>\n<\/ul>\n<p>30.09.2017 bis 01.10.2017<\/p>\n<ul>\n<li>Phalaborwa\u00a0<span style=\"color: #99cc00;\">(B)<\/span><\/li>\n<\/ul>\n<p>01.10.2017 - 03.10.2017<\/p>\n<ul>\n<li>Shimuwini Bushveld Camp ( Kruger Park )\u00a0<span style=\"color: #99cc00;\">(C)<\/span><\/li>\n<\/ul>\n<p>03.10.2017 - 06.10.2017<\/p>\n<ul>\n<li>Balule satellite camp ( Kruger Park )\u00a0<span style=\"color: #99cc00;\">(D)<\/span><\/li>\n<\/ul>\n<p>06.10.2017 - 07.10.2017<\/p>\n<ul>\n<li>Satara Rest Camp ( Kruger Park )\u00a0<span style=\"color: #99cc00;\">(E)<\/span><\/li>\n<\/ul>\n<p>07.10.2017 - 09.10.2017<\/p>\n<ul>\n<li>Lower Sabi Rest Camp ( Kruger Park ) <span style=\"color: #99cc00;\">(F)<\/span><\/li>\n<\/ul>\n<p>09.10.2017 - 11.10.2017<\/p>\n<ul>\n<li>Crocodile Bridge Rest Camp ( Kruger Park ) <span style=\"color: #99cc00;\">(G)<\/span><\/li>\n<\/ul>\n<p>11.10.2017 - 14.10.2017<\/p>\n<ul>\n<li>Biyamiti Satellite Camp ( Kruger Park)\u00a0<span style=\"color: #99cc00;\">(H)<\/span><\/li>\n<\/ul>\n<p>14.10.2017<\/p>\n<ul>\n<li>R\u00fcckflug:<br \/>\nJohannesburg - London - Hamburg<\/li>\n<\/ul>\n<p>&nbsp;<\/p><\/div>\n<\/div>\n<\/div>\n<\/div>\n<\/div><\/div><\/div><\/div><div id=\"pg-2705-1\"  class=\"panel-grid panel-no-style\" ><div id=\"pgc-2705-1-0\"  class=\"panel-grid-cell\" ><div id=\"panel-2705-1-0-0\" class=\"so-panel widget widget_black-studio-tinymce widget_black_studio_tinymce panel-first-child\" data-index=\"2\" ><h3 class=\"widget-title\">Kurz &#038; Knapp<\/h3><div class=\"textwidget\"><div class=\"article-main-content\">\n<div class=\"article-content\">\n<p class=\"paragraph_style\">\u00a0<\/p>\n<p><strong> Die Anreise<\/strong><\/p>\n<p>Mit British Airways von Hamburg nach London und weiter mit Virgin Atlantic nach Johannesburg. Die, f\u00fcr mich neue, Airline Virgin Atlantic \u00fcberraschte mit neuer Boing 787 und einer Top Ausstattung. Viel Platz, gro\u00dfe Monitore und sehr freundliches Personal.<\/p>\n<p><strong>Muweti ( Phalaborwa )<\/strong><\/p>\n<p>Es deutete sich schon bei der Anreise an. Ein dichtes Wolkenband und leichter Wind \u00fcber Phalaborwa sind immer Vorzeichen f\u00fcr einen Wetterumschwung. Ja, so war es dann auch. Die Safari am Morgen wurde durch viele Wolken und leichten Regen getr\u00fcbt.<\/p>\n<p><strong>Shimuwini Bushveld Camp<\/strong><\/p>\n<p>Ein sch\u00f6ner Platz im Kruger Park, den ich noch nicht kannte. Die Wohnh\u00e4user sind in einer Reihe, mit Blick auf den Fluss, ausgerichtet und die Anfahrt zum Camp erfolgt \u00fcber eine private Stra\u00dfe. Der kleine Pool rundet die Sache ab und unser Aufenthalt war sehr angenehm.<\/p>\n<p>Wer einfach mal entspannen m\u00f6chte ist hier richtig und durch das Fernglas sind viel Tier zu beobachten. Wir hatten Gl\u00fcck und konnten Malachite Kingfisher, Little und White Fronted Bee Eater sowie Giant Kingfisher entdecken. In der Nacht gab es fast immer das \u00a0Gebr\u00fcll der L\u00f6wen im Wechsel mit den Rufen der Hy\u00e4nen. Den Leoparden, der hier sein Revier haben soll, konnten wir leider nicht entdecken. Das Camp ist eine absolute Empfehlung !<\/p>\n<p><strong>Balule ( Kruger Park )<\/strong><\/p>\n<p>Die drei Tage ohne Strom vergingen wie im Flug und da das Wetter sich nicht von seiner besten Seite zeigte, mussten ja auch nicht so viele Fotos bearbeitet werden. Beeindruckend waren die Hy\u00e4nen, welche uns jeden Abend beim Grillen zusahen. Sehr dicht kamen die Tiere und wir waren froh, dass der Zaum fest und stabil war. Die sch\u00f6nsten Sichtungen hatten wir morgens auf der Stra\u00dfe S90 und auch die neu gebaute S147 wird eine interessante Strecke. Ob es bei der Jagd auf Warzenschweine, beim Faulenzen auf der Baustelle oder beim Vertreiben von Giraffen und Elefanten war,\u00a0L\u00f6wen haben wir in diesen drei Tagen viele gesehen. <br \/>Zum Gl\u00fcck blieb es w\u00e4hrend unseres Aufenthalts trocken und nur der Wind brachte reichlich Sand in die H\u00fctte . Was wir in Balule gemacht h\u00e4tten, wenn uns das Unwetter der N\u00e4chsten Tage erreicht h\u00e4tte, weis ich nicht. \u00a0<\/p>\n<\/div>\n<p><strong>Satara<\/strong><\/p>\n<p>Wie immer habe ich dieses Camp f\u00fcr einen Stopp auf der Fahrt in den S\u00fcden gebucht. Sicher w\u00fcrde es auch in einem Rutsch von Balule nach Lower Sabi gehen aber ohne die Fahrt an der S100 ( eine meiner lieblings Stra\u00dfen ) \u00a0geht es einfach nicht. Bei der Buchung des Bungalows hatte ich diesmal richtig Gl\u00fcck und einen Bungalow mit View ( die sind dann immer am Zaun ) erhalten. Bitte merken, der G Bereich ist eine gute Wahl und auch hier kommt die Wildkatze am Abend vorbei. Leider gilt auch hier, Lebensmittel sind vor den Affen ( Meerkatzen ) in Sicherheit zu bringen.\u00a0<\/p>\n<p>Ach ja, fast h\u00e4tte ich es vergessen. Wie immer gab es auch Katzen auf der S100 zu sehen. Diesmal hatten wir einen Leoparden mit Impala-Kill im Baum und einen pr\u00e4chtigen L\u00f6wen, der neben der Stra\u00dfe sein Stimme zum Besten gab.<\/p>\n<\/div>\n<p><strong>Lower Sabi<\/strong><\/p>\n<p>Ach hier hatte ich einen Bungalow mit View gebucht um dem Desaster mit dem Pavianen aus dem Weg zu gehen. Mein Fleisch wollte ich mir auf dieser Reise nicht erneut von den Tieren klauen lassen aber ich stellte fest, dass auch im Bungalow nicht alles sicher ist. Einige Paviane zogen durchs Camp und durchsuchten die offenen K\u00fcchen um essbares zu finden. Bei uns gingen nur Gl\u00e4ser kaputt aber Vorsicht ist geboten.<\/p>\n<p>Der Bungalow gefiel mir sonst \u00a0sehr gut und die Umgebung von Lower Sabi ist eh klasse. T\u00e4glich gab es L\u00f6wen auf der Stra\u00dfe ( H 4-1 ) nach Skukusa zu bewundern und auch Leoparden sind keine Seltenheit.<\/p>\n<p>Mit den Sichtungen von Tieren hatten wir viel Gl\u00fcck nur das Wetter spielte nicht so richtig mit. Der bew\u00f6lkte Himmel am Morgen wurde vom Sonnenschein abgel\u00f6st und dieser vom starken Regen mit Hagel. Es war einfach alles dabei und die Temperaturen schwankten am Tag von 19\u00b0C bis zu 36\u00b0C. Der Klimawandel ist hier mehr als sichtbar.<\/p>\n<p>Durch die dichte Wolkendecke waren mir leider auch die Sonnenunterg\u00e4nge am Sunset Damm verwehrt. Schade, darauf hatte ich mich richtig gefreut. \u00a0\u00a0<\/p>\n<p><strong>Crocodile Bridge Camp<\/strong><\/p>\n<p>Das gebuchte Zelte 8 kannte ich schon und ich war gl\u00fccklich mit der Lage direkt am Zaun. Die Hy\u00e4nen, die am Abend um das Camp schleichen, faszinieren mich immer wieder und es mach Spa\u00df die Tiere zu beobachten. Neu waren f\u00fcr mich die Buschbabys, welche abendlich nach Futter suchen. <br \/>Mit den Campern in der direkten Nachbarschaft hatten wir uns sogleich angefreundet und die Abende am Grill machten Freude. Auch Tiere gab es um Crocodile Bridge reichlich zu beobachten und die Sonne zeigte sich von Zeit zu Zeit. Zu Gl\u00fcck, da die Fahrt auf der Strecke S28 von Lower Sabi zu Crocodile Bridge bei Sonnenuntergang einfach traumhaft ist. \u00a0<br \/>\u00a0<\/p>\n<p><strong>Biyamiti<\/strong><\/p>\n<p>3 Tage Biyamiti konnte ich uns zum Anschluss der Reise buchen. Da dieses Camp sehr oft ausgebucht ist ein richtiger Gl\u00fcckstreffer und f\u00fcr unsere Abreise in Richtung Johannesburg ideal.<\/p>\n<p>Unser Bungalow, lag diesmal nicht direkt am Hide und die Sichtungen von Tieren ( au\u00dfer Meerkatzen ) hielten sich in Grenzen. F\u00fcr mich ist jedoch die 18 Kilometer lange private Strecke vom Camp zum kleinen Biyamiti Staudamm der eigentliche Grund f\u00fcr die \u00dcbernachtung in Biyamiti. Ich mag es einfach morgens das Gate zum Park zu \u00f6ffnen und eine Strecke zu fahren, auf der noch keiner unterwegs war.<\/p>\n<p>Vom kleinen Damm ging die Fahrt immer in Richtung des Lake Panic, wo ich auf den Malachite Kingfisher hoffte. Ich hatte den Vogel zwar auch am Damm selbst gesehen aber er war hier so scheu, dass gute Fotos nicht m\u00f6glich waren. Doch wie es nun einmal so ist, erging es mir am Lake Panic nicht anders.<br \/>Statt kleinen Kingfishern freute ich mich \u00fcber die gro\u00dfen Dinge im Park. Und hier bleiben drei Erlebnisse in meinen Gedanken.<\/p>\n<p>Das eine war die Begegnung mit circa 30 Elefanten, welche direkt am Hide des Lake Panic badeten. Wow, ich musste meine Hand vom Gel\u00e4nder nehmen um die Elefanten nicht zu ber\u00fchren. Das war sehr nah und mit meinem 500mm Objektiv h\u00e4tte ich dem Elefanten nur in Auge pieken k\u00f6nnen. Fotos waren nicht m\u00f6glich.<\/p>\n<p>Am selben Tag und nur wenig sp\u00e4ter sah ich 2 Nash\u00f6rner. Ein Mutter mit sehr jungem Kalb grasten am Stra\u00dfenrand. Das Muttertier \u00fcberquerte die Stra\u00dfe direkt vor meinem Auto jedoch traute sich das kleine Kalb nicht. Wenn man jedoch so eine imposante Mutter hat, braucht man keine Angst zu haben. Kurze Rufe veranlassten das gro\u00dfe Nashorn dem Baby doch bitte \u00fcber die Stra\u00dfe zu helfen. Sehr imposant.<\/p>\n<p>Und ganz s\u00fc\u00df war das neugeborene Flusspferd am Transport Damm. Es war noch zu schwach zum stehen aber das wird sicher noch, viel Gl\u00fcck.<\/p>\n<p>\u00a0<\/p>\n<p><strong>Die R\u00fcckeise<\/strong><\/p>\n<p>Die Fahrt vom Kr\u00fcger Park bis Johannesburg war im gro\u00dfen Toyota Fortuna kein Problem und Automatik sowie Tempomat machten die Sache angenehm. Weniger Komfortabel war mein doch sehr korpulenter Sitznachbar im Flugzeug. 10 Stunden Flugzeit mit direktem K\u00f6rperkontakt, nein danke.<\/p>\n<p>Da war der Ausfall des Zugs von Hamburg nach Hannover ja schon fast Nebensache.<\/p>\n<p>\u00a0<\/p>\n<p><strong>Fazit<\/strong><\/p>\n<p>Ich mag den Kruger Park und auch nach 2 Wochen wird es nicht langweilig. Jeden Tag gibt es neue Situationen oder man lernt nette Menschen kennen. Das doch sehr durchwachsene Wetter und die st\u00e4ndige dichte Wolkendecke tr\u00fcbten die Reise leider etwas.<\/p>\n<p>\u00a0<\/p>\n<p>\u00a0<\/p>\n<\/div><\/div><div id=\"panel-2705-1-0-1\" class=\"so-panel widget panel-last-child\" data-index=\"3\" ><div class=\"panel-widget-style panel-widget-style-for-2705-1-0-1\" ><\/div><\/div><\/div><\/div><\/div>","protected":false},"excerpt":{"rendered":"<p>Die Reisedaten 29.09.2017 Flug: Hamburg &#8211; London &#8211; Johannesburg (I) 30.09.2017 bis 01.10.2017 Phalaborwa\u00a0(B) 01.10.2017 &#8211; 03.10.2017 Shimuwini Bushveld Camp ( Kruger Park )\u00a0(C) 03.10.2017<\/p>\n","protected":false},"author":1,"featured_media":0,"parent":6671,"menu_order":0,"comment_status":"closed","ping_status":"closed","template":"","meta":{"footnotes":""},"class_list":["post-2705","page","type-page","status-publish","hentry"],"_links":{"self":[{"href":"https:\/\/kruste.selfhost.me\/wordpress\/index.php?rest_route=\/wp\/v2\/pages\/2705","targetHints":{"allow":["GET"]}}],"collection":[{"href":"https:\/\/kruste.selfhost.me\/wordpress\/index.php?rest_route=\/wp\/v2\/pages"}],"about":[{"href":"https:\/\/kruste.selfhost.me\/wordpress\/index.php?rest_route=\/wp\/v2\/types\/page"}],"author":[{"embeddable":true,"href":"https:\/\/kruste.selfhost.me\/wordpress\/index.php?rest_route=\/wp\/v2\/users\/1"}],"replies":[{"embeddable":true,"href":"https:\/\/kruste.selfhost.me\/wordpress\/index.php?rest_route=%2Fwp%2Fv2%2Fcomments&post=2705"}],"version-history":[{"count":2,"href":"https:\/\/kruste.selfhost.me\/wordpress\/index.php?rest_route=\/wp\/v2\/pages\/2705\/revisions"}],"predecessor-version":[{"id":2790,"href":"https:\/\/kruste.selfhost.me\/wordpress\/index.php?rest_route=\/wp\/v2\/pages\/2705\/revisions\/2790"}],"up":[{"embeddable":true,"href":"https:\/\/kruste.selfhost.me\/wordpress\/index.php?rest_route=\/wp\/v2\/pages\/6671"}],"wp:attachment":[{"href":"https:\/\/kruste.selfhost.me\/wordpress\/index.php?rest_route=%2Fwp%2Fv2%2Fmedia&parent=2705"}],"curies":[{"name":"wp","href":"https:\/\/api.w.org\/{rel}","templated":true}]}}