{"id":7578,"date":"2020-10-25T17:26:38","date_gmt":"2020-10-25T15:26:38","guid":{"rendered":"http:\/\/kruste.selfhost.me\/wordpress\/?page_id=7578"},"modified":"2022-10-27T19:44:37","modified_gmt":"2022-10-27T17:44:37","slug":"erindi-old-traders-lodge-naehe-etosha-2-2-3","status":"publish","type":"page","link":"https:\/\/kruste.selfhost.me\/wordpress\/?page_id=7578","title":{"rendered":"Okaukuejo Resort (s\u00fcdlich Etosha)"},"content":{"rendered":"<div id=\"pl-7578\"  class=\"panel-layout\" ><div id=\"pg-7578-0\"  class=\"panel-grid panel-no-style\" ><div id=\"pgc-7578-0-0\"  class=\"panel-grid-cell\" ><div id=\"panel-7578-0-0-0\" class=\"so-panel widget widget_text panel-first-child panel-last-child\" data-index=\"0\" >\t\t\t<div class=\"textwidget\"><p>letztes Update von 10\/2022<\/p>\n<\/div>\n\t\t<\/div><\/div><\/div><div id=\"pg-7578-1\"  class=\"panel-grid panel-no-style\" ><div id=\"pgc-7578-1-0\"  class=\"panel-grid-cell\" ><div id=\"panel-7578-1-0-0\" class=\"so-panel widget widget_black-studio-tinymce widget_black_studio_tinymce panel-first-child\" data-index=\"1\" ><div class=\"textwidget\"><\/div><\/div><div id=\"panel-7578-1-0-1\" class=\"so-panel widget widget_black-studio-tinymce widget_black_studio_tinymce panel-last-child\" data-index=\"2\" ><div class=\"textwidget\"><div class=\"style_SkipStroke_2 shape-with-text flowDefining\">\n<div class=\"text-content style_External_485_494\">\n<div><\/div>\n<\/div>\n<\/div>\n<div><\/div>\n<div><\/div>\n<div>\n\n<hr \/>\n\n<\/div>\n<div class=\"style\"><\/div>\n<div><\/div>\n<div><\/div>\n<div class=\"style_SkipStroke_2 shape-with-text flowDefining\">\n<div class=\"text-content style_External_485_494\">\n<div class=\"style\">\n<div class=\"style\">\n\n<span style=\"color: #000000;\">Das <a href=\"https:\/\/www.nwr.com.na\/resorts\/okaukuejo-resort\" target=\"_blank\" rel=\"noopener\">Okaukuejo Resort<\/a> ist das gr\u00f6\u00dfte Camp im Etosha National Park und liegt rund 17 Kilometer vom s\u00fcdlichen Eingang des Parks entfernt. Im Camp befindet sich ein kleiner Laden, \"Supermarkt\", Tankstelle und Restaurant. Wer ein Zimmer gebucht hat kommt in den Genuss des gro\u00dfen und saubern Pools.<\/span>\n\nF\u00fcr \u00dcbernachtungen stehen Campingpl\u00e4tze ( 37 ), Doppelzimmer ( 45 ) , Chalets ( 22 ) und 35 Wasserloch Chalets ( 5 davon Premium ) zur Verf\u00fcgung. Die Preise variieren je nach Typ von 460 N$ bis zu 4900 N$ und die Premium Chalets am Wasserloch liegen auch wirklich perfekt.\n\n<span style=\"color: #000000;\">Wobei wir auch schon beim Sahnest\u00fcck des Camps sind. Auf den ersten Blick sieht dieses Wasserloch nicht sehr spektakul\u00e4r aus, eigentlich sogar recht uninteressant. Die wahre Sch\u00f6nheit entpuppt sich erst zum Sonnenuntergang und dieser alleine ist schon eine \u00dcbernachtung im Camp Wert. Die Sonne f\u00e4rbt den Himmel in ein orange\/rot und die Giraffen spiegeln sich beim Trinken im Wasser.<\/span><\/div>\n&nbsp;\n<div class=\"style\">\n<blockquote><span style=\"color: #000000; font-family: 'comic sans ms', sans-serif; font-size: 36px;\"> Traumhaft<\/span><\/blockquote>\n\n<hr \/>\n\n&nbsp;<\/div>\n<\/div>\n<\/div>\n<\/div><\/div><\/div><\/div><div id=\"pgc-7578-1-1\"  class=\"panel-grid-cell\" ><div id=\"panel-7578-1-1-0\" class=\"so-panel widget widget_black-studio-tinymce widget_black_studio_tinymce panel-first-child panel-last-child\" data-index=\"3\" ><div class=\"textwidget\"><p style=\"padding-left: 40px;\"><img loading=\"lazy\" decoding=\"async\" class=\"aligncenter size-full wp-image-7580\" src=\"http:\/\/kruste.selfhost.me\/wordpress\/wp-content\/uploads\/2020\/10\/NAM_1643-scaled.jpg\" alt=\"\" width=\"1662\" height=\"2560\" srcset=\"https:\/\/kruste.selfhost.me\/wordpress\/wp-content\/uploads\/2020\/10\/NAM_1643-scaled.jpg 1662w, https:\/\/kruste.selfhost.me\/wordpress\/wp-content\/uploads\/2020\/10\/NAM_1643-195x300.jpg 195w, https:\/\/kruste.selfhost.me\/wordpress\/wp-content\/uploads\/2020\/10\/NAM_1643-665x1024.jpg 665w, https:\/\/kruste.selfhost.me\/wordpress\/wp-content\/uploads\/2020\/10\/NAM_1643-97x150.jpg 97w, https:\/\/kruste.selfhost.me\/wordpress\/wp-content\/uploads\/2020\/10\/NAM_1643-768x1183.jpg 768w, https:\/\/kruste.selfhost.me\/wordpress\/wp-content\/uploads\/2020\/10\/NAM_1643-498x768.jpg 498w, https:\/\/kruste.selfhost.me\/wordpress\/wp-content\/uploads\/2020\/10\/NAM_1643-997x1536.jpg 997w, https:\/\/kruste.selfhost.me\/wordpress\/wp-content\/uploads\/2020\/10\/NAM_1643-1329x2048.jpg 1329w\" sizes=\"auto, (max-width: 1662px) 100vw, 1662px\" \/><\/p>\n<\/div><\/div><\/div><\/div><div id=\"pg-7578-2\"  class=\"panel-grid panel-no-style\" ><div id=\"pgc-7578-2-0\"  class=\"panel-grid-cell\" ><div id=\"panel-7578-2-0-0\" class=\"so-panel widget widget_black-studio-tinymce widget_black_studio_tinymce panel-first-child\" data-index=\"4\" ><h3 class=\"widget-title\">Preise:<\/h3><div class=\"textwidget\"><hr \/>\n<p>Campingpl\u00e4tze 460 N$<\/p>\n<p>Doppelzimmer ab 1960 N$<\/p>\n<p>Chalet 2000 N$<\/p>\n<p>Chalet am Wasserloch 2870 N$<\/p>\n<p>Premium Chalet am Wasserloch 4900 N$<\/p>\n<p>&nbsp;<\/p>\n<\/div><\/div><div id=\"panel-7578-2-0-1\" class=\"so-panel widget widget_black-studio-tinymce widget_black_studio_tinymce\" data-index=\"5\" ><h3 class=\"widget-title\">Kommunikation:<\/h3><div class=\"textwidget\"><div id=\"id4\" class=\"style_SkipStroke_4 shape-with-text\">\n<div class=\"text-content graphic_textbox_layout_style_default_External_138_130\">\n<div class=\"graphic_textbox_layout_style_default\">\n<hr \/>\n<p class=\"Caption\">\u00dcber gekaufte Gutscheine ist der Zugang ins Internet per WLAN m\u00f6glich. F\u00fcr das Mobilfunknetz gibt es 3 GB Paket f\u00fcr 65 N$.<\/p>\n<p>&nbsp;<\/p><\/div>\n<\/div>\n<\/div>\n<\/div><\/div><div id=\"panel-7578-2-0-2\" class=\"so-panel widget widget_text\" data-index=\"6\" >\t\t\t<div class=\"textwidget\"><section class=\"parallax-section\">\n<div class=\"parallax-window\" data-z-index=\"1\" data-position-x=\"left\" data-parallax=\"scroll\" data-speed=\".3\" data-image-src=\"http:\/\/kruste.selfhost.me\/wordpress\/wp-content\/uploads\/2020\/10\/NAM_1710.jpg\" style=\"align-items: flex-start;min-height: 550px;\">\n<div class=\"parallax-container parallax-content\">\n<\/div>\n<\/div>\n<\/section>\n<\/div>\n\t\t<\/div><div id=\"panel-7578-2-0-3\" class=\"so-panel widget widget_black-studio-tinymce widget_black_studio_tinymce\" data-index=\"7\" ><h3 class=\"widget-title\">Anreise:<\/h3><div class=\"textwidget\"><hr \/>\n<p><span style=\"color: #000000;\"><span style=\"caret-color: #000000;\">Die 17 Kilometer lange Anfahrt erfolgt von S\u00fcden \u00fcber die gut ausgebaute Zufahrtsstrasse.<\/span><\/span><\/p>\n<p>In Richtung Osten erreicht man nach circa 70 Kilometern das Camp Halali und gen Westen sind es 170 Kilometer bis zum Dolomite Camp.<\/p>\n<p>&nbsp;<\/p>\n<\/div><\/div><div id=\"panel-7578-2-0-4\" class=\"so-panel widget widget_black-studio-tinymce widget_black_studio_tinymce\" data-index=\"8\" ><h3 class=\"widget-title\">Meine Reisezeiten:<\/h3><div class=\"textwidget\"><hr \/>\n<ul>\n<li>Januar 2018<\/li>\n<li>M\u00e4rz 2020<\/li>\n<li>November 2020<\/li>\n<li>Mai 2021<\/li>\n<li>Oktober 2022<\/li>\n<\/ul>\n<\/div><\/div><div id=\"panel-7578-2-0-5\" class=\"so-panel widget widget_black-studio-tinymce widget_black_studio_tinymce\" data-index=\"9\" ><h3 class=\"widget-title\">Das Wetter:<\/h3><div class=\"textwidget\"><hr \/>\n<p>Januar 2018<\/p>\n<ul>\n<li>Viele Wolken, leichter Regen und Temperaturen um die 30\u00b0C.<\/li>\n<\/ul>\n<p>&nbsp;<\/p>\n<p class=\"paragraph_style\">M\u00e4rz 2020<\/p>\n<ul>\n<li>Sehr hei\u00df und wenig Wolken. Die vielen Regenf\u00e4lle im Februar 2020 f\u00fcllten die Etosha Pfanne mit reichlich Wasser und es gab noch viele Pf\u00fctzen auf den Stra\u00dfen.<\/li>\n<\/ul>\n<p>November 2020<\/p>\n<ul>\n<li>Tags\u00fcber hei\u00df und in der Nacht angenehme Temperaturen. Regen gab es nicht<\/li>\n<\/ul>\n<p>Mai 2021<\/p>\n<ul>\n<li>Keine Wolke am Himmel und tags\u00fcber angenehm hohe Temperaturen. Nachts am Wasserloch ben\u00f6tigte man schon eine warme Decke.<\/li>\n<\/ul>\n<p>Oktober 2022<\/p>\n<ul>\n<li>Sehr warm und sp\u00e4ter starker Wind mit heftigem Regen.<\/li>\n<\/ul>\n<\/div><\/div><div id=\"panel-7578-2-0-6\" class=\"so-panel widget widget_black-studio-tinymce widget_black_studio_tinymce\" data-index=\"10\" ><h3 class=\"widget-title\">Zimmer:<\/h3><div class=\"textwidget\"><hr \/>\n<p><i style=\"font-family: sans-serif;\">Im Jahr 2018 hatten wir ein Chalet gemietet und es war sauber sowie sch\u00f6n eingerichtet. Was uns fehlte war eine K\u00fcche und da es bei den staatlichen Camps ( au\u00dfer beim Dolomite Resort ) im Bezug auf das Essen noch reichlich Luft nach oben gibt, war dies wirklich ein Nachteil.<\/i><\/p>\n<p><i style=\"font-family: sans-serif;\">Um diesem Problem aus dem Weg zu gehen, mieteten wir bei unserm n\u00e4chsten Aufenthalt einen Campingplatz. Durch unseren gut\u00a0<\/i><span style=\"font-family: sans-serif;\"><i>Ausgestatteten<\/i><\/span><i style=\"font-family: sans-serif;\">\u00a04x4 SUV mit Dachzelt hatten wir alles Notwendige dabei und dem Grillabend stand nichts mehr im Weg. Beachten sollte man jedoch, dass die Campingpl\u00e4tze recht n\u00fcchtern angelegt sind. Wer es sch\u00f6n haben m\u00f6chte ist hier fehl am Platz. Traumhaft ist nur die direkte Lage am Wasserloch. Mein Tipp Campsite 33 bis 37 buchen.<\/i><\/p>\n<p>2021 konnten wir die Angebote des NRW nutzen und waren gl\u00fccklich f\u00fcr eine Nacht den Premium Wasser Bungalow buchen zu k\u00f6nnen. Ein kleiner Palast mit Sonnendeck und Blick auf das Wasserloch. Traumhaft die Nacht auf der Terrasse zu verbringen und gespannt auf die Aktionen am Wasserloch zu warten. Ein \u00c4rger, dass man auch mal schlafen muss. Wer es sich leisten kann sollte eine \u00dcbernachtung buchen.<\/p>\n<p>Da der Premium Bungalow leider nur eine Nacht zur Verf\u00fcgung stand, buchten wir die zweite Nacht einen \"Wasser Bungalow\". Die Lage ist \u00e4hnlich gut und man ist nach wenigen Metern am Wasserloch. Perfekt f\u00fcr die Nacht, wenn die L\u00f6wen br\u00fcllen. Meine Empfehlung sind hier die Bungalows 1 -6. Als Nachteil sehe ich bei den Wasser Bungalows jedoch die recht begrenzte Zimmergr\u00f6\u00dfe und den kleinen Sitzplatz auf der \"Terrasse\" an. Das sind jedoch Einschr\u00e4nkungen, die man f\u00fcr 1 oder 2 N\u00e4chte in Kauf nehmen kann.<\/p>\n<p>&nbsp;<\/p>\n<\/div><\/div><div id=\"panel-7578-2-0-7\" class=\"so-panel widget widget_black-studio-tinymce widget_black_studio_tinymce\" data-index=\"11\" ><div class=\"textwidget\"><p><img loading=\"lazy\" decoding=\"async\" class=\"size-full wp-image-3269 aligncenter\" src=\"http:\/\/kruste.selfhost.me\/wordpress\/wp-content\/uploads\/2018\/02\/NAM_1572_web.jpg\" alt=\"\" width=\"1200\" height=\"665\" srcset=\"https:\/\/kruste.selfhost.me\/wordpress\/wp-content\/uploads\/2018\/02\/NAM_1572_web.jpg 1200w, https:\/\/kruste.selfhost.me\/wordpress\/wp-content\/uploads\/2018\/02\/NAM_1572_web-150x83.jpg 150w, https:\/\/kruste.selfhost.me\/wordpress\/wp-content\/uploads\/2018\/02\/NAM_1572_web-300x166.jpg 300w, https:\/\/kruste.selfhost.me\/wordpress\/wp-content\/uploads\/2018\/02\/NAM_1572_web-768x426.jpg 768w, https:\/\/kruste.selfhost.me\/wordpress\/wp-content\/uploads\/2018\/02\/NAM_1572_web-1024x567.jpg 1024w, https:\/\/kruste.selfhost.me\/wordpress\/wp-content\/uploads\/2018\/02\/NAM_1572_web-700x388.jpg 700w\" sizes=\"auto, (max-width: 1200px) 100vw, 1200px\" \/><\/p>\n<\/div><\/div><div id=\"panel-7578-2-0-8\" class=\"so-panel widget widget_black-studio-tinymce widget_black_studio_tinymce\" data-index=\"12\" ><h3 class=\"widget-title\">K\u00fcche \/ Restaurant:<\/h3><div class=\"textwidget\"><hr \/>\n<p>Auch hier zeigt sich die gute und leckere K\u00fcche Namibias nicht. Wirklich schade aber es gibt nur dieses eine Restaurant und wer Hunger hat, der muss da durch.<\/p>\n<\/div><\/div><div id=\"panel-7578-2-0-9\" class=\"so-panel widget widget_black-studio-tinymce widget_black_studio_tinymce\" data-index=\"13\" ><h3 class=\"widget-title\">Personal:<\/h3><div class=\"textwidget\"><hr \/>\n\n<span style=\"color: #000000;\"><span style=\"caret-color: #000000;\">Es sind alle freundlich jedoch merkt man schon, dass es sich bei diesem Camp und ein \"Durchgangspunkt\" handelt. Es ist relativ viel Betrieb und ein richtiges Afrika Feeling kommt nicht auf.<\/span><\/span><\/div><\/div><div id=\"panel-7578-2-0-10\" class=\"so-panel widget widget_black-studio-tinymce widget_black_studio_tinymce panel-last-child\" data-index=\"14\" ><h3 class=\"widget-title\">Aktivit\u00e4ten:<\/h3><div class=\"textwidget\"><hr \/>\n<ul>\n<li><span style=\"color: #000000;\">F\u00fcr mich ist es der Besuch des Wasserlochs am Abend. Bei meinem Aufenthalt 2020 kreisten sogar Hubschrauber zum Sonnenuntergang \u00fcber das Camp. F\u00fcr die G\u00e4ste im Helikopter sicher traumhaft, am Boden st\u00f6rte der L\u00e4rm jedoch die tolle Stimmung. \u00a0<\/span><\/li>\n<li>Fr\u00fch am Morgen bieten die Wasserl\u00f6cher in der N\u00e4he gute Chancen auf Raubkatzen. Ich bin gerne in Richtung Olifantsbad gefahren. In Richtung Dolomite Camp gab es oft Hy\u00e4nen oder auch mal einen Honigdachs ( Achtung im Oktober 2022 war die Strecke auf den ersten 20 Kilometern eine riesige Baustelle )<\/li>\n<\/ul>\n<\/div><\/div><\/div><\/div><div id=\"pg-7578-3\"  class=\"panel-grid panel-no-style\" ><div id=\"pgc-7578-3-0\"  class=\"panel-grid-cell\" ><div id=\"panel-7578-3-0-0\" class=\"so-panel widget widget_black-studio-tinymce widget_black_studio_tinymce panel-first-child\" data-index=\"15\" ><h3 class=\"widget-title\">Klartext:<\/h3><div class=\"textwidget\"><hr \/>\n<p><span style=\"color: #000000;\"><span style=\"caret-color: #000000;\">Der hohe Aussichtsturm und der gepflegte Pool beeindrucken beim ersten Besuch schon. Leider hielt dieser Eindruck bei mir nicht lange an und man f\u00fchlt sich immer wie auf der Durchreise, was wirklich schade ist. Die Zimmer sind sch\u00f6n doch eine K\u00fcche fehlt, da das Essen im Restaurant nicht zu den H\u00f6hepunkten einer Namibiareise z\u00e4hlt.<\/span><\/span><\/p>\n<p>Auch der Campingplatz wirkt lieblos angelegt aber was macht man nicht alles f\u00fcr die 30 Minuten Sonnenuntergang am Abend und wenn die L\u00f6wen Nachts ein Kudu rei\u00dfen oder die Nash\u00f6rner sich jagen, ist der lieblose Campingplatz eh vergessen.<\/p>\n<p>&nbsp;<\/p>\n<p>&nbsp;<\/p>\n<p>&nbsp;<\/p>\n<\/div><\/div><div id=\"panel-7578-3-0-1\" class=\"so-panel widget widget_black-studio-tinymce widget_black_studio_tinymce panel-last-child\" data-index=\"16\" ><div class=\"textwidget\"><p><img loading=\"lazy\" decoding=\"async\" class=\"aligncenter size-full wp-image-7517\" src=\"http:\/\/kruste.selfhost.me\/wordpress\/wp-content\/uploads\/2020\/07\/BOT0498-scaled.jpg\" alt=\"\" width=\"2560\" height=\"1062\" srcset=\"https:\/\/kruste.selfhost.me\/wordpress\/wp-content\/uploads\/2020\/07\/BOT0498-scaled.jpg 2560w, https:\/\/kruste.selfhost.me\/wordpress\/wp-content\/uploads\/2020\/07\/BOT0498-300x124.jpg 300w, https:\/\/kruste.selfhost.me\/wordpress\/wp-content\/uploads\/2020\/07\/BOT0498-1024x425.jpg 1024w, https:\/\/kruste.selfhost.me\/wordpress\/wp-content\/uploads\/2020\/07\/BOT0498-150x62.jpg 150w, https:\/\/kruste.selfhost.me\/wordpress\/wp-content\/uploads\/2020\/07\/BOT0498-768x319.jpg 768w, https:\/\/kruste.selfhost.me\/wordpress\/wp-content\/uploads\/2020\/07\/BOT0498-1536x637.jpg 1536w, https:\/\/kruste.selfhost.me\/wordpress\/wp-content\/uploads\/2020\/07\/BOT0498-2048x849.jpg 2048w\" sizes=\"auto, (max-width: 2560px) 100vw, 2560px\" \/><\/p>\n<\/div><\/div><\/div><\/div><\/div>","protected":false},"excerpt":{"rendered":"<p>letztes Update von 10\/2022 Das Okaukuejo Resort ist das gr\u00f6\u00dfte Camp im Etosha National Park und liegt rund 17 Kilometer vom s\u00fcdlichen Eingang des Parks<\/p>\n","protected":false},"author":1,"featured_media":0,"parent":834,"menu_order":0,"comment_status":"closed","ping_status":"closed","template":"","meta":{"footnotes":""},"class_list":["post-7578","page","type-page","status-publish","hentry"],"_links":{"self":[{"href":"https:\/\/kruste.selfhost.me\/wordpress\/index.php?rest_route=\/wp\/v2\/pages\/7578","targetHints":{"allow":["GET"]}}],"collection":[{"href":"https:\/\/kruste.selfhost.me\/wordpress\/index.php?rest_route=\/wp\/v2\/pages"}],"about":[{"href":"https:\/\/kruste.selfhost.me\/wordpress\/index.php?rest_route=\/wp\/v2\/types\/page"}],"author":[{"embeddable":true,"href":"https:\/\/kruste.selfhost.me\/wordpress\/index.php?rest_route=\/wp\/v2\/users\/1"}],"replies":[{"embeddable":true,"href":"https:\/\/kruste.selfhost.me\/wordpress\/index.php?rest_route=%2Fwp%2Fv2%2Fcomments&post=7578"}],"version-history":[{"count":2,"href":"https:\/\/kruste.selfhost.me\/wordpress\/index.php?rest_route=\/wp\/v2\/pages\/7578\/revisions"}],"predecessor-version":[{"id":7724,"href":"https:\/\/kruste.selfhost.me\/wordpress\/index.php?rest_route=\/wp\/v2\/pages\/7578\/revisions\/7724"}],"up":[{"embeddable":true,"href":"https:\/\/kruste.selfhost.me\/wordpress\/index.php?rest_route=\/wp\/v2\/pages\/834"}],"wp:attachment":[{"href":"https:\/\/kruste.selfhost.me\/wordpress\/index.php?rest_route=%2Fwp%2Fv2%2Fmedia&parent=7578"}],"curies":[{"name":"wp","href":"https:\/\/api.w.org\/{rel}","templated":true}]}}