{"id":941,"date":"2014-12-21T09:11:43","date_gmt":"2014-12-21T08:11:43","guid":{"rendered":"http:\/\/kruste.selfhost.me\/wordpress\/?page_id=941"},"modified":"2020-06-10T12:04:43","modified_gmt":"2020-06-10T10:04:43","slug":"blog-2008-bali","status":"publish","type":"page","link":"https:\/\/kruste.selfhost.me\/wordpress\/?page_id=941","title":{"rendered":"BLOG 2008 (Bali, Nacktschnecken und das Wrack der USS Liberty)"},"content":{"rendered":"<div id=\"pl-941\"  class=\"panel-layout\" ><div id=\"pg-941-0\"  class=\"panel-grid panel-no-style\" ><div id=\"pgc-941-0-0\"  class=\"panel-grid-cell\" ><div id=\"panel-941-0-0-0\" class=\"so-panel widget panel-first-child\" data-index=\"0\" ><\/div><div id=\"panel-941-0-0-1\" class=\"so-panel widget widget_black-studio-tinymce widget_black_studio_tinymce panel-last-child\" data-index=\"1\" ><div class=\"textwidget\"><div class=\"article-main-content\">\n<div class=\"article-content\">\n<div class=\"article-main-content\">\n<div class=\"article-content\">\n<p><span style=\"text-decoration: underline;\"><strong>Die Reisedaten<\/strong><\/span><\/p>\n<p>\u00a0<\/p>\n<p>11.10.2008<\/p>\n<ul>\n<li>Fahrt nach Frankfurt mit \u00dcbernachtung im NH Hotel<\/li>\n<\/ul>\n<p>12.10.2008<\/p>\n<ul>\n<li>Flug \u00fcber Taipeh nach Denpasar<\/li>\n<\/ul>\n<p>13.10.2008 - 26.10.2008<\/p>\n<ul>\n<li>Tauch Terminal Tulamben ( Bali ) <span style=\"color: #99cc00;\">(B)<\/span><\/li>\n<\/ul>\n<p>26.10.2008<\/p>\n<ul>\n<li>R\u00fcckflug \u00fcber Taipeh nach Frankfurt und weiter mit dem Auto nach Hannover<\/li>\n<\/ul>\n<p>\u00a0<\/p>\n<\/div>\n<\/div>\n<\/div>\n<\/div>\n<\/div><\/div><\/div><\/div><div id=\"pg-941-1\"  class=\"panel-grid panel-no-style\" ><div id=\"pgc-941-1-0\"  class=\"panel-grid-cell\" ><div id=\"panel-941-1-0-0\" class=\"so-panel widget widget_black-studio-tinymce widget_black_studio_tinymce panel-first-child\" data-index=\"2\" ><h3 class=\"widget-title\">11.10.2008<\/h3><div class=\"textwidget\"><div class=\"article-main-content\">\n<div class=\"article-content\">\n<p class=\"paragraph_style\"><strong><span style=\"text-decoration: underline;\"><span class=\"style\">Die\u00a0<\/span>Anreise zum Tulamben Taucher Terminal auf Bali<\/span><\/strong><\/p>\n<p>Unser Flug geht Sonntag um 11:20 Uhr. Die Bahn zeigt sich aber leider wie so oft als Hindernis. Die Bahnfahrt ist zwar im Flugticket enthalten es ist uns aber nicht erm\u00f6glicht am Sonntag 2 Stunden vor Abflug den\u00a0Terminal in Frankfurt zu erreichen. Die Ankunft am Frankfurter Flughafen ist fr\u00fchestens um 09:51 Uhr m\u00f6glich. Wir \u00fcberlegen nur kurz, ob wir eine sp\u00e4tere Ankunftszeit in Betracht ziehen und bedenken die Punkte:<\/p>\n<p>P\u00fcnktlichkeit der Bahn<br \/>\nFu\u00dfwege in Frankfurt<br \/>\nZeit des Check In<\/p>\n<p>Der Entschluss steht fest. Die Anreise wird einen Tag fr\u00fcher erfolgen und wir g\u00f6nnen uns ein Zimmer in Frankfurt mit Transfer zum Airport.<\/p>\n<p>Unsere Wahl f\u00e4llt diesmal auf das NH Hotel Frankfurt Rhein Main. 65 \u20ac f\u00fcr ein Doppelzimmer inklusive Zustellbett. Ein fairer Preis, da das Zimmer mit Nutzung des Schwimmbad und der Sauna ist.<br \/>\nDie Bahnfahrt nach Frankfurt ist katastrophal. Keine Sitzpl\u00e4tze frei und die Menschen sitzen in den G\u00e4ngen. Ein Frau sagt, Sie wurde begrapscht doch\u00a0der Schaffner ist der Lage nicht Herr.<br \/>\nUnser Zug h\u00e4lt nicht wie angegeben am Flughafen und so steht uns noch ein Zugwechsel in Frankfurt bevor. Ab hier wird es zum Gl\u00fcck etwas ruhiger. Der Transfer zum Hotel klappt gut und wir beenden den Tag mit einem guten Steak und ein paar Bier beim Fussballspiel Deutschlang gegen Russland (2:1 Endstand).<\/p>\n<\/div>\n<\/div>\n<\/div><\/div><div id=\"panel-941-1-0-1\" class=\"so-panel widget widget_black-studio-tinymce widget_black_studio_tinymce\" data-index=\"3\" ><h3 class=\"widget-title\">12.10.2008<\/h3><div class=\"textwidget\"><div class=\"article-main-content\">\n<div class=\"article-content\">\n<p><span style=\"text-decoration: underline;\"><strong>Der erste Reisetag<\/strong><\/span><\/p>\n<p>Ein gutes Fr\u00fchst\u00fcck und ein p\u00fcnktlicher Transfer zum Flughafen lassen uns entspannt in den Tag starten. Am Flughafen wird uns erneut best\u00e4tigt, dass uns kein Freigep\u00e4ck als Taucher zusteht. Auch das Handgep\u00e4ck (irgendwo muss die Tauchausr\u00fcstung ja hin ) wird \u00fcberpr\u00fcft und gewogen.<br \/>\nEin Gl\u00fcck, dass wir vorab unsere Sachen gut ausgew\u00e4hlt hatten. Das Gep\u00e4ck mit 64 Kilogramm ( f\u00fcr 3 Personen ) und Handgep\u00e4ck stellen kein grosses Problem dar. Der Aufpreis h\u00e4tte sonst mit 40 \u20ac pro Kilogramm die Reisekasse belastet.<\/p>\n<p>Der Flug beginnt mit einer Stunde Versp\u00e4tung und es ist warm und voll im Flugzeug. Das Unterhaltungsprogramm ist auf Englisch ( ein Deutscher Film ) und f\u00fcr Kinder gibt es keine Auswahl.<\/p>\n<p>Wir werden dies\u00a0aber die n\u00e4chsten 12 Stunden \u00fcberstehen k\u00f6nnen.<\/p>\n<\/div>\n<\/div>\n<\/div><\/div><div id=\"panel-941-1-0-2\" class=\"so-panel widget widget_black-studio-tinymce widget_black_studio_tinymce\" data-index=\"4\" ><h3 class=\"widget-title\">13.10.2008<\/h3><div class=\"textwidget\"><div class=\"article-main-content\">\n<div class=\"article-content\">\n<p><span style=\"text-decoration: underline;\"><strong>Der zweite\u00a0Reisetag<\/strong><\/span><\/p>\n<p>Der Flug von Frankfurt nach Taipeh verlief ohne Probleme.\u00a0 Nur unsere 2 Stunden auf dem Airport in Taipeh ziehen sich hin. Kein Kaffee hat ge\u00f6ffnet und es gibt mehr Sitzpl\u00e4tze in der Raucherkammer als beim Abflugterminal.\u00a0<i>Wir haben selber Schuld, da wir nichts vom neuen Terminal wussten.\u00a0<\/i>H\u00e4tten<i>\u00a0wir den Weg gefunden w\u00fcrde der Stopp wie im Flug vergehen. \u00a0<\/i><br \/>\nUnsere Boing 747 mit Ziel Denpasar ist ein \u00e4lteres Model. Leider ohne Unterhaltungsprogramm aber wir sind eh schon recht m\u00fcde und nutzen die Zeit f\u00fcr ein Schl\u00e4fchen.<\/p>\n<p>Auf Bali werden wir freundlich empfangen. Es gibt nette Unterst\u00fctzung beim Ausf\u00fcllen der Einreisedokumente und die 25 US$ pro Person f\u00fcr das Visa werden gerne genommen.<\/p>\n<p>Was sich noch zieht, ist der Transfer zu Hotel. Die Fahrt mit dem Kleinbus wird h\u00e4ufig durch Pilger unterbrochen, welche in gro\u00dfen Mengen zu ihren Tempeln gehen. Der Vollmond steht an und dies ist ein Zeitpunkt f\u00fcr Opfergaben im Zuge von gegrillten Schweinen, die anschlie\u00dfend in der Gemeinschaft gegessen werden.<\/p>\n<p>Nach 3 Stunden erreichen wir das Tulamben Taucher Terminal. Die Gestaltung der Zimmer und Gartenanlage zeigt Geschmack und Andreas gibt uns eine kurze Einweisung.<br \/>\nEs folgt noch eine Runde im Pool und der\u00a0leckerer Mahi Mahi zum Abendessen.<br \/>\nJetzt ist aber auch das Ziel erreicht, gute Nacht.<\/p>\n<\/div>\n<\/div>\n<\/div><\/div><div id=\"panel-941-1-0-3\" class=\"so-panel widget widget_black-studio-tinymce widget_black_studio_tinymce\" data-index=\"5\" ><h3 class=\"widget-title\">14.10.2008<\/h3><div class=\"textwidget\"><div class=\"article-main-content\">\n<div class=\"article-content\">\n<p><span style=\"text-decoration: underline;\"><strong>Der erste Urlaubstag<\/strong><\/span><\/p>\n<ul>\n<li><i>07:00 Uhr geht es zum Schwimmen ins Meer. Eine angenehme Temperatur. Es ist nicht zu kalt und nicht zu warm, einfach sch\u00f6n.<\/i><\/li>\n<li><i>09:00 Uhr Fr\u00fchst\u00fcck. Frische S\u00e4fte, frisches Obst, R\u00fchrei, Omelette und Toast. Es schmeckt gut k\u00f6nnte aber etwas mehr sein.<\/i><\/li>\n<li><i>10:30 Uhr Baden in Pool, ein gutes Buch auf der Liege mit Blick zum Meer.<\/i><\/li>\n<li><i>13:30 Uhr Shopping f\u00fcrs N\u00f6tigste ( Zahnpasta, Duschzeug, Brause und Bier )<\/i><\/li>\n<li><i>14:00 Uhr Massage ( Sonderpreis 150 Minuten f\u00fcr 35 \u20ac)<\/i><\/li>\n<li><i>15:00 Uhr Schnorcheln am Wrack<\/i><\/li>\n<li><i>16:30 Uhr Angeln am Strand (ohne Erfolg)\u00a0<\/i><\/li>\n<li><i>19:00 Uhr Bier an der Bar<\/i><\/li>\n<li><i>20:00 Uhr Tunfisch in Restaurant<\/i><\/li>\n<\/ul>\n<p><i>Ein sch\u00f6ner Tag<\/i><\/p>\n<\/div>\n<\/div>\n<\/div><\/div><div id=\"panel-941-1-0-4\" class=\"so-panel widget widget_black-studio-tinymce widget_black_studio_tinymce\" data-index=\"6\" ><h3 class=\"widget-title\">15.10.2008<\/h3><div class=\"textwidget\"><div class=\"article-main-content\">\n<div class=\"article-content\">\n<p><span style=\"text-decoration: underline;\"><strong>Der erste Tauchtag<\/strong><\/span><\/p>\n<p><i>Heute geht es zum Tauchen und daf\u00fcr werden die Sachen kurz 150 Meter \u00fcber den Strand geschleppt. Das Blei ist etwas wenig, aber was soll\u2018s. Wir sehen Fetzenfische, Pygm\u00e4enseepferdchen und tolle Schnecken.<\/i><\/p>\n<p><i><a href=\"http:\/\/kruste.selfhost.me\/wordpress\/wp-content\/uploads\/2014\/12\/IND_1018_p-e1419148289314.jpg\"><img loading=\"lazy\" decoding=\"async\" class=\"size-full wp-image-943 aligncenter\" src=\"http:\/\/kruste.selfhost.me\/wordpress\/wp-content\/uploads\/2014\/12\/IND_1018_p-e1419148289314.jpg\" alt=\"IND_1018_p\" width=\"1323\" height=\"743\" srcset=\"https:\/\/kruste.selfhost.me\/wordpress\/wp-content\/uploads\/2014\/12\/IND_1018_p-e1419148289314.jpg 1323w, https:\/\/kruste.selfhost.me\/wordpress\/wp-content\/uploads\/2014\/12\/IND_1018_p-e1419148289314-150x84.jpg 150w, https:\/\/kruste.selfhost.me\/wordpress\/wp-content\/uploads\/2014\/12\/IND_1018_p-e1419148289314-300x168.jpg 300w, https:\/\/kruste.selfhost.me\/wordpress\/wp-content\/uploads\/2014\/12\/IND_1018_p-e1419148289314-1024x575.jpg 1024w, https:\/\/kruste.selfhost.me\/wordpress\/wp-content\/uploads\/2014\/12\/IND_1018_p-e1419148289314-700x393.jpg 700w\" sizes=\"auto, (max-width: 1323px) 100vw, 1323px\" \/><\/a><\/i><\/p>\n<p>Die Angeltour am Abend mit einem lokalen Fischermann bringt auch kaum etwas auf den Tisch.<\/p>\n<p><i><br \/>\nAuch hier, was soll\u2018s. Wir hatten Spass.<\/i><\/p>\n<p><i>Ein sch\u00f6ner Tag mit einem vollen Mond, der fast wie die Sonne untergeht.\u00a0<\/i><\/p>\n<\/div>\n<\/div>\n<\/div><\/div><div id=\"panel-941-1-0-5\" class=\"so-panel widget widget_black-studio-tinymce widget_black_studio_tinymce\" data-index=\"7\" ><h3 class=\"widget-title\">18.10.2008<\/h3><div class=\"textwidget\"><div class=\"article-main-content\">\n<div class=\"article-content\">\n<p><span style=\"text-decoration: underline;\"><strong>Die Urlaubstage:<\/strong><\/span><\/p>\n<p><i>Der Tag gliedert sich meist gleich (was aber durchaus gew\u00fcnscht ist ).<\/i><\/p>\n<p><i>Ein fr\u00fcher Tauchgang gegen 07:30 Uhr um den Massen am Wrack zuvor zu kommen. Um 09:30 Uhr wird das Fr\u00fchst\u00fcck eingenommen, welches aber etwas reichlicher sein k\u00f6nnte. Der weitere Tag dient\u00a0zum Schnorcheln, f\u00fcr einen zweiten\u00a0Tauchgang, einer Angeltour ( man nennt das manching auhahn ) oder zum SPA. Um 18:00 Uhr w\u00fcrfeln wir um die Wette bis zum Abendessen und ab 21:00 Uhr lesen wir\u00a0oder die Web Site am Rechner wird erstellt.\u00a0<\/i><\/p>\n<\/div>\n<\/div>\n<\/div><\/div><div id=\"panel-941-1-0-6\" class=\"so-panel widget widget_black-studio-tinymce widget_black_studio_tinymce\" data-index=\"8\" ><h3 class=\"widget-title\">18.10.2008<\/h3><div class=\"textwidget\"><div class=\"article-main-content\">\n<div class=\"article-content\">\n<p><span style=\"text-decoration: underline;\"><strong>Von Pygm\u00e4enseepferdchen bis Walhai:<\/strong><\/span><\/p>\n<p><i>Ein neuer Tauchtag und wir wissen noch nicht genau wohin wir wollen. Zur Auswahl steht Seraya oder Palung Palung. Wir entscheiden uns f\u00fcr Palung Palung mit Start bei <\/i>Batu Kelebit. Eine gute Wahl. Wir suchen nach Schnecken und finden Porzellankrabben, Garnelen,\u00a0 Pygm\u00e4enseepferdchen. Aber auch gro\u00dfe Sachen wie Napoleon, Wei\u00dfspitzen Hai und viele Rifffische. Bei der Suche nach dem Kleinzeug \u00fcberrascht uns noch ein\u00a0Walhai. Er schwimmt an uns vorbei und verschwindet wieder im Blau. Schade aber sehr, sehr sch\u00f6n.<\/p>\n<p>&nbsp;<\/p>\n<p><a href=\"http:\/\/kruste.selfhost.me\/wordpress\/wp-content\/uploads\/2014\/12\/IND_1378_p-e1419148712852.jpg\"><img loading=\"lazy\" decoding=\"async\" class=\"alignnone size-full wp-image-944\" src=\"http:\/\/kruste.selfhost.me\/wordpress\/wp-content\/uploads\/2014\/12\/IND_1378_p-e1419148712852.jpg\" alt=\"IND_1378_p\" width=\"1349\" height=\"715\" srcset=\"https:\/\/kruste.selfhost.me\/wordpress\/wp-content\/uploads\/2014\/12\/IND_1378_p-e1419148712852.jpg 1349w, https:\/\/kruste.selfhost.me\/wordpress\/wp-content\/uploads\/2014\/12\/IND_1378_p-e1419148712852-150x79.jpg 150w, https:\/\/kruste.selfhost.me\/wordpress\/wp-content\/uploads\/2014\/12\/IND_1378_p-e1419148712852-300x159.jpg 300w, https:\/\/kruste.selfhost.me\/wordpress\/wp-content\/uploads\/2014\/12\/IND_1378_p-e1419148712852-1024x542.jpg 1024w, https:\/\/kruste.selfhost.me\/wordpress\/wp-content\/uploads\/2014\/12\/IND_1378_p-e1419148712852-700x371.jpg 700w\" sizes=\"auto, (max-width: 1349px) 100vw, 1349px\" \/><\/a><\/p>\n<\/div>\n<\/div>\n<\/div><\/div><div id=\"panel-941-1-0-7\" class=\"so-panel widget widget_black-studio-tinymce widget_black_studio_tinymce\" data-index=\"9\" ><h3 class=\"widget-title\">23.10.2008<\/h3><div class=\"textwidget\"><div class=\"article-main-content\">\n<div class=\"article-content\">\n<p><span style=\"text-decoration: underline;\"><strong>Hahnenkampf lokal:<\/strong><\/span><\/p>\n<p>Wir fahren mit den lokalen Guides zum Hahnenkampf. Es geht mit dem Roller in ein ca. 5 km entfernten Ort. Auf einem Feld wurde eine Plane zum Schutz gegen die Sonne gespannt und hier finden die K\u00e4mpfe statt. Nur M\u00e4nner sind anwesend und wetten, was das Zeug h\u00e4lt.<br \/>\nDie Tiere werden gegeneinander hei\u00df gemacht und erhalten ein sehr scharfes Messer um ein Bein.<br \/>\nDer Wetteinsatz betr\u00e4gt mindestens 50.000 IDR ( 4 \u20ac ).<\/p>\n<p>Gek\u00e4mpft wird bis zum Tod und bei einem Wettsieg ist noch eine Geb\u00fchr von 10.000 IDR f\u00fcr einen \"Sammeltopf\"\u00a0f\u00e4llig. Da Hahnenk\u00e4mpfe offiziell verboten sind, wird dieser ben\u00f6tigt\u00a0wenn\u00a0die Polizei kommen sollte. Den Rest bitte selber denken \ud83d\ude42<br \/>\nNach dem Beendigen der eigenen Wetten muss noch der Mittelsmann mit weiteren 10.000 IDR bezahlt werden. Wir hatte so einen interessanten Nachmittag ohne hohe Verluste ( 200.000 IDR f\u00fcr die Fahrt und den Eintritt).<\/p>\n<p><a href=\"http:\/\/kruste.selfhost.me\/wordpress\/wp-content\/uploads\/2014\/12\/IND_2060-e1419148894598.jpg\"><img loading=\"lazy\" decoding=\"async\" class=\"size-full wp-image-945 aligncenter\" src=\"http:\/\/kruste.selfhost.me\/wordpress\/wp-content\/uploads\/2014\/12\/IND_2060-e1419148894598.jpg\" alt=\"IND_2060\" width=\"1524\" height=\"655\" srcset=\"https:\/\/kruste.selfhost.me\/wordpress\/wp-content\/uploads\/2014\/12\/IND_2060-e1419148894598.jpg 1524w, https:\/\/kruste.selfhost.me\/wordpress\/wp-content\/uploads\/2014\/12\/IND_2060-e1419148894598-150x64.jpg 150w, https:\/\/kruste.selfhost.me\/wordpress\/wp-content\/uploads\/2014\/12\/IND_2060-e1419148894598-300x128.jpg 300w, https:\/\/kruste.selfhost.me\/wordpress\/wp-content\/uploads\/2014\/12\/IND_2060-e1419148894598-1024x440.jpg 1024w, https:\/\/kruste.selfhost.me\/wordpress\/wp-content\/uploads\/2014\/12\/IND_2060-e1419148894598-700x300.jpg 700w\" sizes=\"auto, (max-width: 1524px) 100vw, 1524px\" \/><\/a><\/p>\n<p>&nbsp;<\/p>\n<\/div>\n<\/div>\n<\/div><\/div><div id=\"panel-941-1-0-8\" class=\"so-panel widget widget_black-studio-tinymce widget_black_studio_tinymce panel-last-child\" data-index=\"10\" ><h3 class=\"widget-title\">26.10.2008<\/h3><div class=\"textwidget\"><div class=\"article-main-content\">\n<div class=\"article-content\">\n<p><span style=\"text-decoration: underline;\"><strong>R\u00fcckreise:<\/strong><\/span><\/p>\n<p><i>Ein langer Weg. Wir werden um 09:00 Uhr vom Hotel abgeholt und nach 3 Stunden Fahrt mit dem Kleinbus sind wir am Flughafen.<\/i><\/p>\n<p><i>Die Boing 747, die uns nach\u00a0<\/i>Taipeh<i>\u00a0bringen wird, ist die Selbe wie auf dem Hinweg. Alt und ohne Bildschirme, da<\/i><i>\u00a0freuen wir uns schon auf die Langstrecke mit Fernsehen und Telespiel.<\/i><\/p>\n<p><i>In Taipeh angekommen haben wir nun auch das neue Terminal gefunden. Es ist kaum vorstellbar aber auf dem Hinweg haben wir es einfach nicht gesehen. Hier erwarten uns\u00a0Shops, Sitzpl\u00e4tze und es gibt auch etwas zu Essen.\u00a0<\/i><\/p>\n<p><i>Die gro\u00dfe \u00dcberraschung des R\u00fcckflug folgt doch noch. Die Boing 747, in der wir die n\u00e4chsten 14 Stunden sitzen werden, ist alt, sehr alt. Auch hier gibt es keine Monitore in den Sitzen und es stellte sich die Frage, wie sollen wir die n\u00e4chsten 14 Stunden schaffen. Zum Gl\u00fcck ist die Maschine schlecht gebucht und wir haben viel Platz zum Schlafen.<\/i><\/p>\n<p><i>Nach 35 Stunden sind wir @Home.<\/i><\/p>\n<p>Die Reise war lang aber wir haben viele neue und Interessante Erfahrungen gemacht. Bali ist eine Reise wert !<\/p>\n<\/div>\n<\/div>\n<\/div><\/div><\/div><\/div><\/div>","protected":false},"excerpt":{"rendered":"<p>Die Reisedaten\u00a011.10.2008Fahrt nach Frankfurt mit \u00dcbernachtung im NH Hotel12.10.2008Flug \u00fcber Taipeh nach Denpasar13.10.2008 &#8211; 26.10.2008Tauch Terminal Tulamben ( Bali ) (B)26.10.2008R\u00fcckflug \u00fcber Taipeh nach Frankfurt<\/p>\n","protected":false},"author":1,"featured_media":0,"parent":6671,"menu_order":0,"comment_status":"closed","ping_status":"closed","template":"","meta":{"footnotes":""},"class_list":["post-941","page","type-page","status-publish","hentry"],"_links":{"self":[{"href":"https:\/\/kruste.selfhost.me\/wordpress\/index.php?rest_route=\/wp\/v2\/pages\/941","targetHints":{"allow":["GET"]}}],"collection":[{"href":"https:\/\/kruste.selfhost.me\/wordpress\/index.php?rest_route=\/wp\/v2\/pages"}],"about":[{"href":"https:\/\/kruste.selfhost.me\/wordpress\/index.php?rest_route=\/wp\/v2\/types\/page"}],"author":[{"embeddable":true,"href":"https:\/\/kruste.selfhost.me\/wordpress\/index.php?rest_route=\/wp\/v2\/users\/1"}],"replies":[{"embeddable":true,"href":"https:\/\/kruste.selfhost.me\/wordpress\/index.php?rest_route=%2Fwp%2Fv2%2Fcomments&post=941"}],"version-history":[{"count":2,"href":"https:\/\/kruste.selfhost.me\/wordpress\/index.php?rest_route=\/wp\/v2\/pages\/941\/revisions"}],"predecessor-version":[{"id":3229,"href":"https:\/\/kruste.selfhost.me\/wordpress\/index.php?rest_route=\/wp\/v2\/pages\/941\/revisions\/3229"}],"up":[{"embeddable":true,"href":"https:\/\/kruste.selfhost.me\/wordpress\/index.php?rest_route=\/wp\/v2\/pages\/6671"}],"wp:attachment":[{"href":"https:\/\/kruste.selfhost.me\/wordpress\/index.php?rest_route=%2Fwp%2Fv2%2Fmedia&parent=941"}],"curies":[{"name":"wp","href":"https:\/\/api.w.org\/{rel}","templated":true}]}}